{"id":5421,"date":"2021-01-21T11:34:02","date_gmt":"2021-01-21T16:34:02","guid":{"rendered":"https:\/\/crfmv.com\/?post_type=tribe_events&#038;p=5421"},"modified":"2021-01-21T11:34:59","modified_gmt":"2021-01-21T16:34:59","slug":"vivre-sa-vie-pleinement-4e-seance-living-life-to-the-full-4th-session","status":"publish","type":"tribe_events","link":"https:\/\/crfmv.com\/fr\/event\/vivre-sa-vie-pleinement-4e-seance-living-life-to-the-full-4th-session\/","title":{"rendered":"Vivre sa vie pleinement &#8211; 4e s\u00e9ance \/ Living Life to the Full &#8211; 4th session"},"content":{"rendered":"<p>Cet atelier est divis\u00e9 en 8 modules qui pr\u00e9sentent autant de fa\u00e7ons de faire face aux d\u00e9fis de la vie, petits et grands, dans une ambiance d&rsquo;ouverture et de convivialit\u00e9. Vous y apprendrez comment vos pens\u00e9es, \u00e9motions, comportements et sympt\u00f4mes physiques influencent votre fa\u00e7on d&rsquo;entrevoir et de faire face aux difficult\u00e9s. Anim\u00e9 par l&rsquo;Association canadienne pour la sant\u00e9 mentale filiale de Qu\u00e9bec.<\/p>\n<p>L&rsquo;atelier est d&rsquo;une dur\u00e9e de 4 semaines \u00e0 la fr\u00e9quence d&rsquo;une s\u00e9ance de 3h par semaine.<\/p>\n<p>INSCRIPTION: Cliquez <a href=\"https:\/\/forms.office.com\/Pages\/ResponsePage.aspx?id=JJvdZoAZ2katHFjCKpMhIdYIjhmDmB1DuVnNtQEH2b1UQkhYVkc4R0NTVVlCMk0xQkNWNEdLRjcwOC4u\">ici<\/a><\/p>\n<p>____________________________________________________________________________________________________<\/p>\n<p>In an open and friendly atmosphere, this eight-module workshop will teach you eight ways to take on life&rsquo;s challenges, small and big. You will also learn how your thoughts, emotions, behaviour and physical responses affect how you interpret and deal with problems. The workshop is offered by the Quebec Divison of the Canadian Mental Health Association.<\/p>\n<p>This workshop is a 3-hour session per week for 4 weeks.<\/p>\n<p>REGISTRATION: Click <a href=\"https:\/\/forms.office.com\/Pages\/ResponsePage.aspx?id=JJvdZoAZ2katHFjCKpMhIdYIjhmDmB1DuVnNtQEH2b1UQkhYVkc4R0NTVVlCMk0xQkNWNEdLRjcwOC4u\">here<\/a><\/p>\n","protected":false},"excerpt":{"rendered":"<p>Cet atelier est divis\u00e9 en 8 modules qui pr\u00e9sentent autant de fa\u00e7ons de faire face aux d\u00e9fis de la vie, petits et grands, dans une ambiance d&rsquo;ouverture et de convivialit\u00e9. [&hellip;]<\/p>\n","protected":false},"author":48,"featured_media":0,"template":"","meta":{"_et_pb_use_builder":"","_et_pb_old_content":"","_et_gb_content_width":"","_price":"","_stock":"","_tribe_ticket_header":"","_tribe_default_ticket_provider":"","_tribe_ticket_capacity":"0","_ticket_start_date":"","_ticket_end_date":"","_tribe_ticket_show_description":"","_tribe_ticket_show_not_going":false,"_tribe_ticket_use_global_stock":"","_tribe_ticket_global_stock_level":"","_global_stock_mode":"","_global_stock_cap":"","_tribe_rsvp_for_event":"","_tribe_ticket_going_count":"","_tribe_ticket_not_going_count":"","_tribe_tickets_list":"[]","_tribe_ticket_has_attendee_info_fields":false,"_tribe_events_status":"","_tribe_events_status_reason":"","footnotes":"","_tec_slr_enabled":"","_tec_slr_layout":""},"tags":[],"tribe_events_cat":[],"class_list":["post-5421","tribe_events","type-tribe_events","status-publish","hentry"],"yoast_head":"<!-- This site is optimized with the Yoast SEO plugin v26.8 - https:\/\/yoast.com\/product\/yoast-seo-wordpress\/ -->\n<title>Vivre sa vie pleinement - 4e s\u00e9ance \/ Living Life to the Full - 4th session - CRFM Valcartier<\/title>\n<meta name=\"robots\" content=\"index, follow, max-snippet:-1, max-image-preview:large, max-video-preview:-1\" \/>\n<link rel=\"canonical\" href=\"https:\/\/crfmv.com\/fr\/event\/vivre-sa-vie-pleinement-4e-seance-living-life-to-the-full-4th-session\/\" \/>\n<meta property=\"og:locale\" content=\"fr_FR\" \/>\n<meta property=\"og:type\" content=\"article\" \/>\n<meta property=\"og:title\" content=\"Vivre sa vie pleinement - 4e s\u00e9ance \/ Living Life to the Full - 4th session - CRFM Valcartier\" \/>\n<meta property=\"og:description\" content=\"Cet atelier est divis\u00e9 en 8 modules qui pr\u00e9sentent autant de fa\u00e7ons de faire face aux d\u00e9fis de la vie, petits et grands, dans une ambiance d&rsquo;ouverture et de convivialit\u00e9. [&hellip;]\" \/>\n<meta property=\"og:url\" content=\"https:\/\/crfmv.com\/fr\/event\/vivre-sa-vie-pleinement-4e-seance-living-life-to-the-full-4th-session\/\" \/>\n<meta property=\"og:site_name\" content=\"CRFM Valcartier\" \/>\n<meta property=\"article:publisher\" content=\"https:\/\/www.facebook.com\/CFvalcartier\" \/>\n<meta property=\"article:modified_time\" content=\"2021-01-21T16:34:59+00:00\" \/>\n<meta name=\"twitter:card\" content=\"summary_large_image\" \/>\n<meta name=\"twitter:label1\" content=\"Dur\u00e9e de lecture estim\u00e9e\" \/>\n\t<meta name=\"twitter:data1\" content=\"1 minute\" \/>\n<script type=\"application\/ld+json\" class=\"yoast-schema-graph\">{\"@context\":\"https:\/\/schema.org\",\"@graph\":[{\"@type\":\"WebPage\",\"@id\":\"https:\/\/crfmv.com\/fr\/event\/vivre-sa-vie-pleinement-4e-seance-living-life-to-the-full-4th-session\/\",\"url\":\"https:\/\/crfmv.com\/fr\/event\/vivre-sa-vie-pleinement-4e-seance-living-life-to-the-full-4th-session\/\",\"name\":\"Vivre sa vie pleinement - 4e s\u00e9ance \/ Living Life to the Full - 4th session - CRFM Valcartier\",\"isPartOf\":{\"@id\":\"https:\/\/crfmv.com\/fr\/#website\"},\"datePublished\":\"2021-01-21T16:34:02+00:00\",\"dateModified\":\"2021-01-21T16:34:59+00:00\",\"breadcrumb\":{\"@id\":\"https:\/\/crfmv.com\/fr\/event\/vivre-sa-vie-pleinement-4e-seance-living-life-to-the-full-4th-session\/#breadcrumb\"},\"inLanguage\":\"fr-FR\",\"potentialAction\":[{\"@type\":\"ReadAction\",\"target\":[\"https:\/\/crfmv.com\/fr\/event\/vivre-sa-vie-pleinement-4e-seance-living-life-to-the-full-4th-session\/\"]}]},{\"@type\":\"BreadcrumbList\",\"@id\":\"https:\/\/crfmv.com\/fr\/event\/vivre-sa-vie-pleinement-4e-seance-living-life-to-the-full-4th-session\/#breadcrumb\",\"itemListElement\":[{\"@type\":\"ListItem\",\"position\":1,\"name\":\"Accueil\",\"item\":\"https:\/\/crfmv.com\/fr\/\"},{\"@type\":\"ListItem\",\"position\":2,\"name\":\"\u00c9v\u00e8nements\",\"item\":\"https:\/\/crfmv.com\/fr\/calendrier\/\"},{\"@type\":\"ListItem\",\"position\":3,\"name\":\"Vivre sa vie pleinement &#8211; 4e s\u00e9ance \/ Living Life to the Full &#8211; 4th session\"}]},{\"@type\":\"WebSite\",\"@id\":\"https:\/\/crfmv.com\/fr\/#website\",\"url\":\"https:\/\/crfmv.com\/fr\/\",\"name\":\"CRFM Valcartier\",\"description\":\"Centre de ressources pour les familles militaires Valcartier\",\"publisher\":{\"@id\":\"https:\/\/crfmv.com\/fr\/#organization\"},\"potentialAction\":[{\"@type\":\"SearchAction\",\"target\":{\"@type\":\"EntryPoint\",\"urlTemplate\":\"https:\/\/crfmv.com\/fr\/?s={search_term_string}\"},\"query-input\":{\"@type\":\"PropertyValueSpecification\",\"valueRequired\":true,\"valueName\":\"search_term_string\"}}],\"inLanguage\":\"fr-FR\"},{\"@type\":\"Organization\",\"@id\":\"https:\/\/crfmv.com\/fr\/#organization\",\"name\":\"Centre de la Famille Valcartier\",\"url\":\"https:\/\/crfmv.com\/fr\/\",\"logo\":{\"@type\":\"ImageObject\",\"inLanguage\":\"fr-FR\",\"@id\":\"https:\/\/crfmv.com\/fr\/#\/schema\/logo\/image\/\",\"url\":\"https:\/\/crfmv.com\/wp-content\/uploads\/2019\/08\/logo-CFV-2010-01.png\",\"contentUrl\":\"https:\/\/crfmv.com\/wp-content\/uploads\/2019\/08\/logo-CFV-2010-01.png\",\"width\":376,\"height\":376,\"caption\":\"Centre de la Famille Valcartier\"},\"image\":{\"@id\":\"https:\/\/crfmv.com\/fr\/#\/schema\/logo\/image\/\"},\"sameAs\":[\"https:\/\/www.facebook.com\/CFvalcartier\",\"https:\/\/www.instagram.com\/agent_info_cfv\",\"https:\/\/www.linkedin.com\/company\/centre-de-la-famille-valcartier\/\",\"https:\/\/www.pinterest.ca\/agenteliaisoncf\/pins\/\",\"https:\/\/www.youtube.com\/channel\/UCdLAsxyb6wN-q7bDaZYzuZw?view_as=subscriber\"]}]}<\/script>\n<!-- \/ Yoast SEO plugin. -->","yoast_head_json":{"title":"Vivre sa vie pleinement - 4e s\u00e9ance \/ Living Life to the Full - 4th session - CRFM Valcartier","robots":{"index":"index","follow":"follow","max-snippet":"max-snippet:-1","max-image-preview":"max-image-preview:large","max-video-preview":"max-video-preview:-1"},"canonical":"https:\/\/crfmv.com\/fr\/event\/vivre-sa-vie-pleinement-4e-seance-living-life-to-the-full-4th-session\/","og_locale":"fr_FR","og_type":"article","og_title":"Vivre sa vie pleinement - 4e s\u00e9ance \/ Living Life to the Full - 4th session - CRFM Valcartier","og_description":"Cet atelier est divis\u00e9 en 8 modules qui pr\u00e9sentent autant de fa\u00e7ons de faire face aux d\u00e9fis de la vie, petits et grands, dans une ambiance d&rsquo;ouverture et de convivialit\u00e9. [&hellip;]","og_url":"https:\/\/crfmv.com\/fr\/event\/vivre-sa-vie-pleinement-4e-seance-living-life-to-the-full-4th-session\/","og_site_name":"CRFM Valcartier","article_publisher":"https:\/\/www.facebook.com\/CFvalcartier","article_modified_time":"2021-01-21T16:34:59+00:00","twitter_card":"summary_large_image","twitter_misc":{"Dur\u00e9e de lecture estim\u00e9e":"1 minute"},"schema":{"@context":"https:\/\/schema.org","@graph":[{"@type":"WebPage","@id":"https:\/\/crfmv.com\/fr\/event\/vivre-sa-vie-pleinement-4e-seance-living-life-to-the-full-4th-session\/","url":"https:\/\/crfmv.com\/fr\/event\/vivre-sa-vie-pleinement-4e-seance-living-life-to-the-full-4th-session\/","name":"Vivre sa vie pleinement - 4e s\u00e9ance \/ Living Life to the Full - 4th session - CRFM Valcartier","isPartOf":{"@id":"https:\/\/crfmv.com\/fr\/#website"},"datePublished":"2021-01-21T16:34:02+00:00","dateModified":"2021-01-21T16:34:59+00:00","breadcrumb":{"@id":"https:\/\/crfmv.com\/fr\/event\/vivre-sa-vie-pleinement-4e-seance-living-life-to-the-full-4th-session\/#breadcrumb"},"inLanguage":"fr-FR","potentialAction":[{"@type":"ReadAction","target":["https:\/\/crfmv.com\/fr\/event\/vivre-sa-vie-pleinement-4e-seance-living-life-to-the-full-4th-session\/"]}]},{"@type":"BreadcrumbList","@id":"https:\/\/crfmv.com\/fr\/event\/vivre-sa-vie-pleinement-4e-seance-living-life-to-the-full-4th-session\/#breadcrumb","itemListElement":[{"@type":"ListItem","position":1,"name":"Accueil","item":"https:\/\/crfmv.com\/fr\/"},{"@type":"ListItem","position":2,"name":"\u00c9v\u00e8nements","item":"https:\/\/crfmv.com\/fr\/calendrier\/"},{"@type":"ListItem","position":3,"name":"Vivre sa vie pleinement &#8211; 4e s\u00e9ance \/ Living Life to the Full &#8211; 4th session"}]},{"@type":"WebSite","@id":"https:\/\/crfmv.com\/fr\/#website","url":"https:\/\/crfmv.com\/fr\/","name":"CRFM Valcartier","description":"Centre de ressources pour les familles militaires Valcartier","publisher":{"@id":"https:\/\/crfmv.com\/fr\/#organization"},"potentialAction":[{"@type":"SearchAction","target":{"@type":"EntryPoint","urlTemplate":"https:\/\/crfmv.com\/fr\/?s={search_term_string}"},"query-input":{"@type":"PropertyValueSpecification","valueRequired":true,"valueName":"search_term_string"}}],"inLanguage":"fr-FR"},{"@type":"Organization","@id":"https:\/\/crfmv.com\/fr\/#organization","name":"Centre de la Famille Valcartier","url":"https:\/\/crfmv.com\/fr\/","logo":{"@type":"ImageObject","inLanguage":"fr-FR","@id":"https:\/\/crfmv.com\/fr\/#\/schema\/logo\/image\/","url":"https:\/\/crfmv.com\/wp-content\/uploads\/2019\/08\/logo-CFV-2010-01.png","contentUrl":"https:\/\/crfmv.com\/wp-content\/uploads\/2019\/08\/logo-CFV-2010-01.png","width":376,"height":376,"caption":"Centre de la Famille Valcartier"},"image":{"@id":"https:\/\/crfmv.com\/fr\/#\/schema\/logo\/image\/"},"sameAs":["https:\/\/www.facebook.com\/CFvalcartier","https:\/\/www.instagram.com\/agent_info_cfv","https:\/\/www.linkedin.com\/company\/centre-de-la-famille-valcartier\/","https:\/\/www.pinterest.ca\/agenteliaisoncf\/pins\/","https:\/\/www.youtube.com\/channel\/UCdLAsxyb6wN-q7bDaZYzuZw?view_as=subscriber"]}]}},"ticketed":false,"_links":{"self":[{"href":"https:\/\/crfmv.com\/fr\/wp-json\/wp\/v2\/tribe_events\/5421","targetHints":{"allow":["GET"]}}],"collection":[{"href":"https:\/\/crfmv.com\/fr\/wp-json\/wp\/v2\/tribe_events"}],"about":[{"href":"https:\/\/crfmv.com\/fr\/wp-json\/wp\/v2\/types\/tribe_events"}],"author":[{"embeddable":true,"href":"https:\/\/crfmv.com\/fr\/wp-json\/wp\/v2\/users\/48"}],"version-history":[{"count":2,"href":"https:\/\/crfmv.com\/fr\/wp-json\/wp\/v2\/tribe_events\/5421\/revisions"}],"predecessor-version":[{"id":5423,"href":"https:\/\/crfmv.com\/fr\/wp-json\/wp\/v2\/tribe_events\/5421\/revisions\/5423"}],"wp:attachment":[{"href":"https:\/\/crfmv.com\/fr\/wp-json\/wp\/v2\/media?parent=5421"}],"wp:term":[{"taxonomy":"post_tag","embeddable":true,"href":"https:\/\/crfmv.com\/fr\/wp-json\/wp\/v2\/tags?post=5421"},{"taxonomy":"tribe_events_cat","embeddable":true,"href":"https:\/\/crfmv.com\/fr\/wp-json\/wp\/v2\/tribe_events_cat?post=5421"}],"curies":[{"name":"wp","href":"https:\/\/api.w.org\/{rel}","templated":true}]}}

Vivre sa vie pleinement &#8211; 4e séance / Living Life to the Full &#8211; 4th session

<p>Cet atelier est divisé en 8 modules qui présentent autant de façons de faire face aux défis de la vie, petits et grands, dans une ambiance d&rsquo;ouverture et de convivialité. Vous y apprendrez comment vos pensées, émotions, comportements et symptômes physiques influencent votre façon d&rsquo;entrevoir et de faire face aux difficultés. Animé par l&rsquo;Association canadienne pour la santé mentale filiale de Québec.</p>
<p>L&rsquo;atelier est d&rsquo;une durée de 4 semaines à la fréquence d&rsquo;une séance de 3h par semaine.</p>
<p>INSCRIPTION: Cliquez <a href="https://forms.office.com/Pages/ResponsePage.aspx?id=JJvdZoAZ2katHFjCKpMhIdYIjhmDmB1DuVnNtQEH2b1UQkhYVkc4R0NTVVlCMk0xQkNWNEdLRjcwOC4u">ici</a></p>
<p>____________________________________________________________________________________________________</p>
<p>In an open and friendly atmosphere, this eight-module workshop will teach you eight ways to take on life&rsquo;s challenges, small and big. You will also learn how your thoughts, emotions, behaviour and physical responses affect how you interpret and deal with problems. The workshop is offered by the Quebec Divison of the Canadian Mental Health Association.</p>
<p>This workshop is a 3-hour session per week for 4 weeks.</p>
<p>REGISTRATION: Click <a href="https://forms.office.com/Pages/ResponsePage.aspx?id=JJvdZoAZ2katHFjCKpMhIdYIjhmDmB1DuVnNtQEH2b1UQkhYVkc4R0NTVVlCMk0xQkNWNEdLRjcwOC4u">here</a></p>

<p>Cet atelier est divisé en 8 modules qui présentent autant de façons de faire face aux défis de la vie, petits et grands, dans une ambiance d&rsquo;ouverture et de convivialité. [&hellip;]</p>

<!-- This site is optimized with the Yoast SEO plugin v26.8 - https://yoast.com/product/yoast-seo-wordpress/ -->
<title>Vivre sa vie pleinement - 4e séance / Living Life to the Full - 4th session - CRFM Valcartier</title>
<meta name="robots" content="index, follow, max-snippet:-1, max-image-preview:large, max-video-preview:-1" />
<link rel="canonical" href="https://crfmv.com/fr/event/vivre-sa-vie-pleinement-4e-seance-living-life-to-the-full-4th-session/" />
<meta property="og:locale" content="fr_FR" />
<meta property="og:type" content="article" />
<meta property="og:title" content="Vivre sa vie pleinement - 4e séance / Living Life to the Full - 4th session - CRFM Valcartier" />
<meta property="og:description" content="Cet atelier est divisé en 8 modules qui présentent autant de façons de faire face aux défis de la vie, petits et grands, dans une ambiance d&rsquo;ouverture et de convivialité. [&hellip;]" />
<meta property="og:url" content="https://crfmv.com/fr/event/vivre-sa-vie-pleinement-4e-seance-living-life-to-the-full-4th-session/" />
<meta property="og:site_name" content="CRFM Valcartier" />
<meta property="article:publisher" content="https://www.facebook.com/CFvalcartier" />
<meta property="article:modified_time" content="2021-01-21T16:34:59+00:00" />
<meta name="twitter:card" content="summary_large_image" />
<meta name="twitter:label1" content="Durée de lecture estimée" />
	<meta name="twitter:data1" content="1 minute" />
<script type="application/ld+json" class="yoast-schema-graph">{"@context":"https://schema.org","@graph":[{"@type":"WebPage","@id":"https://crfmv.com/fr/event/vivre-sa-vie-pleinement-4e-seance-living-life-to-the-full-4th-session/","url":"https://crfmv.com/fr/event/vivre-sa-vie-pleinement-4e-seance-living-life-to-the-full-4th-session/","name":"Vivre sa vie pleinement - 4e séance / Living Life to the Full - 4th session - CRFM Valcartier","isPartOf":{"@id":"https://crfmv.com/fr/#website"},"datePublished":"2021-01-21T16:34:02+00:00","dateModified":"2021-01-21T16:34:59+00:00","breadcrumb":{"@id":"https://crfmv.com/fr/event/vivre-sa-vie-pleinement-4e-seance-living-life-to-the-full-4th-session/#breadcrumb"},"inLanguage":"fr-FR","potentialAction":[{"@type":"ReadAction","target":["https://crfmv.com/fr/event/vivre-sa-vie-pleinement-4e-seance-living-life-to-the-full-4th-session/"]}]},{"@type":"BreadcrumbList","@id":"https://crfmv.com/fr/event/vivre-sa-vie-pleinement-4e-seance-living-life-to-the-full-4th-session/#breadcrumb","itemListElement":[{"@type":"ListItem","position":1,"name":"Accueil","item":"https://crfmv.com/fr/"},{"@type":"ListItem","position":2,"name":"Évènements","item":"https://crfmv.com/fr/calendrier/"},{"@type":"ListItem","position":3,"name":"Vivre sa vie pleinement &#8211; 4e séance / Living Life to the Full &#8211; 4th session"}]},{"@type":"WebSite","@id":"https://crfmv.com/fr/#website","url":"https://crfmv.com/fr/","name":"CRFM Valcartier","description":"Centre de ressources pour les familles militaires Valcartier","publisher":{"@id":"https://crfmv.com/fr/#organization"},"potentialAction":[{"@type":"SearchAction","target":{"@type":"EntryPoint","urlTemplate":"https://crfmv.com/fr/?s={search_term_string}"},"query-input":{"@type":"PropertyValueSpecification","valueRequired":true,"valueName":"search_term_string"}}],"inLanguage":"fr-FR"},{"@type":"Organization","@id":"https://crfmv.com/fr/#organization","name":"Centre de la Famille Valcartier","url":"https://crfmv.com/fr/","logo":{"@type":"ImageObject","inLanguage":"fr-FR","@id":"https://crfmv.com/fr/#/schema/logo/image/","url":"https://crfmv.com/wp-content/uploads/2019/08/logo-CFV-2010-01.png","contentUrl":"https://crfmv.com/wp-content/uploads/2019/08/logo-CFV-2010-01.png","width":376,"height":376,"caption":"Centre de la Famille Valcartier"},"image":{"@id":"https://crfmv.com/fr/#/schema/logo/image/"},"sameAs":["https://www.facebook.com/CFvalcartier","https://www.instagram.com/agent_info_cfv","https://www.linkedin.com/company/centre-de-la-famille-valcartier/","https://www.pinterest.ca/agenteliaisoncf/pins/","https://www.youtube.com/channel/UCdLAsxyb6wN-q7bDaZYzuZw?view_as=subscriber"]}]}</script>
<!-- / Yoast SEO plugin. -->

Vivre sa vie pleinement - 4e séance / Living Life to the Full - 4th session - CRFM Valcartier

Cet atelier est divisé en 8 modules qui présentent autant de façons de faire face aux défis de la vie, petits et grands, dans une ambiance d&rsquo;ouverture et de convivialité. [&hellip;]

Évènements
