{"id":6305,"date":"2021-06-14T11:10:17","date_gmt":"2021-06-14T15:10:17","guid":{"rendered":"https:\/\/crfmv.com\/?post_type=tribe_events&#038;p=6305"},"modified":"2021-06-14T11:10:17","modified_gmt":"2021-06-14T15:10:17","slug":"recettes-dete-summer-recipes","status":"publish","type":"tribe_events","link":"https:\/\/crfmv.com\/fr\/event\/recettes-dete-summer-recipes\/","title":{"rendered":"Recettes d&rsquo;\u00e9t\u00e9 &#8211; Summer Recipes"},"content":{"rendered":"<p>**Il reste quelques places disponibles**<\/p>\n<p>Le Caf\u00e9 D\u00e9couverte est l\u2019endroit id\u00e9al pour rencontrer des gens de la communaut\u00e9 et briser l\u2019isolement. Venez \u00e9changer avec des gens comprenant votre r\u00e9alit\u00e9. Discussion sur vos recettes pr\u00e9f\u00e9r\u00e9es de l\u2019\u00e9t\u00e9. De l\u2019entr\u00e9e au dessert, en passant par le cocktail! Venez partager vos coups de coeur.<\/p>\n<p>\u00c0 noter que les places sont limit\u00e9es \u00e0 10 personnes en raison des mesures sanitaires. Pour maximiser l\u2019exp\u00e9rience, les enfants ne seront malheureusement pas admis.<\/p>\n<p>Inscription en ligne<br \/>\n<a class=\"oajrlxb2 g5ia77u1 qu0x051f esr5mh6w e9989ue4 r7d6kgcz rq0escxv nhd2j8a9 nc684nl6 p7hjln8o kvgmc6g5 cxmmr5t8 oygrvhab hcukyx3x jb3vyjys rz4wbd8a qt6c0cv9 a8nywdso i1ao9s8h esuyzwwr f1sip0of lzcic4wl py34i1dx gpro0wi8\" tabindex=\"0\" role=\"link\" href=\"https:\/\/l.facebook.com\/l.php?u=https%3A%2F%2Fbit.ly%2Fcafed_recettes%3Ffbclid%3DIwAR1Yjlx1YPpiegnViiU_GCKKFjK_VHr_cAuhsattIKLEEAFhWG2p6M_tZOU&amp;h=AT2vEXsdvtg9IvfHwd9aonCN11Hs-grTp2GbnkK4i48J2DItm4g5SZY-YlAKkCvwhy58Z3gGpOr9M76Q2dc-YkZzXg1EE2Lh10kbFPU4lE3guy28poqisrkm-erZ4R_h-u-J&amp;__tn__=-UK*F\" target=\"_blank\" rel=\"nofollow noopener\">http:\/\/bit.ly\/cafed_recettes<\/a><\/p>\n<p>Venez \u00e9changer avec nous sur vos recettes favorites. Un portfolio comportant quelques recettes vous sera remis, ainsi qu\u2019une petite surprise rafra\u00eechissante. Si le temps le permet, l\u2019activit\u00e9 aura lieu dehors \u00e0 l\u2019arri\u00e8re du Centre Communautaire.<\/p>\n<p>INFORMATION<br \/>\njulie.chamberland@crfmv.com 418 844-6060<\/p>\n<p>________________________________<\/p>\n<p>**There are still a few places available**<\/p>\n<p>The Caf\u00e9 D\u00e9couverte is the perfect place to meet people from the community and break through isolation. Come and talk to people who understand your reality. Discussion on your favorite summer recipes. From appetizers to desserts to cocktails! Come share you personal favorites.<\/p>\n<p>Please note the places are limited to 10 because of the sanitary measures. To maximise the experience, kids will unfortunately not be admitted.<\/p>\n<p>Online registration<br \/>\n<a class=\"oajrlxb2 g5ia77u1 qu0x051f esr5mh6w e9989ue4 r7d6kgcz rq0escxv nhd2j8a9 nc684nl6 p7hjln8o kvgmc6g5 cxmmr5t8 oygrvhab hcukyx3x jb3vyjys rz4wbd8a qt6c0cv9 a8nywdso i1ao9s8h esuyzwwr f1sip0of lzcic4wl py34i1dx gpro0wi8\" tabindex=\"0\" role=\"link\" href=\"https:\/\/bit.ly\/cafed_recettes?fbclid=IwAR0ZR1iwVXTxFrlthbykQkM6m0CqVQBP4ZPt1p2ZbvezTdIG331mzTicMPM\" target=\"_blank\" rel=\"nofollow noopener\">http:\/\/bit.ly\/cafed_recettes<\/a><\/p>\n<p>Come and chat with us about your favorite recipes. You will be given a portfolio with a few recipes, along with a little refreshing surprise. Weather permitting, the activity will take place outside at the back of the Community Centre.<\/p>\n<p>INFORMATION<br \/>\njulie.chamberland@crfmv.com 418 844-6060<\/p>\n","protected":false},"excerpt":{"rendered":"<p>**Il reste quelques places disponibles** Le Caf\u00e9 D\u00e9couverte est l\u2019endroit id\u00e9al pour rencontrer des gens de la communaut\u00e9 et briser l\u2019isolement. Venez \u00e9changer avec des gens comprenant votre r\u00e9alit\u00e9. Discussion [&hellip;]<\/p>\n","protected":false},"author":48,"featured_media":0,"template":"","meta":{"_et_pb_use_builder":"","_et_pb_old_content":"","_et_gb_content_width":"","_price":"","_stock":"","_tribe_ticket_header":"","_tribe_default_ticket_provider":"","_tribe_ticket_capacity":"0","_ticket_start_date":"","_ticket_end_date":"","_tribe_ticket_show_description":"","_tribe_ticket_show_not_going":false,"_tribe_ticket_use_global_stock":"","_tribe_ticket_global_stock_level":"","_global_stock_mode":"","_global_stock_cap":"","_tribe_rsvp_for_event":"","_tribe_ticket_going_count":"","_tribe_ticket_not_going_count":"","_tribe_tickets_list":"[]","_tribe_ticket_has_attendee_info_fields":false,"_tribe_events_status":"","_tribe_events_status_reason":"","footnotes":"","_tec_slr_enabled":"","_tec_slr_layout":""},"tags":[],"tribe_events_cat":[],"class_list":["post-6305","tribe_events","type-tribe_events","status-publish","hentry"],"yoast_head":"<!-- This site is optimized with the Yoast SEO plugin v26.8 - https:\/\/yoast.com\/product\/yoast-seo-wordpress\/ -->\n<title>Recettes d&#039;\u00e9t\u00e9 - Summer Recipes - CRFM Valcartier<\/title>\n<meta name=\"robots\" content=\"index, follow, max-snippet:-1, max-image-preview:large, max-video-preview:-1\" \/>\n<link rel=\"canonical\" href=\"https:\/\/crfmv.com\/fr\/event\/recettes-dete-summer-recipes\/\" \/>\n<meta property=\"og:locale\" content=\"fr_FR\" \/>\n<meta property=\"og:type\" content=\"article\" \/>\n<meta property=\"og:title\" content=\"Recettes d&#039;\u00e9t\u00e9 - Summer Recipes - CRFM Valcartier\" \/>\n<meta property=\"og:description\" content=\"**Il reste quelques places disponibles** Le Caf\u00e9 D\u00e9couverte est l\u2019endroit id\u00e9al pour rencontrer des gens de la communaut\u00e9 et briser l\u2019isolement. Venez \u00e9changer avec des gens comprenant votre r\u00e9alit\u00e9. Discussion [&hellip;]\" \/>\n<meta property=\"og:url\" content=\"https:\/\/crfmv.com\/fr\/event\/recettes-dete-summer-recipes\/\" \/>\n<meta property=\"og:site_name\" content=\"CRFM Valcartier\" \/>\n<meta property=\"article:publisher\" content=\"https:\/\/www.facebook.com\/CFvalcartier\" \/>\n<meta name=\"twitter:card\" content=\"summary_large_image\" \/>\n<meta name=\"twitter:label1\" content=\"Dur\u00e9e de lecture estim\u00e9e\" \/>\n\t<meta name=\"twitter:data1\" content=\"2 minutes\" \/>\n<script type=\"application\/ld+json\" class=\"yoast-schema-graph\">{\"@context\":\"https:\/\/schema.org\",\"@graph\":[{\"@type\":\"WebPage\",\"@id\":\"https:\/\/crfmv.com\/fr\/event\/recettes-dete-summer-recipes\/\",\"url\":\"https:\/\/crfmv.com\/fr\/event\/recettes-dete-summer-recipes\/\",\"name\":\"Recettes d'\u00e9t\u00e9 - Summer Recipes - CRFM Valcartier\",\"isPartOf\":{\"@id\":\"https:\/\/crfmv.com\/fr\/#website\"},\"datePublished\":\"2021-06-14T15:10:17+00:00\",\"breadcrumb\":{\"@id\":\"https:\/\/crfmv.com\/fr\/event\/recettes-dete-summer-recipes\/#breadcrumb\"},\"inLanguage\":\"fr-FR\",\"potentialAction\":[{\"@type\":\"ReadAction\",\"target\":[\"https:\/\/crfmv.com\/fr\/event\/recettes-dete-summer-recipes\/\"]}]},{\"@type\":\"BreadcrumbList\",\"@id\":\"https:\/\/crfmv.com\/fr\/event\/recettes-dete-summer-recipes\/#breadcrumb\",\"itemListElement\":[{\"@type\":\"ListItem\",\"position\":1,\"name\":\"Accueil\",\"item\":\"https:\/\/crfmv.com\/fr\/\"},{\"@type\":\"ListItem\",\"position\":2,\"name\":\"\u00c9v\u00e8nements\",\"item\":\"https:\/\/crfmv.com\/fr\/calendrier\/\"},{\"@type\":\"ListItem\",\"position\":3,\"name\":\"Recettes d&rsquo;\u00e9t\u00e9 &#8211; Summer Recipes\"}]},{\"@type\":\"WebSite\",\"@id\":\"https:\/\/crfmv.com\/fr\/#website\",\"url\":\"https:\/\/crfmv.com\/fr\/\",\"name\":\"CRFM Valcartier\",\"description\":\"Centre de ressources pour les familles militaires Valcartier\",\"publisher\":{\"@id\":\"https:\/\/crfmv.com\/fr\/#organization\"},\"potentialAction\":[{\"@type\":\"SearchAction\",\"target\":{\"@type\":\"EntryPoint\",\"urlTemplate\":\"https:\/\/crfmv.com\/fr\/?s={search_term_string}\"},\"query-input\":{\"@type\":\"PropertyValueSpecification\",\"valueRequired\":true,\"valueName\":\"search_term_string\"}}],\"inLanguage\":\"fr-FR\"},{\"@type\":\"Organization\",\"@id\":\"https:\/\/crfmv.com\/fr\/#organization\",\"name\":\"Centre de la Famille Valcartier\",\"url\":\"https:\/\/crfmv.com\/fr\/\",\"logo\":{\"@type\":\"ImageObject\",\"inLanguage\":\"fr-FR\",\"@id\":\"https:\/\/crfmv.com\/fr\/#\/schema\/logo\/image\/\",\"url\":\"https:\/\/crfmv.com\/wp-content\/uploads\/2019\/08\/logo-CFV-2010-01.png\",\"contentUrl\":\"https:\/\/crfmv.com\/wp-content\/uploads\/2019\/08\/logo-CFV-2010-01.png\",\"width\":376,\"height\":376,\"caption\":\"Centre de la Famille Valcartier\"},\"image\":{\"@id\":\"https:\/\/crfmv.com\/fr\/#\/schema\/logo\/image\/\"},\"sameAs\":[\"https:\/\/www.facebook.com\/CFvalcartier\",\"https:\/\/www.instagram.com\/agent_info_cfv\",\"https:\/\/www.linkedin.com\/company\/centre-de-la-famille-valcartier\/\",\"https:\/\/www.pinterest.ca\/agenteliaisoncf\/pins\/\",\"https:\/\/www.youtube.com\/channel\/UCdLAsxyb6wN-q7bDaZYzuZw?view_as=subscriber\"]}]}<\/script>\n<!-- \/ Yoast SEO plugin. -->","yoast_head_json":{"title":"Recettes d'\u00e9t\u00e9 - Summer Recipes - CRFM Valcartier","robots":{"index":"index","follow":"follow","max-snippet":"max-snippet:-1","max-image-preview":"max-image-preview:large","max-video-preview":"max-video-preview:-1"},"canonical":"https:\/\/crfmv.com\/fr\/event\/recettes-dete-summer-recipes\/","og_locale":"fr_FR","og_type":"article","og_title":"Recettes d'\u00e9t\u00e9 - Summer Recipes - CRFM Valcartier","og_description":"**Il reste quelques places disponibles** Le Caf\u00e9 D\u00e9couverte est l\u2019endroit id\u00e9al pour rencontrer des gens de la communaut\u00e9 et briser l\u2019isolement. Venez \u00e9changer avec des gens comprenant votre r\u00e9alit\u00e9. Discussion [&hellip;]","og_url":"https:\/\/crfmv.com\/fr\/event\/recettes-dete-summer-recipes\/","og_site_name":"CRFM Valcartier","article_publisher":"https:\/\/www.facebook.com\/CFvalcartier","twitter_card":"summary_large_image","twitter_misc":{"Dur\u00e9e de lecture estim\u00e9e":"2 minutes"},"schema":{"@context":"https:\/\/schema.org","@graph":[{"@type":"WebPage","@id":"https:\/\/crfmv.com\/fr\/event\/recettes-dete-summer-recipes\/","url":"https:\/\/crfmv.com\/fr\/event\/recettes-dete-summer-recipes\/","name":"Recettes d'\u00e9t\u00e9 - Summer Recipes - CRFM Valcartier","isPartOf":{"@id":"https:\/\/crfmv.com\/fr\/#website"},"datePublished":"2021-06-14T15:10:17+00:00","breadcrumb":{"@id":"https:\/\/crfmv.com\/fr\/event\/recettes-dete-summer-recipes\/#breadcrumb"},"inLanguage":"fr-FR","potentialAction":[{"@type":"ReadAction","target":["https:\/\/crfmv.com\/fr\/event\/recettes-dete-summer-recipes\/"]}]},{"@type":"BreadcrumbList","@id":"https:\/\/crfmv.com\/fr\/event\/recettes-dete-summer-recipes\/#breadcrumb","itemListElement":[{"@type":"ListItem","position":1,"name":"Accueil","item":"https:\/\/crfmv.com\/fr\/"},{"@type":"ListItem","position":2,"name":"\u00c9v\u00e8nements","item":"https:\/\/crfmv.com\/fr\/calendrier\/"},{"@type":"ListItem","position":3,"name":"Recettes d&rsquo;\u00e9t\u00e9 &#8211; Summer Recipes"}]},{"@type":"WebSite","@id":"https:\/\/crfmv.com\/fr\/#website","url":"https:\/\/crfmv.com\/fr\/","name":"CRFM Valcartier","description":"Centre de ressources pour les familles militaires Valcartier","publisher":{"@id":"https:\/\/crfmv.com\/fr\/#organization"},"potentialAction":[{"@type":"SearchAction","target":{"@type":"EntryPoint","urlTemplate":"https:\/\/crfmv.com\/fr\/?s={search_term_string}"},"query-input":{"@type":"PropertyValueSpecification","valueRequired":true,"valueName":"search_term_string"}}],"inLanguage":"fr-FR"},{"@type":"Organization","@id":"https:\/\/crfmv.com\/fr\/#organization","name":"Centre de la Famille Valcartier","url":"https:\/\/crfmv.com\/fr\/","logo":{"@type":"ImageObject","inLanguage":"fr-FR","@id":"https:\/\/crfmv.com\/fr\/#\/schema\/logo\/image\/","url":"https:\/\/crfmv.com\/wp-content\/uploads\/2019\/08\/logo-CFV-2010-01.png","contentUrl":"https:\/\/crfmv.com\/wp-content\/uploads\/2019\/08\/logo-CFV-2010-01.png","width":376,"height":376,"caption":"Centre de la Famille Valcartier"},"image":{"@id":"https:\/\/crfmv.com\/fr\/#\/schema\/logo\/image\/"},"sameAs":["https:\/\/www.facebook.com\/CFvalcartier","https:\/\/www.instagram.com\/agent_info_cfv","https:\/\/www.linkedin.com\/company\/centre-de-la-famille-valcartier\/","https:\/\/www.pinterest.ca\/agenteliaisoncf\/pins\/","https:\/\/www.youtube.com\/channel\/UCdLAsxyb6wN-q7bDaZYzuZw?view_as=subscriber"]}]}},"ticketed":false,"_links":{"self":[{"href":"https:\/\/crfmv.com\/fr\/wp-json\/wp\/v2\/tribe_events\/6305","targetHints":{"allow":["GET"]}}],"collection":[{"href":"https:\/\/crfmv.com\/fr\/wp-json\/wp\/v2\/tribe_events"}],"about":[{"href":"https:\/\/crfmv.com\/fr\/wp-json\/wp\/v2\/types\/tribe_events"}],"author":[{"embeddable":true,"href":"https:\/\/crfmv.com\/fr\/wp-json\/wp\/v2\/users\/48"}],"version-history":[{"count":1,"href":"https:\/\/crfmv.com\/fr\/wp-json\/wp\/v2\/tribe_events\/6305\/revisions"}],"predecessor-version":[{"id":6310,"href":"https:\/\/crfmv.com\/fr\/wp-json\/wp\/v2\/tribe_events\/6305\/revisions\/6310"}],"wp:attachment":[{"href":"https:\/\/crfmv.com\/fr\/wp-json\/wp\/v2\/media?parent=6305"}],"wp:term":[{"taxonomy":"post_tag","embeddable":true,"href":"https:\/\/crfmv.com\/fr\/wp-json\/wp\/v2\/tags?post=6305"},{"taxonomy":"tribe_events_cat","embeddable":true,"href":"https:\/\/crfmv.com\/fr\/wp-json\/wp\/v2\/tribe_events_cat?post=6305"}],"curies":[{"name":"wp","href":"https:\/\/api.w.org\/{rel}","templated":true}]}}

Recettes d&rsquo;été &#8211; Summer Recipes

<p>**Il reste quelques places disponibles**</p>
<p>Le Café Découverte est l’endroit idéal pour rencontrer des gens de la communauté et briser l’isolement. Venez échanger avec des gens comprenant votre réalité. Discussion sur vos recettes préférées de l’été. De l’entrée au dessert, en passant par le cocktail! Venez partager vos coups de coeur.</p>
<p>À noter que les places sont limitées à 10 personnes en raison des mesures sanitaires. Pour maximiser l’expérience, les enfants ne seront malheureusement pas admis.</p>
<p>Inscription en ligne<br />
<a class="oajrlxb2 g5ia77u1 qu0x051f esr5mh6w e9989ue4 r7d6kgcz rq0escxv nhd2j8a9 nc684nl6 p7hjln8o kvgmc6g5 cxmmr5t8 oygrvhab hcukyx3x jb3vyjys rz4wbd8a qt6c0cv9 a8nywdso i1ao9s8h esuyzwwr f1sip0of lzcic4wl py34i1dx gpro0wi8" tabindex="0" role="link" href="https://l.facebook.com/l.php?u=https%3A%2F%2Fbit.ly%2Fcafed_recettes%3Ffbclid%3DIwAR1Yjlx1YPpiegnViiU_GCKKFjK_VHr_cAuhsattIKLEEAFhWG2p6M_tZOU&amp;h=AT2vEXsdvtg9IvfHwd9aonCN11Hs-grTp2GbnkK4i48J2DItm4g5SZY-YlAKkCvwhy58Z3gGpOr9M76Q2dc-YkZzXg1EE2Lh10kbFPU4lE3guy28poqisrkm-erZ4R_h-u-J&amp;__tn__=-UK*F" target="_blank" rel="nofollow noopener">http://bit.ly/cafed_recettes</a></p>
<p>Venez échanger avec nous sur vos recettes favorites. Un portfolio comportant quelques recettes vous sera remis, ainsi qu’une petite surprise rafraîchissante. Si le temps le permet, l’activité aura lieu dehors à l’arrière du Centre Communautaire.</p>
<p>INFORMATION<br />
julie.chamberland@crfmv.com 418 844-6060</p>
<p>________________________________</p>
<p>**There are still a few places available**</p>
<p>The Café Découverte is the perfect place to meet people from the community and break through isolation. Come and talk to people who understand your reality. Discussion on your favorite summer recipes. From appetizers to desserts to cocktails! Come share you personal favorites.</p>
<p>Please note the places are limited to 10 because of the sanitary measures. To maximise the experience, kids will unfortunately not be admitted.</p>
<p>Online registration<br />
<a class="oajrlxb2 g5ia77u1 qu0x051f esr5mh6w e9989ue4 r7d6kgcz rq0escxv nhd2j8a9 nc684nl6 p7hjln8o kvgmc6g5 cxmmr5t8 oygrvhab hcukyx3x jb3vyjys rz4wbd8a qt6c0cv9 a8nywdso i1ao9s8h esuyzwwr f1sip0of lzcic4wl py34i1dx gpro0wi8" tabindex="0" role="link" href="https://bit.ly/cafed_recettes?fbclid=IwAR0ZR1iwVXTxFrlthbykQkM6m0CqVQBP4ZPt1p2ZbvezTdIG331mzTicMPM" target="_blank" rel="nofollow noopener">http://bit.ly/cafed_recettes</a></p>
<p>Come and chat with us about your favorite recipes. You will be given a portfolio with a few recipes, along with a little refreshing surprise. Weather permitting, the activity will take place outside at the back of the Community Centre.</p>
<p>INFORMATION<br />
julie.chamberland@crfmv.com 418 844-6060</p>

<p>**Il reste quelques places disponibles** Le Café Découverte est l’endroit idéal pour rencontrer des gens de la communauté et briser l’isolement. Venez échanger avec des gens comprenant votre réalité. Discussion [&hellip;]</p>

<!-- This site is optimized with the Yoast SEO plugin v26.8 - https://yoast.com/product/yoast-seo-wordpress/ -->
<title>Recettes d&#039;été - Summer Recipes - CRFM Valcartier</title>
<meta name="robots" content="index, follow, max-snippet:-1, max-image-preview:large, max-video-preview:-1" />
<link rel="canonical" href="https://crfmv.com/fr/event/recettes-dete-summer-recipes/" />
<meta property="og:locale" content="fr_FR" />
<meta property="og:type" content="article" />
<meta property="og:title" content="Recettes d&#039;été - Summer Recipes - CRFM Valcartier" />
<meta property="og:description" content="**Il reste quelques places disponibles** Le Café Découverte est l’endroit idéal pour rencontrer des gens de la communauté et briser l’isolement. Venez échanger avec des gens comprenant votre réalité. Discussion [&hellip;]" />
<meta property="og:url" content="https://crfmv.com/fr/event/recettes-dete-summer-recipes/" />
<meta property="og:site_name" content="CRFM Valcartier" />
<meta property="article:publisher" content="https://www.facebook.com/CFvalcartier" />
<meta name="twitter:card" content="summary_large_image" />
<meta name="twitter:label1" content="Durée de lecture estimée" />
	<meta name="twitter:data1" content="2 minutes" />
<script type="application/ld+json" class="yoast-schema-graph">{"@context":"https://schema.org","@graph":[{"@type":"WebPage","@id":"https://crfmv.com/fr/event/recettes-dete-summer-recipes/","url":"https://crfmv.com/fr/event/recettes-dete-summer-recipes/","name":"Recettes d'été - Summer Recipes - CRFM Valcartier","isPartOf":{"@id":"https://crfmv.com/fr/#website"},"datePublished":"2021-06-14T15:10:17+00:00","breadcrumb":{"@id":"https://crfmv.com/fr/event/recettes-dete-summer-recipes/#breadcrumb"},"inLanguage":"fr-FR","potentialAction":[{"@type":"ReadAction","target":["https://crfmv.com/fr/event/recettes-dete-summer-recipes/"]}]},{"@type":"BreadcrumbList","@id":"https://crfmv.com/fr/event/recettes-dete-summer-recipes/#breadcrumb","itemListElement":[{"@type":"ListItem","position":1,"name":"Accueil","item":"https://crfmv.com/fr/"},{"@type":"ListItem","position":2,"name":"Évènements","item":"https://crfmv.com/fr/calendrier/"},{"@type":"ListItem","position":3,"name":"Recettes d&rsquo;été &#8211; Summer Recipes"}]},{"@type":"WebSite","@id":"https://crfmv.com/fr/#website","url":"https://crfmv.com/fr/","name":"CRFM Valcartier","description":"Centre de ressources pour les familles militaires Valcartier","publisher":{"@id":"https://crfmv.com/fr/#organization"},"potentialAction":[{"@type":"SearchAction","target":{"@type":"EntryPoint","urlTemplate":"https://crfmv.com/fr/?s={search_term_string}"},"query-input":{"@type":"PropertyValueSpecification","valueRequired":true,"valueName":"search_term_string"}}],"inLanguage":"fr-FR"},{"@type":"Organization","@id":"https://crfmv.com/fr/#organization","name":"Centre de la Famille Valcartier","url":"https://crfmv.com/fr/","logo":{"@type":"ImageObject","inLanguage":"fr-FR","@id":"https://crfmv.com/fr/#/schema/logo/image/","url":"https://crfmv.com/wp-content/uploads/2019/08/logo-CFV-2010-01.png","contentUrl":"https://crfmv.com/wp-content/uploads/2019/08/logo-CFV-2010-01.png","width":376,"height":376,"caption":"Centre de la Famille Valcartier"},"image":{"@id":"https://crfmv.com/fr/#/schema/logo/image/"},"sameAs":["https://www.facebook.com/CFvalcartier","https://www.instagram.com/agent_info_cfv","https://www.linkedin.com/company/centre-de-la-famille-valcartier/","https://www.pinterest.ca/agenteliaisoncf/pins/","https://www.youtube.com/channel/UCdLAsxyb6wN-q7bDaZYzuZw?view_as=subscriber"]}]}</script>
<!-- / Yoast SEO plugin. -->

Recettes d'été - Summer Recipes - CRFM Valcartier

**Il reste quelques places disponibles** Le Café Découverte est l’endroit idéal pour rencontrer des gens de la communauté et briser l’isolement. Venez échanger avec des gens comprenant votre réalité. Discussion [&hellip;]

Évènements
