{"id":6442,"date":"2021-07-19T09:29:20","date_gmt":"2021-07-19T13:29:20","guid":{"rendered":"https:\/\/crfmv.com\/?post_type=tribe_events&#038;p=6442"},"modified":"2021-07-19T09:29:20","modified_gmt":"2021-07-19T13:29:20","slug":"la-vie-militaire-entre-2-bouchees-discussing-military-life-over-dinner-4","status":"publish","type":"tribe_events","link":"https:\/\/crfmv.com\/fr\/event\/la-vie-militaire-entre-2-bouchees-discussing-military-life-over-dinner-4\/","title":{"rendered":"La vie militaire entre 2 bouch\u00e9es &#8211; Discussing military life over Dinner"},"content":{"rendered":"<p>Venez rencontrer des gens qui vivent et comprennent votre r\u00e9alit\u00e9 de la militaire. Partagez vos exp\u00e9riences et vos trucs. Temporairement au CRFMV, tant que nous ne pourrons pas retourner dans les restaurants. Apportez votre repas ou faites-vous livrer.<\/p>\n<p>Les rencontres sont r\u00e9serv\u00e9es aux adultes. Contactez-nous si vous vivez une absence et avez besoin d&rsquo;un service de garde.<\/p>\n<p>17 ao\u00fbt 2021 &#8211; 18h00 &#8211; Pique-nique ext\u00e9rieur<\/p>\n<p>Inscription avant le 13 ao\u00fbt 2021<\/p>\n<p>Karine Goulet &#8211; karine.goulet@crfmv.com &#8211; 418 844-6060<\/p>\n<p>________________________________________________<\/p>\n<p>Come out and meet other people from the military community who understand what military life is like. Share your experience and your tips. Temporarily at the VFC, as long as we cannot return to restaurants. Bring your own meal or have your meal delivered.<\/p>\n<p>The get-togethers are for adults only. Contact us if your partner is currently away and you need childcare service.<\/p>\n<p>August 17, 2021 &#8211; 6 pm &#8211; Outdoor picnic<\/p>\n<p>Registration before August 13<\/p>\n<p>Karine Goulet &#8211; karine.goulet@crfmv.com &#8211; 418 844-6060<\/p>\n","protected":false},"excerpt":{"rendered":"<p>Venez rencontrer des gens qui vivent et comprennent votre r\u00e9alit\u00e9 de la militaire. Partagez vos exp\u00e9riences et vos trucs. Temporairement au CRFMV, tant que nous ne pourrons pas retourner dans [&hellip;]<\/p>\n","protected":false},"author":48,"featured_media":0,"template":"","meta":{"_et_pb_use_builder":"","_et_pb_old_content":"","_et_gb_content_width":"","_price":"","_stock":"","_tribe_ticket_header":"","_tribe_default_ticket_provider":"","_tribe_ticket_capacity":"0","_ticket_start_date":"","_ticket_end_date":"","_tribe_ticket_show_description":"","_tribe_ticket_show_not_going":false,"_tribe_ticket_use_global_stock":"","_tribe_ticket_global_stock_level":"","_global_stock_mode":"","_global_stock_cap":"","_tribe_rsvp_for_event":"","_tribe_ticket_going_count":"","_tribe_ticket_not_going_count":"","_tribe_tickets_list":"[]","_tribe_ticket_has_attendee_info_fields":false,"_tribe_events_status":"","_tribe_events_status_reason":"","footnotes":"","_tec_slr_enabled":"","_tec_slr_layout":""},"tags":[],"tribe_events_cat":[],"class_list":["post-6442","tribe_events","type-tribe_events","status-publish","hentry"],"yoast_head":"<!-- This site is optimized with the Yoast SEO plugin v26.8 - https:\/\/yoast.com\/product\/yoast-seo-wordpress\/ -->\n<title>La vie militaire entre 2 bouch\u00e9es - Discussing military life over Dinner - CRFM Valcartier<\/title>\n<meta name=\"robots\" content=\"index, follow, max-snippet:-1, max-image-preview:large, max-video-preview:-1\" \/>\n<link rel=\"canonical\" href=\"https:\/\/crfmv.com\/fr\/event\/la-vie-militaire-entre-2-bouchees-discussing-military-life-over-dinner-4\/\" \/>\n<meta property=\"og:locale\" content=\"fr_FR\" \/>\n<meta property=\"og:type\" content=\"article\" \/>\n<meta property=\"og:title\" content=\"La vie militaire entre 2 bouch\u00e9es - Discussing military life over Dinner - CRFM Valcartier\" \/>\n<meta property=\"og:description\" content=\"Venez rencontrer des gens qui vivent et comprennent votre r\u00e9alit\u00e9 de la militaire. Partagez vos exp\u00e9riences et vos trucs. Temporairement au CRFMV, tant que nous ne pourrons pas retourner dans [&hellip;]\" \/>\n<meta property=\"og:url\" content=\"https:\/\/crfmv.com\/fr\/event\/la-vie-militaire-entre-2-bouchees-discussing-military-life-over-dinner-4\/\" \/>\n<meta property=\"og:site_name\" content=\"CRFM Valcartier\" \/>\n<meta property=\"article:publisher\" content=\"https:\/\/www.facebook.com\/CFvalcartier\" \/>\n<meta name=\"twitter:card\" content=\"summary_large_image\" \/>\n<meta name=\"twitter:label1\" content=\"Dur\u00e9e de lecture estim\u00e9e\" \/>\n\t<meta name=\"twitter:data1\" content=\"1 minute\" \/>\n<script type=\"application\/ld+json\" class=\"yoast-schema-graph\">{\"@context\":\"https:\/\/schema.org\",\"@graph\":[{\"@type\":\"WebPage\",\"@id\":\"https:\/\/crfmv.com\/fr\/event\/la-vie-militaire-entre-2-bouchees-discussing-military-life-over-dinner-4\/\",\"url\":\"https:\/\/crfmv.com\/fr\/event\/la-vie-militaire-entre-2-bouchees-discussing-military-life-over-dinner-4\/\",\"name\":\"La vie militaire entre 2 bouch\u00e9es - Discussing military life over Dinner - CRFM Valcartier\",\"isPartOf\":{\"@id\":\"https:\/\/crfmv.com\/fr\/#website\"},\"datePublished\":\"2021-07-19T13:29:20+00:00\",\"breadcrumb\":{\"@id\":\"https:\/\/crfmv.com\/fr\/event\/la-vie-militaire-entre-2-bouchees-discussing-military-life-over-dinner-4\/#breadcrumb\"},\"inLanguage\":\"fr-FR\",\"potentialAction\":[{\"@type\":\"ReadAction\",\"target\":[\"https:\/\/crfmv.com\/fr\/event\/la-vie-militaire-entre-2-bouchees-discussing-military-life-over-dinner-4\/\"]}]},{\"@type\":\"BreadcrumbList\",\"@id\":\"https:\/\/crfmv.com\/fr\/event\/la-vie-militaire-entre-2-bouchees-discussing-military-life-over-dinner-4\/#breadcrumb\",\"itemListElement\":[{\"@type\":\"ListItem\",\"position\":1,\"name\":\"Accueil\",\"item\":\"https:\/\/crfmv.com\/fr\/\"},{\"@type\":\"ListItem\",\"position\":2,\"name\":\"\u00c9v\u00e8nements\",\"item\":\"https:\/\/crfmv.com\/fr\/calendrier\/\"},{\"@type\":\"ListItem\",\"position\":3,\"name\":\"La vie militaire entre 2 bouch\u00e9es &#8211; Discussing military life over Dinner\"}]},{\"@type\":\"WebSite\",\"@id\":\"https:\/\/crfmv.com\/fr\/#website\",\"url\":\"https:\/\/crfmv.com\/fr\/\",\"name\":\"CRFM Valcartier\",\"description\":\"Centre de ressources pour les familles militaires Valcartier\",\"publisher\":{\"@id\":\"https:\/\/crfmv.com\/fr\/#organization\"},\"potentialAction\":[{\"@type\":\"SearchAction\",\"target\":{\"@type\":\"EntryPoint\",\"urlTemplate\":\"https:\/\/crfmv.com\/fr\/?s={search_term_string}\"},\"query-input\":{\"@type\":\"PropertyValueSpecification\",\"valueRequired\":true,\"valueName\":\"search_term_string\"}}],\"inLanguage\":\"fr-FR\"},{\"@type\":\"Organization\",\"@id\":\"https:\/\/crfmv.com\/fr\/#organization\",\"name\":\"Centre de la Famille Valcartier\",\"url\":\"https:\/\/crfmv.com\/fr\/\",\"logo\":{\"@type\":\"ImageObject\",\"inLanguage\":\"fr-FR\",\"@id\":\"https:\/\/crfmv.com\/fr\/#\/schema\/logo\/image\/\",\"url\":\"https:\/\/crfmv.com\/wp-content\/uploads\/2019\/08\/logo-CFV-2010-01.png\",\"contentUrl\":\"https:\/\/crfmv.com\/wp-content\/uploads\/2019\/08\/logo-CFV-2010-01.png\",\"width\":376,\"height\":376,\"caption\":\"Centre de la Famille Valcartier\"},\"image\":{\"@id\":\"https:\/\/crfmv.com\/fr\/#\/schema\/logo\/image\/\"},\"sameAs\":[\"https:\/\/www.facebook.com\/CFvalcartier\",\"https:\/\/www.instagram.com\/agent_info_cfv\",\"https:\/\/www.linkedin.com\/company\/centre-de-la-famille-valcartier\/\",\"https:\/\/www.pinterest.ca\/agenteliaisoncf\/pins\/\",\"https:\/\/www.youtube.com\/channel\/UCdLAsxyb6wN-q7bDaZYzuZw?view_as=subscriber\"]}]}<\/script>\n<!-- \/ Yoast SEO plugin. -->","yoast_head_json":{"title":"La vie militaire entre 2 bouch\u00e9es - Discussing military life over Dinner - CRFM Valcartier","robots":{"index":"index","follow":"follow","max-snippet":"max-snippet:-1","max-image-preview":"max-image-preview:large","max-video-preview":"max-video-preview:-1"},"canonical":"https:\/\/crfmv.com\/fr\/event\/la-vie-militaire-entre-2-bouchees-discussing-military-life-over-dinner-4\/","og_locale":"fr_FR","og_type":"article","og_title":"La vie militaire entre 2 bouch\u00e9es - Discussing military life over Dinner - CRFM Valcartier","og_description":"Venez rencontrer des gens qui vivent et comprennent votre r\u00e9alit\u00e9 de la militaire. Partagez vos exp\u00e9riences et vos trucs. Temporairement au CRFMV, tant que nous ne pourrons pas retourner dans [&hellip;]","og_url":"https:\/\/crfmv.com\/fr\/event\/la-vie-militaire-entre-2-bouchees-discussing-military-life-over-dinner-4\/","og_site_name":"CRFM Valcartier","article_publisher":"https:\/\/www.facebook.com\/CFvalcartier","twitter_card":"summary_large_image","twitter_misc":{"Dur\u00e9e de lecture estim\u00e9e":"1 minute"},"schema":{"@context":"https:\/\/schema.org","@graph":[{"@type":"WebPage","@id":"https:\/\/crfmv.com\/fr\/event\/la-vie-militaire-entre-2-bouchees-discussing-military-life-over-dinner-4\/","url":"https:\/\/crfmv.com\/fr\/event\/la-vie-militaire-entre-2-bouchees-discussing-military-life-over-dinner-4\/","name":"La vie militaire entre 2 bouch\u00e9es - Discussing military life over Dinner - CRFM Valcartier","isPartOf":{"@id":"https:\/\/crfmv.com\/fr\/#website"},"datePublished":"2021-07-19T13:29:20+00:00","breadcrumb":{"@id":"https:\/\/crfmv.com\/fr\/event\/la-vie-militaire-entre-2-bouchees-discussing-military-life-over-dinner-4\/#breadcrumb"},"inLanguage":"fr-FR","potentialAction":[{"@type":"ReadAction","target":["https:\/\/crfmv.com\/fr\/event\/la-vie-militaire-entre-2-bouchees-discussing-military-life-over-dinner-4\/"]}]},{"@type":"BreadcrumbList","@id":"https:\/\/crfmv.com\/fr\/event\/la-vie-militaire-entre-2-bouchees-discussing-military-life-over-dinner-4\/#breadcrumb","itemListElement":[{"@type":"ListItem","position":1,"name":"Accueil","item":"https:\/\/crfmv.com\/fr\/"},{"@type":"ListItem","position":2,"name":"\u00c9v\u00e8nements","item":"https:\/\/crfmv.com\/fr\/calendrier\/"},{"@type":"ListItem","position":3,"name":"La vie militaire entre 2 bouch\u00e9es &#8211; Discussing military life over Dinner"}]},{"@type":"WebSite","@id":"https:\/\/crfmv.com\/fr\/#website","url":"https:\/\/crfmv.com\/fr\/","name":"CRFM Valcartier","description":"Centre de ressources pour les familles militaires Valcartier","publisher":{"@id":"https:\/\/crfmv.com\/fr\/#organization"},"potentialAction":[{"@type":"SearchAction","target":{"@type":"EntryPoint","urlTemplate":"https:\/\/crfmv.com\/fr\/?s={search_term_string}"},"query-input":{"@type":"PropertyValueSpecification","valueRequired":true,"valueName":"search_term_string"}}],"inLanguage":"fr-FR"},{"@type":"Organization","@id":"https:\/\/crfmv.com\/fr\/#organization","name":"Centre de la Famille Valcartier","url":"https:\/\/crfmv.com\/fr\/","logo":{"@type":"ImageObject","inLanguage":"fr-FR","@id":"https:\/\/crfmv.com\/fr\/#\/schema\/logo\/image\/","url":"https:\/\/crfmv.com\/wp-content\/uploads\/2019\/08\/logo-CFV-2010-01.png","contentUrl":"https:\/\/crfmv.com\/wp-content\/uploads\/2019\/08\/logo-CFV-2010-01.png","width":376,"height":376,"caption":"Centre de la Famille Valcartier"},"image":{"@id":"https:\/\/crfmv.com\/fr\/#\/schema\/logo\/image\/"},"sameAs":["https:\/\/www.facebook.com\/CFvalcartier","https:\/\/www.instagram.com\/agent_info_cfv","https:\/\/www.linkedin.com\/company\/centre-de-la-famille-valcartier\/","https:\/\/www.pinterest.ca\/agenteliaisoncf\/pins\/","https:\/\/www.youtube.com\/channel\/UCdLAsxyb6wN-q7bDaZYzuZw?view_as=subscriber"]}]}},"ticketed":false,"_links":{"self":[{"href":"https:\/\/crfmv.com\/fr\/wp-json\/wp\/v2\/tribe_events\/6442","targetHints":{"allow":["GET"]}}],"collection":[{"href":"https:\/\/crfmv.com\/fr\/wp-json\/wp\/v2\/tribe_events"}],"about":[{"href":"https:\/\/crfmv.com\/fr\/wp-json\/wp\/v2\/types\/tribe_events"}],"author":[{"embeddable":true,"href":"https:\/\/crfmv.com\/fr\/wp-json\/wp\/v2\/users\/48"}],"version-history":[{"count":1,"href":"https:\/\/crfmv.com\/fr\/wp-json\/wp\/v2\/tribe_events\/6442\/revisions"}],"predecessor-version":[{"id":6445,"href":"https:\/\/crfmv.com\/fr\/wp-json\/wp\/v2\/tribe_events\/6442\/revisions\/6445"}],"wp:attachment":[{"href":"https:\/\/crfmv.com\/fr\/wp-json\/wp\/v2\/media?parent=6442"}],"wp:term":[{"taxonomy":"post_tag","embeddable":true,"href":"https:\/\/crfmv.com\/fr\/wp-json\/wp\/v2\/tags?post=6442"},{"taxonomy":"tribe_events_cat","embeddable":true,"href":"https:\/\/crfmv.com\/fr\/wp-json\/wp\/v2\/tribe_events_cat?post=6442"}],"curies":[{"name":"wp","href":"https:\/\/api.w.org\/{rel}","templated":true}]}}

La vie militaire entre 2 bouchées &#8211; Discussing military life over Dinner

<p>Venez rencontrer des gens qui vivent et comprennent votre réalité de la militaire. Partagez vos expériences et vos trucs. Temporairement au CRFMV, tant que nous ne pourrons pas retourner dans les restaurants. Apportez votre repas ou faites-vous livrer.</p>
<p>Les rencontres sont réservées aux adultes. Contactez-nous si vous vivez une absence et avez besoin d&rsquo;un service de garde.</p>
<p>17 août 2021 &#8211; 18h00 &#8211; Pique-nique extérieur</p>
<p>Inscription avant le 13 août 2021</p>
<p>Karine Goulet &#8211; karine.goulet@crfmv.com &#8211; 418 844-6060</p>
<p>________________________________________________</p>
<p>Come out and meet other people from the military community who understand what military life is like. Share your experience and your tips. Temporarily at the VFC, as long as we cannot return to restaurants. Bring your own meal or have your meal delivered.</p>
<p>The get-togethers are for adults only. Contact us if your partner is currently away and you need childcare service.</p>
<p>August 17, 2021 &#8211; 6 pm &#8211; Outdoor picnic</p>
<p>Registration before August 13</p>
<p>Karine Goulet &#8211; karine.goulet@crfmv.com &#8211; 418 844-6060</p>

<p>Venez rencontrer des gens qui vivent et comprennent votre réalité de la militaire. Partagez vos expériences et vos trucs. Temporairement au CRFMV, tant que nous ne pourrons pas retourner dans [&hellip;]</p>

<!-- This site is optimized with the Yoast SEO plugin v26.8 - https://yoast.com/product/yoast-seo-wordpress/ -->
<title>La vie militaire entre 2 bouchées - Discussing military life over Dinner - CRFM Valcartier</title>
<meta name="robots" content="index, follow, max-snippet:-1, max-image-preview:large, max-video-preview:-1" />
<link rel="canonical" href="https://crfmv.com/fr/event/la-vie-militaire-entre-2-bouchees-discussing-military-life-over-dinner-4/" />
<meta property="og:locale" content="fr_FR" />
<meta property="og:type" content="article" />
<meta property="og:title" content="La vie militaire entre 2 bouchées - Discussing military life over Dinner - CRFM Valcartier" />
<meta property="og:description" content="Venez rencontrer des gens qui vivent et comprennent votre réalité de la militaire. Partagez vos expériences et vos trucs. Temporairement au CRFMV, tant que nous ne pourrons pas retourner dans [&hellip;]" />
<meta property="og:url" content="https://crfmv.com/fr/event/la-vie-militaire-entre-2-bouchees-discussing-military-life-over-dinner-4/" />
<meta property="og:site_name" content="CRFM Valcartier" />
<meta property="article:publisher" content="https://www.facebook.com/CFvalcartier" />
<meta name="twitter:card" content="summary_large_image" />
<meta name="twitter:label1" content="Durée de lecture estimée" />
	<meta name="twitter:data1" content="1 minute" />
<script type="application/ld+json" class="yoast-schema-graph">{"@context":"https://schema.org","@graph":[{"@type":"WebPage","@id":"https://crfmv.com/fr/event/la-vie-militaire-entre-2-bouchees-discussing-military-life-over-dinner-4/","url":"https://crfmv.com/fr/event/la-vie-militaire-entre-2-bouchees-discussing-military-life-over-dinner-4/","name":"La vie militaire entre 2 bouchées - Discussing military life over Dinner - CRFM Valcartier","isPartOf":{"@id":"https://crfmv.com/fr/#website"},"datePublished":"2021-07-19T13:29:20+00:00","breadcrumb":{"@id":"https://crfmv.com/fr/event/la-vie-militaire-entre-2-bouchees-discussing-military-life-over-dinner-4/#breadcrumb"},"inLanguage":"fr-FR","potentialAction":[{"@type":"ReadAction","target":["https://crfmv.com/fr/event/la-vie-militaire-entre-2-bouchees-discussing-military-life-over-dinner-4/"]}]},{"@type":"BreadcrumbList","@id":"https://crfmv.com/fr/event/la-vie-militaire-entre-2-bouchees-discussing-military-life-over-dinner-4/#breadcrumb","itemListElement":[{"@type":"ListItem","position":1,"name":"Accueil","item":"https://crfmv.com/fr/"},{"@type":"ListItem","position":2,"name":"Évènements","item":"https://crfmv.com/fr/calendrier/"},{"@type":"ListItem","position":3,"name":"La vie militaire entre 2 bouchées &#8211; Discussing military life over Dinner"}]},{"@type":"WebSite","@id":"https://crfmv.com/fr/#website","url":"https://crfmv.com/fr/","name":"CRFM Valcartier","description":"Centre de ressources pour les familles militaires Valcartier","publisher":{"@id":"https://crfmv.com/fr/#organization"},"potentialAction":[{"@type":"SearchAction","target":{"@type":"EntryPoint","urlTemplate":"https://crfmv.com/fr/?s={search_term_string}"},"query-input":{"@type":"PropertyValueSpecification","valueRequired":true,"valueName":"search_term_string"}}],"inLanguage":"fr-FR"},{"@type":"Organization","@id":"https://crfmv.com/fr/#organization","name":"Centre de la Famille Valcartier","url":"https://crfmv.com/fr/","logo":{"@type":"ImageObject","inLanguage":"fr-FR","@id":"https://crfmv.com/fr/#/schema/logo/image/","url":"https://crfmv.com/wp-content/uploads/2019/08/logo-CFV-2010-01.png","contentUrl":"https://crfmv.com/wp-content/uploads/2019/08/logo-CFV-2010-01.png","width":376,"height":376,"caption":"Centre de la Famille Valcartier"},"image":{"@id":"https://crfmv.com/fr/#/schema/logo/image/"},"sameAs":["https://www.facebook.com/CFvalcartier","https://www.instagram.com/agent_info_cfv","https://www.linkedin.com/company/centre-de-la-famille-valcartier/","https://www.pinterest.ca/agenteliaisoncf/pins/","https://www.youtube.com/channel/UCdLAsxyb6wN-q7bDaZYzuZw?view_as=subscriber"]}]}</script>
<!-- / Yoast SEO plugin. -->

La vie militaire entre 2 bouchées - Discussing military life over Dinner - CRFM Valcartier

Venez rencontrer des gens qui vivent et comprennent votre réalité de la militaire. Partagez vos expériences et vos trucs. Temporairement au CRFMV, tant que nous ne pourrons pas retourner dans [&hellip;]

Évènements
