{"id":6486,"date":"2021-07-22T09:10:30","date_gmt":"2021-07-22T13:10:30","guid":{"rendered":"https:\/\/crfmv.com\/?post_type=tribe_events&#038;p=6486"},"modified":"2021-07-22T13:30:22","modified_gmt":"2021-07-22T17:30:22","slug":"film-dans-le-noir-movie-in-the-dark-3","status":"publish","type":"tribe_events","link":"https:\/\/crfmv.com\/fr\/event\/film-dans-le-noir-movie-in-the-dark-3\/","title":{"rendered":"Film dans le noir &#8211; Movie in the dark"},"content":{"rendered":"<p>DISNEY&rsquo;S CRUELLA (anglais) &#8211; commence \u00e0 20h45<\/p>\n<p>Le CRFM Valcartier et son comit\u00e9 anglophone sont heureux de vous annoncer qu&rsquo;ils organisent des soir\u00e9es cin\u00e9ma en plein air cet \u00e9t\u00e9.<\/p>\n<p>Pour nous aider \u00e0 mieux s&rsquo;organiser, merci de vous inscrire \u00e0 l&rsquo;avance. Les places sont limit\u00e9es. Les entr\u00e9es sans inscription sont accept\u00e9es selon les disponibilit\u00e9s. Apportez vos collations, chaise, chasse-moustique et couvertures.<\/p>\n<p>GRATUIT &#8211; Au centre communautaire (derri\u00e8re l&rsquo;\u00e9difice 93)<\/p>\n<p>Inscription avant le 9 ao\u00fbt 2021 : https:\/\/movieinthedarkaugust11.eventbrite.ca (1 billet par personne)<\/p>\n<p>INFORMATION: 418 844-6060<\/p>\n<p>______________________________________________<\/p>\n<p>DISNEY&rsquo;S CRUELLA &#8211; Starts at 8:45 pm<\/p>\n<p>The Valcartier MFRC and the English Committee is excited to announce:\u00a0 They will be hosting outdoor movie nights this summer.<\/p>\n<p>To better help us organize our space, please register in advance. Walks-ins will also be welcome, however space is limited. Bring your snacks, chairs, bug spray and blankets. Make yourselves comfortable and we will take care of the movie.<\/p>\n<p>FREE &#8211; At the Community centre (behind building 93)<\/p>\n<p>Registration before August 9th: https:\/\/movieinthedarkaugust11.eventbrite.ca<\/p>\n<p>INFORMATION: 418 844-6060<\/p>\n","protected":false},"excerpt":{"rendered":"<p>DISNEY&rsquo;S CRUELLA (anglais) &#8211; commence \u00e0 20h45 Le CRFM Valcartier et son comit\u00e9 anglophone sont heureux de vous annoncer qu&rsquo;ils organisent des soir\u00e9es cin\u00e9ma en plein air cet \u00e9t\u00e9. Pour [&hellip;]<\/p>\n","protected":false},"author":48,"featured_media":0,"template":"","meta":{"_et_pb_use_builder":"","_et_pb_old_content":"","_et_gb_content_width":"","_price":"","_stock":"","_tribe_ticket_header":"","_tribe_default_ticket_provider":"","_tribe_ticket_capacity":"0","_ticket_start_date":"","_ticket_end_date":"","_tribe_ticket_show_description":"","_tribe_ticket_show_not_going":false,"_tribe_ticket_use_global_stock":"","_tribe_ticket_global_stock_level":"","_global_stock_mode":"","_global_stock_cap":"","_tribe_rsvp_for_event":"","_tribe_ticket_going_count":"","_tribe_ticket_not_going_count":"","_tribe_tickets_list":"[]","_tribe_ticket_has_attendee_info_fields":false,"_tribe_events_status":"","_tribe_events_status_reason":"","footnotes":"","_tec_slr_enabled":"","_tec_slr_layout":""},"tags":[],"tribe_events_cat":[],"class_list":["post-6486","tribe_events","type-tribe_events","status-publish","hentry"],"yoast_head":"<!-- This site is optimized with the Yoast SEO plugin v26.8 - https:\/\/yoast.com\/product\/yoast-seo-wordpress\/ -->\n<title>Film dans le noir - Movie in the dark - CRFM Valcartier<\/title>\n<meta name=\"robots\" content=\"index, follow, max-snippet:-1, max-image-preview:large, max-video-preview:-1\" \/>\n<link rel=\"canonical\" href=\"https:\/\/crfmv.com\/fr\/event\/film-dans-le-noir-movie-in-the-dark-3\/\" \/>\n<meta property=\"og:locale\" content=\"fr_FR\" \/>\n<meta property=\"og:type\" content=\"article\" \/>\n<meta property=\"og:title\" content=\"Film dans le noir - Movie in the dark - CRFM Valcartier\" \/>\n<meta property=\"og:description\" content=\"DISNEY&rsquo;S CRUELLA (anglais) &#8211; commence \u00e0 20h45 Le CRFM Valcartier et son comit\u00e9 anglophone sont heureux de vous annoncer qu&rsquo;ils organisent des soir\u00e9es cin\u00e9ma en plein air cet \u00e9t\u00e9. Pour [&hellip;]\" \/>\n<meta property=\"og:url\" content=\"https:\/\/crfmv.com\/fr\/event\/film-dans-le-noir-movie-in-the-dark-3\/\" \/>\n<meta property=\"og:site_name\" content=\"CRFM Valcartier\" \/>\n<meta property=\"article:publisher\" content=\"https:\/\/www.facebook.com\/CFvalcartier\" \/>\n<meta property=\"article:modified_time\" content=\"2021-07-22T17:30:22+00:00\" \/>\n<meta name=\"twitter:card\" content=\"summary_large_image\" \/>\n<meta name=\"twitter:label1\" content=\"Dur\u00e9e de lecture estim\u00e9e\" \/>\n\t<meta name=\"twitter:data1\" content=\"1 minute\" \/>\n<script type=\"application\/ld+json\" class=\"yoast-schema-graph\">{\"@context\":\"https:\/\/schema.org\",\"@graph\":[{\"@type\":\"WebPage\",\"@id\":\"https:\/\/crfmv.com\/fr\/event\/film-dans-le-noir-movie-in-the-dark-3\/\",\"url\":\"https:\/\/crfmv.com\/fr\/event\/film-dans-le-noir-movie-in-the-dark-3\/\",\"name\":\"Film dans le noir - Movie in the dark - CRFM Valcartier\",\"isPartOf\":{\"@id\":\"https:\/\/crfmv.com\/fr\/#website\"},\"datePublished\":\"2021-07-22T13:10:30+00:00\",\"dateModified\":\"2021-07-22T17:30:22+00:00\",\"breadcrumb\":{\"@id\":\"https:\/\/crfmv.com\/fr\/event\/film-dans-le-noir-movie-in-the-dark-3\/#breadcrumb\"},\"inLanguage\":\"fr-FR\",\"potentialAction\":[{\"@type\":\"ReadAction\",\"target\":[\"https:\/\/crfmv.com\/fr\/event\/film-dans-le-noir-movie-in-the-dark-3\/\"]}]},{\"@type\":\"BreadcrumbList\",\"@id\":\"https:\/\/crfmv.com\/fr\/event\/film-dans-le-noir-movie-in-the-dark-3\/#breadcrumb\",\"itemListElement\":[{\"@type\":\"ListItem\",\"position\":1,\"name\":\"Accueil\",\"item\":\"https:\/\/crfmv.com\/fr\/\"},{\"@type\":\"ListItem\",\"position\":2,\"name\":\"\u00c9v\u00e8nements\",\"item\":\"https:\/\/crfmv.com\/fr\/calendrier\/\"},{\"@type\":\"ListItem\",\"position\":3,\"name\":\"Film dans le noir &#8211; Movie in the dark\"}]},{\"@type\":\"WebSite\",\"@id\":\"https:\/\/crfmv.com\/fr\/#website\",\"url\":\"https:\/\/crfmv.com\/fr\/\",\"name\":\"CRFM Valcartier\",\"description\":\"Centre de ressources pour les familles militaires Valcartier\",\"publisher\":{\"@id\":\"https:\/\/crfmv.com\/fr\/#organization\"},\"potentialAction\":[{\"@type\":\"SearchAction\",\"target\":{\"@type\":\"EntryPoint\",\"urlTemplate\":\"https:\/\/crfmv.com\/fr\/?s={search_term_string}\"},\"query-input\":{\"@type\":\"PropertyValueSpecification\",\"valueRequired\":true,\"valueName\":\"search_term_string\"}}],\"inLanguage\":\"fr-FR\"},{\"@type\":\"Organization\",\"@id\":\"https:\/\/crfmv.com\/fr\/#organization\",\"name\":\"Centre de la Famille Valcartier\",\"url\":\"https:\/\/crfmv.com\/fr\/\",\"logo\":{\"@type\":\"ImageObject\",\"inLanguage\":\"fr-FR\",\"@id\":\"https:\/\/crfmv.com\/fr\/#\/schema\/logo\/image\/\",\"url\":\"https:\/\/crfmv.com\/wp-content\/uploads\/2019\/08\/logo-CFV-2010-01.png\",\"contentUrl\":\"https:\/\/crfmv.com\/wp-content\/uploads\/2019\/08\/logo-CFV-2010-01.png\",\"width\":376,\"height\":376,\"caption\":\"Centre de la Famille Valcartier\"},\"image\":{\"@id\":\"https:\/\/crfmv.com\/fr\/#\/schema\/logo\/image\/\"},\"sameAs\":[\"https:\/\/www.facebook.com\/CFvalcartier\",\"https:\/\/www.instagram.com\/agent_info_cfv\",\"https:\/\/www.linkedin.com\/company\/centre-de-la-famille-valcartier\/\",\"https:\/\/www.pinterest.ca\/agenteliaisoncf\/pins\/\",\"https:\/\/www.youtube.com\/channel\/UCdLAsxyb6wN-q7bDaZYzuZw?view_as=subscriber\"]}]}<\/script>\n<!-- \/ Yoast SEO plugin. -->","yoast_head_json":{"title":"Film dans le noir - Movie in the dark - CRFM Valcartier","robots":{"index":"index","follow":"follow","max-snippet":"max-snippet:-1","max-image-preview":"max-image-preview:large","max-video-preview":"max-video-preview:-1"},"canonical":"https:\/\/crfmv.com\/fr\/event\/film-dans-le-noir-movie-in-the-dark-3\/","og_locale":"fr_FR","og_type":"article","og_title":"Film dans le noir - Movie in the dark - CRFM Valcartier","og_description":"DISNEY&rsquo;S CRUELLA (anglais) &#8211; commence \u00e0 20h45 Le CRFM Valcartier et son comit\u00e9 anglophone sont heureux de vous annoncer qu&rsquo;ils organisent des soir\u00e9es cin\u00e9ma en plein air cet \u00e9t\u00e9. Pour [&hellip;]","og_url":"https:\/\/crfmv.com\/fr\/event\/film-dans-le-noir-movie-in-the-dark-3\/","og_site_name":"CRFM Valcartier","article_publisher":"https:\/\/www.facebook.com\/CFvalcartier","article_modified_time":"2021-07-22T17:30:22+00:00","twitter_card":"summary_large_image","twitter_misc":{"Dur\u00e9e de lecture estim\u00e9e":"1 minute"},"schema":{"@context":"https:\/\/schema.org","@graph":[{"@type":"WebPage","@id":"https:\/\/crfmv.com\/fr\/event\/film-dans-le-noir-movie-in-the-dark-3\/","url":"https:\/\/crfmv.com\/fr\/event\/film-dans-le-noir-movie-in-the-dark-3\/","name":"Film dans le noir - Movie in the dark - CRFM Valcartier","isPartOf":{"@id":"https:\/\/crfmv.com\/fr\/#website"},"datePublished":"2021-07-22T13:10:30+00:00","dateModified":"2021-07-22T17:30:22+00:00","breadcrumb":{"@id":"https:\/\/crfmv.com\/fr\/event\/film-dans-le-noir-movie-in-the-dark-3\/#breadcrumb"},"inLanguage":"fr-FR","potentialAction":[{"@type":"ReadAction","target":["https:\/\/crfmv.com\/fr\/event\/film-dans-le-noir-movie-in-the-dark-3\/"]}]},{"@type":"BreadcrumbList","@id":"https:\/\/crfmv.com\/fr\/event\/film-dans-le-noir-movie-in-the-dark-3\/#breadcrumb","itemListElement":[{"@type":"ListItem","position":1,"name":"Accueil","item":"https:\/\/crfmv.com\/fr\/"},{"@type":"ListItem","position":2,"name":"\u00c9v\u00e8nements","item":"https:\/\/crfmv.com\/fr\/calendrier\/"},{"@type":"ListItem","position":3,"name":"Film dans le noir &#8211; Movie in the dark"}]},{"@type":"WebSite","@id":"https:\/\/crfmv.com\/fr\/#website","url":"https:\/\/crfmv.com\/fr\/","name":"CRFM Valcartier","description":"Centre de ressources pour les familles militaires Valcartier","publisher":{"@id":"https:\/\/crfmv.com\/fr\/#organization"},"potentialAction":[{"@type":"SearchAction","target":{"@type":"EntryPoint","urlTemplate":"https:\/\/crfmv.com\/fr\/?s={search_term_string}"},"query-input":{"@type":"PropertyValueSpecification","valueRequired":true,"valueName":"search_term_string"}}],"inLanguage":"fr-FR"},{"@type":"Organization","@id":"https:\/\/crfmv.com\/fr\/#organization","name":"Centre de la Famille Valcartier","url":"https:\/\/crfmv.com\/fr\/","logo":{"@type":"ImageObject","inLanguage":"fr-FR","@id":"https:\/\/crfmv.com\/fr\/#\/schema\/logo\/image\/","url":"https:\/\/crfmv.com\/wp-content\/uploads\/2019\/08\/logo-CFV-2010-01.png","contentUrl":"https:\/\/crfmv.com\/wp-content\/uploads\/2019\/08\/logo-CFV-2010-01.png","width":376,"height":376,"caption":"Centre de la Famille Valcartier"},"image":{"@id":"https:\/\/crfmv.com\/fr\/#\/schema\/logo\/image\/"},"sameAs":["https:\/\/www.facebook.com\/CFvalcartier","https:\/\/www.instagram.com\/agent_info_cfv","https:\/\/www.linkedin.com\/company\/centre-de-la-famille-valcartier\/","https:\/\/www.pinterest.ca\/agenteliaisoncf\/pins\/","https:\/\/www.youtube.com\/channel\/UCdLAsxyb6wN-q7bDaZYzuZw?view_as=subscriber"]}]}},"ticketed":false,"_links":{"self":[{"href":"https:\/\/crfmv.com\/fr\/wp-json\/wp\/v2\/tribe_events\/6486","targetHints":{"allow":["GET"]}}],"collection":[{"href":"https:\/\/crfmv.com\/fr\/wp-json\/wp\/v2\/tribe_events"}],"about":[{"href":"https:\/\/crfmv.com\/fr\/wp-json\/wp\/v2\/types\/tribe_events"}],"author":[{"embeddable":true,"href":"https:\/\/crfmv.com\/fr\/wp-json\/wp\/v2\/users\/48"}],"version-history":[{"count":1,"href":"https:\/\/crfmv.com\/fr\/wp-json\/wp\/v2\/tribe_events\/6486\/revisions"}],"predecessor-version":[{"id":6489,"href":"https:\/\/crfmv.com\/fr\/wp-json\/wp\/v2\/tribe_events\/6486\/revisions\/6489"}],"wp:attachment":[{"href":"https:\/\/crfmv.com\/fr\/wp-json\/wp\/v2\/media?parent=6486"}],"wp:term":[{"taxonomy":"post_tag","embeddable":true,"href":"https:\/\/crfmv.com\/fr\/wp-json\/wp\/v2\/tags?post=6486"},{"taxonomy":"tribe_events_cat","embeddable":true,"href":"https:\/\/crfmv.com\/fr\/wp-json\/wp\/v2\/tribe_events_cat?post=6486"}],"curies":[{"name":"wp","href":"https:\/\/api.w.org\/{rel}","templated":true}]}}

<p>DISNEY&rsquo;S CRUELLA (anglais) &#8211; commence à 20h45</p>
<p>Le CRFM Valcartier et son comité anglophone sont heureux de vous annoncer qu&rsquo;ils organisent des soirées cinéma en plein air cet été.</p>
<p>Pour nous aider à mieux s&rsquo;organiser, merci de vous inscrire à l&rsquo;avance. Les places sont limitées. Les entrées sans inscription sont acceptées selon les disponibilités. Apportez vos collations, chaise, chasse-moustique et couvertures.</p>
<p>GRATUIT &#8211; Au centre communautaire (derrière l&rsquo;édifice 93)</p>
<p>Inscription avant le 9 août 2021 : https://movieinthedarkaugust11.eventbrite.ca (1 billet par personne)</p>
<p>INFORMATION: 418 844-6060</p>
<p>______________________________________________</p>
<p>DISNEY&rsquo;S CRUELLA &#8211; Starts at 8:45 pm</p>
<p>The Valcartier MFRC and the English Committee is excited to announce:  They will be hosting outdoor movie nights this summer.</p>
<p>To better help us organize our space, please register in advance. Walks-ins will also be welcome, however space is limited. Bring your snacks, chairs, bug spray and blankets. Make yourselves comfortable and we will take care of the movie.</p>
<p>FREE &#8211; At the Community centre (behind building 93)</p>
<p>Registration before August 9th: https://movieinthedarkaugust11.eventbrite.ca</p>
<p>INFORMATION: 418 844-6060</p>

<p>DISNEY&rsquo;S CRUELLA (anglais) &#8211; commence à 20h45 Le CRFM Valcartier et son comité anglophone sont heureux de vous annoncer qu&rsquo;ils organisent des soirées cinéma en plein air cet été. Pour [&hellip;]</p>

<!-- This site is optimized with the Yoast SEO plugin v26.8 - https://yoast.com/product/yoast-seo-wordpress/ -->
<title>Film dans le noir - Movie in the dark - CRFM Valcartier</title>
<meta name="robots" content="index, follow, max-snippet:-1, max-image-preview:large, max-video-preview:-1" />
<link rel="canonical" href="https://crfmv.com/fr/event/film-dans-le-noir-movie-in-the-dark-3/" />
<meta property="og:locale" content="fr_FR" />
<meta property="og:type" content="article" />
<meta property="og:title" content="Film dans le noir - Movie in the dark - CRFM Valcartier" />
<meta property="og:description" content="DISNEY&rsquo;S CRUELLA (anglais) &#8211; commence à 20h45 Le CRFM Valcartier et son comité anglophone sont heureux de vous annoncer qu&rsquo;ils organisent des soirées cinéma en plein air cet été. Pour [&hellip;]" />
<meta property="og:url" content="https://crfmv.com/fr/event/film-dans-le-noir-movie-in-the-dark-3/" />
<meta property="og:site_name" content="CRFM Valcartier" />
<meta property="article:publisher" content="https://www.facebook.com/CFvalcartier" />
<meta property="article:modified_time" content="2021-07-22T17:30:22+00:00" />
<meta name="twitter:card" content="summary_large_image" />
<meta name="twitter:label1" content="Durée de lecture estimée" />
	<meta name="twitter:data1" content="1 minute" />
<script type="application/ld+json" class="yoast-schema-graph">{"@context":"https://schema.org","@graph":[{"@type":"WebPage","@id":"https://crfmv.com/fr/event/film-dans-le-noir-movie-in-the-dark-3/","url":"https://crfmv.com/fr/event/film-dans-le-noir-movie-in-the-dark-3/","name":"Film dans le noir - Movie in the dark - CRFM Valcartier","isPartOf":{"@id":"https://crfmv.com/fr/#website"},"datePublished":"2021-07-22T13:10:30+00:00","dateModified":"2021-07-22T17:30:22+00:00","breadcrumb":{"@id":"https://crfmv.com/fr/event/film-dans-le-noir-movie-in-the-dark-3/#breadcrumb"},"inLanguage":"fr-FR","potentialAction":[{"@type":"ReadAction","target":["https://crfmv.com/fr/event/film-dans-le-noir-movie-in-the-dark-3/"]}]},{"@type":"BreadcrumbList","@id":"https://crfmv.com/fr/event/film-dans-le-noir-movie-in-the-dark-3/#breadcrumb","itemListElement":[{"@type":"ListItem","position":1,"name":"Accueil","item":"https://crfmv.com/fr/"},{"@type":"ListItem","position":2,"name":"Évènements","item":"https://crfmv.com/fr/calendrier/"},{"@type":"ListItem","position":3,"name":"Film dans le noir &#8211; Movie in the dark"}]},{"@type":"WebSite","@id":"https://crfmv.com/fr/#website","url":"https://crfmv.com/fr/","name":"CRFM Valcartier","description":"Centre de ressources pour les familles militaires Valcartier","publisher":{"@id":"https://crfmv.com/fr/#organization"},"potentialAction":[{"@type":"SearchAction","target":{"@type":"EntryPoint","urlTemplate":"https://crfmv.com/fr/?s={search_term_string}"},"query-input":{"@type":"PropertyValueSpecification","valueRequired":true,"valueName":"search_term_string"}}],"inLanguage":"fr-FR"},{"@type":"Organization","@id":"https://crfmv.com/fr/#organization","name":"Centre de la Famille Valcartier","url":"https://crfmv.com/fr/","logo":{"@type":"ImageObject","inLanguage":"fr-FR","@id":"https://crfmv.com/fr/#/schema/logo/image/","url":"https://crfmv.com/wp-content/uploads/2019/08/logo-CFV-2010-01.png","contentUrl":"https://crfmv.com/wp-content/uploads/2019/08/logo-CFV-2010-01.png","width":376,"height":376,"caption":"Centre de la Famille Valcartier"},"image":{"@id":"https://crfmv.com/fr/#/schema/logo/image/"},"sameAs":["https://www.facebook.com/CFvalcartier","https://www.instagram.com/agent_info_cfv","https://www.linkedin.com/company/centre-de-la-famille-valcartier/","https://www.pinterest.ca/agenteliaisoncf/pins/","https://www.youtube.com/channel/UCdLAsxyb6wN-q7bDaZYzuZw?view_as=subscriber"]}]}</script>
<!-- / Yoast SEO plugin. -->

DISNEY&rsquo;S CRUELLA (anglais) &#8211; commence à 20h45 Le CRFM Valcartier et son comité anglophone sont heureux de vous annoncer qu&rsquo;ils organisent des soirées cinéma en plein air cet été. Pour [&hellip;]

Évènements
