{"id":6490,"date":"2021-07-22T13:28:09","date_gmt":"2021-07-22T17:28:09","guid":{"rendered":"https:\/\/crfmv.com\/?post_type=tribe_events&#038;p=6490"},"modified":"2021-07-22T13:28:09","modified_gmt":"2021-07-22T17:28:09","slug":"bbq","status":"publish","type":"tribe_events","link":"https:\/\/crfmv.com\/fr\/event\/bbq\/","title":{"rendered":"BBQ"},"content":{"rendered":"<p>BBQ &#8211; organis\u00e9 par le comit\u00e9 anglophone du CRFM Valcartier<\/p>\n<p>Apr\u00e8s s&rsquo;\u00eatre adapt\u00e9s \u00e0 notre nouvelle r\u00e9alit\u00e9 sociale, allons de l&rsquo;avant et r\u00e9unissons nous de nouveau! Le CRFMV et le comit\u00e9 anglophone vous invitent \u00e0 un BBQ pour c\u00e9l\u00e9brer la fin de l&rsquo;\u00e9t\u00e9.<\/p>\n<p>Offert sur le site : Jeux de camping<\/p>\n<p>Au Centre Communautaire (\u00c9difice 93, CRFMV)<\/p>\n<p>5$ par famille, places limit\u00e9s, r\u00e9servez t\u00f4t!<\/p>\n<p>Inscription obligatoire avant le 11 ao\u00fbt 2021<\/p>\n<p>https:\/\/bbqmfrcv.eventbrite.ca<\/p>\n<p>Information: 418 844-6060 *Mesures sanitaires en place<\/p>\n<p>__________________________________________________<\/p>\n<p>BBQ &#8211; Hosted by English committee of the Valcartier MFRC<\/p>\n<p>As we each adapt to our new social reality, we are looking forward to seeing everyone again! The VMFRC and the anglophone committee will be hosting an End of Summer BBQ.<\/p>\n<p>Offered on site: Picnic games<\/p>\n<p>At the community Centre (Building 93, VMFRC)<\/p>\n<p>$5 per family, please register early as there will be limited spaces available.<\/p>\n<p>Mandatory registration before August 11th<\/p>\n<p>https:\/\/bbqmfrcv.eventbrite.ca<\/p>\n<p>Information: 418 844-6060 *Safety precautions in place<\/p>\n","protected":false},"excerpt":{"rendered":"<p>BBQ &#8211; organis\u00e9 par le comit\u00e9 anglophone du CRFM Valcartier Apr\u00e8s s&rsquo;\u00eatre adapt\u00e9s \u00e0 notre nouvelle r\u00e9alit\u00e9 sociale, allons de l&rsquo;avant et r\u00e9unissons nous de nouveau! Le CRFMV et le [&hellip;]<\/p>\n","protected":false},"author":48,"featured_media":0,"template":"","meta":{"_et_pb_use_builder":"","_et_pb_old_content":"","_et_gb_content_width":"","_price":"","_stock":"","_tribe_ticket_header":"","_tribe_default_ticket_provider":"","_tribe_ticket_capacity":"0","_ticket_start_date":"","_ticket_end_date":"","_tribe_ticket_show_description":"","_tribe_ticket_show_not_going":false,"_tribe_ticket_use_global_stock":"","_tribe_ticket_global_stock_level":"","_global_stock_mode":"","_global_stock_cap":"","_tribe_rsvp_for_event":"","_tribe_ticket_going_count":"","_tribe_ticket_not_going_count":"","_tribe_tickets_list":"[]","_tribe_ticket_has_attendee_info_fields":false,"_tribe_events_status":"","_tribe_events_status_reason":"","footnotes":"","_tec_slr_enabled":"","_tec_slr_layout":""},"tags":[],"tribe_events_cat":[],"class_list":["post-6490","tribe_events","type-tribe_events","status-publish","hentry"],"yoast_head":"<!-- This site is optimized with the Yoast SEO plugin v26.8 - https:\/\/yoast.com\/product\/yoast-seo-wordpress\/ -->\n<title>BBQ - CRFM Valcartier<\/title>\n<meta name=\"robots\" content=\"index, follow, max-snippet:-1, max-image-preview:large, max-video-preview:-1\" \/>\n<link rel=\"canonical\" href=\"https:\/\/crfmv.com\/fr\/event\/bbq\/\" \/>\n<meta property=\"og:locale\" content=\"fr_FR\" \/>\n<meta property=\"og:type\" content=\"article\" \/>\n<meta property=\"og:title\" content=\"BBQ - CRFM Valcartier\" \/>\n<meta property=\"og:description\" content=\"BBQ &#8211; organis\u00e9 par le comit\u00e9 anglophone du CRFM Valcartier Apr\u00e8s s&rsquo;\u00eatre adapt\u00e9s \u00e0 notre nouvelle r\u00e9alit\u00e9 sociale, allons de l&rsquo;avant et r\u00e9unissons nous de nouveau! Le CRFMV et le [&hellip;]\" \/>\n<meta property=\"og:url\" content=\"https:\/\/crfmv.com\/fr\/event\/bbq\/\" \/>\n<meta property=\"og:site_name\" content=\"CRFM Valcartier\" \/>\n<meta property=\"article:publisher\" content=\"https:\/\/www.facebook.com\/CFvalcartier\" \/>\n<meta name=\"twitter:card\" content=\"summary_large_image\" \/>\n<meta name=\"twitter:label1\" content=\"Dur\u00e9e de lecture estim\u00e9e\" \/>\n\t<meta name=\"twitter:data1\" content=\"1 minute\" \/>\n<script type=\"application\/ld+json\" class=\"yoast-schema-graph\">{\"@context\":\"https:\/\/schema.org\",\"@graph\":[{\"@type\":\"WebPage\",\"@id\":\"https:\/\/crfmv.com\/fr\/event\/bbq\/\",\"url\":\"https:\/\/crfmv.com\/fr\/event\/bbq\/\",\"name\":\"BBQ - CRFM Valcartier\",\"isPartOf\":{\"@id\":\"https:\/\/crfmv.com\/fr\/#website\"},\"datePublished\":\"2021-07-22T17:28:09+00:00\",\"breadcrumb\":{\"@id\":\"https:\/\/crfmv.com\/fr\/event\/bbq\/#breadcrumb\"},\"inLanguage\":\"fr-FR\",\"potentialAction\":[{\"@type\":\"ReadAction\",\"target\":[\"https:\/\/crfmv.com\/fr\/event\/bbq\/\"]}]},{\"@type\":\"BreadcrumbList\",\"@id\":\"https:\/\/crfmv.com\/fr\/event\/bbq\/#breadcrumb\",\"itemListElement\":[{\"@type\":\"ListItem\",\"position\":1,\"name\":\"Accueil\",\"item\":\"https:\/\/crfmv.com\/fr\/\"},{\"@type\":\"ListItem\",\"position\":2,\"name\":\"\u00c9v\u00e8nements\",\"item\":\"https:\/\/crfmv.com\/fr\/calendrier\/\"},{\"@type\":\"ListItem\",\"position\":3,\"name\":\"BBQ\"}]},{\"@type\":\"WebSite\",\"@id\":\"https:\/\/crfmv.com\/fr\/#website\",\"url\":\"https:\/\/crfmv.com\/fr\/\",\"name\":\"CRFM Valcartier\",\"description\":\"Centre de ressources pour les familles militaires Valcartier\",\"publisher\":{\"@id\":\"https:\/\/crfmv.com\/fr\/#organization\"},\"potentialAction\":[{\"@type\":\"SearchAction\",\"target\":{\"@type\":\"EntryPoint\",\"urlTemplate\":\"https:\/\/crfmv.com\/fr\/?s={search_term_string}\"},\"query-input\":{\"@type\":\"PropertyValueSpecification\",\"valueRequired\":true,\"valueName\":\"search_term_string\"}}],\"inLanguage\":\"fr-FR\"},{\"@type\":\"Organization\",\"@id\":\"https:\/\/crfmv.com\/fr\/#organization\",\"name\":\"Centre de la Famille Valcartier\",\"url\":\"https:\/\/crfmv.com\/fr\/\",\"logo\":{\"@type\":\"ImageObject\",\"inLanguage\":\"fr-FR\",\"@id\":\"https:\/\/crfmv.com\/fr\/#\/schema\/logo\/image\/\",\"url\":\"https:\/\/crfmv.com\/wp-content\/uploads\/2019\/08\/logo-CFV-2010-01.png\",\"contentUrl\":\"https:\/\/crfmv.com\/wp-content\/uploads\/2019\/08\/logo-CFV-2010-01.png\",\"width\":376,\"height\":376,\"caption\":\"Centre de la Famille Valcartier\"},\"image\":{\"@id\":\"https:\/\/crfmv.com\/fr\/#\/schema\/logo\/image\/\"},\"sameAs\":[\"https:\/\/www.facebook.com\/CFvalcartier\",\"https:\/\/www.instagram.com\/agent_info_cfv\",\"https:\/\/www.linkedin.com\/company\/centre-de-la-famille-valcartier\/\",\"https:\/\/www.pinterest.ca\/agenteliaisoncf\/pins\/\",\"https:\/\/www.youtube.com\/channel\/UCdLAsxyb6wN-q7bDaZYzuZw?view_as=subscriber\"]}]}<\/script>\n<!-- \/ Yoast SEO plugin. -->","yoast_head_json":{"title":"BBQ - CRFM Valcartier","robots":{"index":"index","follow":"follow","max-snippet":"max-snippet:-1","max-image-preview":"max-image-preview:large","max-video-preview":"max-video-preview:-1"},"canonical":"https:\/\/crfmv.com\/fr\/event\/bbq\/","og_locale":"fr_FR","og_type":"article","og_title":"BBQ - CRFM Valcartier","og_description":"BBQ &#8211; organis\u00e9 par le comit\u00e9 anglophone du CRFM Valcartier Apr\u00e8s s&rsquo;\u00eatre adapt\u00e9s \u00e0 notre nouvelle r\u00e9alit\u00e9 sociale, allons de l&rsquo;avant et r\u00e9unissons nous de nouveau! Le CRFMV et le [&hellip;]","og_url":"https:\/\/crfmv.com\/fr\/event\/bbq\/","og_site_name":"CRFM Valcartier","article_publisher":"https:\/\/www.facebook.com\/CFvalcartier","twitter_card":"summary_large_image","twitter_misc":{"Dur\u00e9e de lecture estim\u00e9e":"1 minute"},"schema":{"@context":"https:\/\/schema.org","@graph":[{"@type":"WebPage","@id":"https:\/\/crfmv.com\/fr\/event\/bbq\/","url":"https:\/\/crfmv.com\/fr\/event\/bbq\/","name":"BBQ - CRFM Valcartier","isPartOf":{"@id":"https:\/\/crfmv.com\/fr\/#website"},"datePublished":"2021-07-22T17:28:09+00:00","breadcrumb":{"@id":"https:\/\/crfmv.com\/fr\/event\/bbq\/#breadcrumb"},"inLanguage":"fr-FR","potentialAction":[{"@type":"ReadAction","target":["https:\/\/crfmv.com\/fr\/event\/bbq\/"]}]},{"@type":"BreadcrumbList","@id":"https:\/\/crfmv.com\/fr\/event\/bbq\/#breadcrumb","itemListElement":[{"@type":"ListItem","position":1,"name":"Accueil","item":"https:\/\/crfmv.com\/fr\/"},{"@type":"ListItem","position":2,"name":"\u00c9v\u00e8nements","item":"https:\/\/crfmv.com\/fr\/calendrier\/"},{"@type":"ListItem","position":3,"name":"BBQ"}]},{"@type":"WebSite","@id":"https:\/\/crfmv.com\/fr\/#website","url":"https:\/\/crfmv.com\/fr\/","name":"CRFM Valcartier","description":"Centre de ressources pour les familles militaires Valcartier","publisher":{"@id":"https:\/\/crfmv.com\/fr\/#organization"},"potentialAction":[{"@type":"SearchAction","target":{"@type":"EntryPoint","urlTemplate":"https:\/\/crfmv.com\/fr\/?s={search_term_string}"},"query-input":{"@type":"PropertyValueSpecification","valueRequired":true,"valueName":"search_term_string"}}],"inLanguage":"fr-FR"},{"@type":"Organization","@id":"https:\/\/crfmv.com\/fr\/#organization","name":"Centre de la Famille Valcartier","url":"https:\/\/crfmv.com\/fr\/","logo":{"@type":"ImageObject","inLanguage":"fr-FR","@id":"https:\/\/crfmv.com\/fr\/#\/schema\/logo\/image\/","url":"https:\/\/crfmv.com\/wp-content\/uploads\/2019\/08\/logo-CFV-2010-01.png","contentUrl":"https:\/\/crfmv.com\/wp-content\/uploads\/2019\/08\/logo-CFV-2010-01.png","width":376,"height":376,"caption":"Centre de la Famille Valcartier"},"image":{"@id":"https:\/\/crfmv.com\/fr\/#\/schema\/logo\/image\/"},"sameAs":["https:\/\/www.facebook.com\/CFvalcartier","https:\/\/www.instagram.com\/agent_info_cfv","https:\/\/www.linkedin.com\/company\/centre-de-la-famille-valcartier\/","https:\/\/www.pinterest.ca\/agenteliaisoncf\/pins\/","https:\/\/www.youtube.com\/channel\/UCdLAsxyb6wN-q7bDaZYzuZw?view_as=subscriber"]}]}},"ticketed":false,"_links":{"self":[{"href":"https:\/\/crfmv.com\/fr\/wp-json\/wp\/v2\/tribe_events\/6490","targetHints":{"allow":["GET"]}}],"collection":[{"href":"https:\/\/crfmv.com\/fr\/wp-json\/wp\/v2\/tribe_events"}],"about":[{"href":"https:\/\/crfmv.com\/fr\/wp-json\/wp\/v2\/types\/tribe_events"}],"author":[{"embeddable":true,"href":"https:\/\/crfmv.com\/fr\/wp-json\/wp\/v2\/users\/48"}],"version-history":[{"count":1,"href":"https:\/\/crfmv.com\/fr\/wp-json\/wp\/v2\/tribe_events\/6490\/revisions"}],"predecessor-version":[{"id":6493,"href":"https:\/\/crfmv.com\/fr\/wp-json\/wp\/v2\/tribe_events\/6490\/revisions\/6493"}],"wp:attachment":[{"href":"https:\/\/crfmv.com\/fr\/wp-json\/wp\/v2\/media?parent=6490"}],"wp:term":[{"taxonomy":"post_tag","embeddable":true,"href":"https:\/\/crfmv.com\/fr\/wp-json\/wp\/v2\/tags?post=6490"},{"taxonomy":"tribe_events_cat","embeddable":true,"href":"https:\/\/crfmv.com\/fr\/wp-json\/wp\/v2\/tribe_events_cat?post=6490"}],"curies":[{"name":"wp","href":"https:\/\/api.w.org\/{rel}","templated":true}]}}

<p>BBQ &#8211; organisé par le comité anglophone du CRFM Valcartier</p>
<p>Après s&rsquo;être adaptés à notre nouvelle réalité sociale, allons de l&rsquo;avant et réunissons nous de nouveau! Le CRFMV et le comité anglophone vous invitent à un BBQ pour célébrer la fin de l&rsquo;été.</p>
<p>Offert sur le site : Jeux de camping</p>
<p>Au Centre Communautaire (Édifice 93, CRFMV)</p>
<p>5$ par famille, places limités, réservez tôt!</p>
<p>Inscription obligatoire avant le 11 août 2021</p>
<p>https://bbqmfrcv.eventbrite.ca</p>
<p>Information: 418 844-6060 *Mesures sanitaires en place</p>
<p>__________________________________________________</p>
<p>BBQ &#8211; Hosted by English committee of the Valcartier MFRC</p>
<p>As we each adapt to our new social reality, we are looking forward to seeing everyone again! The VMFRC and the anglophone committee will be hosting an End of Summer BBQ.</p>
<p>Offered on site: Picnic games</p>
<p>At the community Centre (Building 93, VMFRC)</p>
<p>$5 per family, please register early as there will be limited spaces available.</p>
<p>Mandatory registration before August 11th</p>
<p>https://bbqmfrcv.eventbrite.ca</p>
<p>Information: 418 844-6060 *Safety precautions in place</p>

<p>BBQ &#8211; organisé par le comité anglophone du CRFM Valcartier Après s&rsquo;être adaptés à notre nouvelle réalité sociale, allons de l&rsquo;avant et réunissons nous de nouveau! Le CRFMV et le [&hellip;]</p>

<!-- This site is optimized with the Yoast SEO plugin v26.8 - https://yoast.com/product/yoast-seo-wordpress/ -->
<title>BBQ - CRFM Valcartier</title>
<meta name="robots" content="index, follow, max-snippet:-1, max-image-preview:large, max-video-preview:-1" />
<link rel="canonical" href="https://crfmv.com/fr/event/bbq/" />
<meta property="og:locale" content="fr_FR" />
<meta property="og:type" content="article" />
<meta property="og:title" content="BBQ - CRFM Valcartier" />
<meta property="og:description" content="BBQ &#8211; organisé par le comité anglophone du CRFM Valcartier Après s&rsquo;être adaptés à notre nouvelle réalité sociale, allons de l&rsquo;avant et réunissons nous de nouveau! Le CRFMV et le [&hellip;]" />
<meta property="og:url" content="https://crfmv.com/fr/event/bbq/" />
<meta property="og:site_name" content="CRFM Valcartier" />
<meta property="article:publisher" content="https://www.facebook.com/CFvalcartier" />
<meta name="twitter:card" content="summary_large_image" />
<meta name="twitter:label1" content="Durée de lecture estimée" />
	<meta name="twitter:data1" content="1 minute" />
<script type="application/ld+json" class="yoast-schema-graph">{"@context":"https://schema.org","@graph":[{"@type":"WebPage","@id":"https://crfmv.com/fr/event/bbq/","url":"https://crfmv.com/fr/event/bbq/","name":"BBQ - CRFM Valcartier","isPartOf":{"@id":"https://crfmv.com/fr/#website"},"datePublished":"2021-07-22T17:28:09+00:00","breadcrumb":{"@id":"https://crfmv.com/fr/event/bbq/#breadcrumb"},"inLanguage":"fr-FR","potentialAction":[{"@type":"ReadAction","target":["https://crfmv.com/fr/event/bbq/"]}]},{"@type":"BreadcrumbList","@id":"https://crfmv.com/fr/event/bbq/#breadcrumb","itemListElement":[{"@type":"ListItem","position":1,"name":"Accueil","item":"https://crfmv.com/fr/"},{"@type":"ListItem","position":2,"name":"Évènements","item":"https://crfmv.com/fr/calendrier/"},{"@type":"ListItem","position":3,"name":"BBQ"}]},{"@type":"WebSite","@id":"https://crfmv.com/fr/#website","url":"https://crfmv.com/fr/","name":"CRFM Valcartier","description":"Centre de ressources pour les familles militaires Valcartier","publisher":{"@id":"https://crfmv.com/fr/#organization"},"potentialAction":[{"@type":"SearchAction","target":{"@type":"EntryPoint","urlTemplate":"https://crfmv.com/fr/?s={search_term_string}"},"query-input":{"@type":"PropertyValueSpecification","valueRequired":true,"valueName":"search_term_string"}}],"inLanguage":"fr-FR"},{"@type":"Organization","@id":"https://crfmv.com/fr/#organization","name":"Centre de la Famille Valcartier","url":"https://crfmv.com/fr/","logo":{"@type":"ImageObject","inLanguage":"fr-FR","@id":"https://crfmv.com/fr/#/schema/logo/image/","url":"https://crfmv.com/wp-content/uploads/2019/08/logo-CFV-2010-01.png","contentUrl":"https://crfmv.com/wp-content/uploads/2019/08/logo-CFV-2010-01.png","width":376,"height":376,"caption":"Centre de la Famille Valcartier"},"image":{"@id":"https://crfmv.com/fr/#/schema/logo/image/"},"sameAs":["https://www.facebook.com/CFvalcartier","https://www.instagram.com/agent_info_cfv","https://www.linkedin.com/company/centre-de-la-famille-valcartier/","https://www.pinterest.ca/agenteliaisoncf/pins/","https://www.youtube.com/channel/UCdLAsxyb6wN-q7bDaZYzuZw?view_as=subscriber"]}]}</script>
<!-- / Yoast SEO plugin. -->

BBQ &#8211; organisé par le comité anglophone du CRFM Valcartier Après s&rsquo;être adaptés à notre nouvelle réalité sociale, allons de l&rsquo;avant et réunissons nous de nouveau! Le CRFMV et le [&hellip;]

Évènements
