{"id":6566,"date":"2021-08-12T13:07:44","date_gmt":"2021-08-12T17:07:44","guid":{"rendered":"https:\/\/crfmv.com\/?post_type=tribe_events&#038;p=6566"},"modified":"2021-08-12T13:07:44","modified_gmt":"2021-08-12T17:07:44","slug":"rendez-vous-de-lemploi","status":"publish","type":"tribe_events","link":"https:\/\/crfmv.com\/fr\/event\/rendez-vous-de-lemploi\/","title":{"rendered":"Rendez-vous de l&#8217;emploi"},"content":{"rendered":"<div class=\"kvgmc6g5 cxmmr5t8 oygrvhab hcukyx3x c1et5uql\">La 9e \u00e9dition du Rendez-vous de l\u2019emploi se fera en mode virtuel cette ann\u00e9e le 14 septembre prochain de 15h \u00e0 19h. C\u2019est une chance unique d\u2019\u00e9tablir des contacts privil\u00e9gi\u00e9s avec plusieurs employeurs de la r\u00e9gion de Qu\u00e9bec. Psst\u2026C\u2019est gratuit et ouvert \u00e0 tous!Vous n\u2019\u00eates pas \u00e0 l\u2019aise avec l\u2019informatique? Pas de probl\u00e8me, nous installerons des postes informatiques \u00e0 votre disposition directement au CRFMV et une personne-ressource sera disponible pour vous accompagner. Nous n\u2019avez qu\u2019\u00e0 nous contacter pour r\u00e9server votre place.<\/div>\n<div><\/div>\n<div>_____________________________________________________<\/div>\n<div><\/div>\n<div class=\"o9v6fnle cxmmr5t8 oygrvhab hcukyx3x c1et5uql\">The 9th edition of the Rendez-Vous de l&rsquo;Emploi will be held virtually this year on September 14th from 3pm to 7pm. This is a unique opportunity to establish privileged contacts with several employers in the Quebec City area. Psst&#8230; It&rsquo;s free and open to all!<br \/>\nNot at ease with computers? No problem, we will provide you with computer stations on site at the MFRC and a member of our team will be available to assist you. Just contact us to reserve your place.<\/div>\n","protected":false},"excerpt":{"rendered":"<p>La 9e \u00e9dition du Rendez-vous de l\u2019emploi se fera en mode virtuel cette ann\u00e9e le 14 septembre prochain de 15h \u00e0 19h. C\u2019est une chance unique d\u2019\u00e9tablir des contacts privil\u00e9gi\u00e9s [&hellip;]<\/p>\n","protected":false},"author":48,"featured_media":0,"template":"","meta":{"_et_pb_use_builder":"","_et_pb_old_content":"","_et_gb_content_width":"","_price":"","_stock":"","_tribe_ticket_header":"","_tribe_default_ticket_provider":"","_tribe_ticket_capacity":"0","_ticket_start_date":"","_ticket_end_date":"","_tribe_ticket_show_description":"","_tribe_ticket_show_not_going":false,"_tribe_ticket_use_global_stock":"","_tribe_ticket_global_stock_level":"","_global_stock_mode":"","_global_stock_cap":"","_tribe_rsvp_for_event":"","_tribe_ticket_going_count":"","_tribe_ticket_not_going_count":"","_tribe_tickets_list":"[]","_tribe_ticket_has_attendee_info_fields":false,"_tribe_events_status":"","_tribe_events_status_reason":"","footnotes":"","_tec_slr_enabled":"","_tec_slr_layout":""},"tags":[],"tribe_events_cat":[],"class_list":["post-6566","tribe_events","type-tribe_events","status-publish","hentry"],"yoast_head":"<!-- This site is optimized with the Yoast SEO plugin v26.8 - https:\/\/yoast.com\/product\/yoast-seo-wordpress\/ -->\n<title>Rendez-vous de l&#039;emploi - CRFM Valcartier<\/title>\n<meta name=\"robots\" content=\"index, follow, max-snippet:-1, max-image-preview:large, max-video-preview:-1\" \/>\n<link rel=\"canonical\" href=\"https:\/\/crfmv.com\/fr\/event\/rendez-vous-de-lemploi\/\" \/>\n<meta property=\"og:locale\" content=\"fr_FR\" \/>\n<meta property=\"og:type\" content=\"article\" \/>\n<meta property=\"og:title\" content=\"Rendez-vous de l&#039;emploi - CRFM Valcartier\" \/>\n<meta property=\"og:description\" content=\"La 9e \u00e9dition du Rendez-vous de l\u2019emploi se fera en mode virtuel cette ann\u00e9e le 14 septembre prochain de 15h \u00e0 19h. C\u2019est une chance unique d\u2019\u00e9tablir des contacts privil\u00e9gi\u00e9s [&hellip;]\" \/>\n<meta property=\"og:url\" content=\"https:\/\/crfmv.com\/fr\/event\/rendez-vous-de-lemploi\/\" \/>\n<meta property=\"og:site_name\" content=\"CRFM Valcartier\" \/>\n<meta property=\"article:publisher\" content=\"https:\/\/www.facebook.com\/CFvalcartier\" \/>\n<meta name=\"twitter:card\" content=\"summary_large_image\" \/>\n<meta name=\"twitter:label1\" content=\"Dur\u00e9e de lecture estim\u00e9e\" \/>\n\t<meta name=\"twitter:data1\" content=\"1 minute\" \/>\n<script type=\"application\/ld+json\" class=\"yoast-schema-graph\">{\"@context\":\"https:\/\/schema.org\",\"@graph\":[{\"@type\":\"WebPage\",\"@id\":\"https:\/\/crfmv.com\/fr\/event\/rendez-vous-de-lemploi\/\",\"url\":\"https:\/\/crfmv.com\/fr\/event\/rendez-vous-de-lemploi\/\",\"name\":\"Rendez-vous de l'emploi - CRFM Valcartier\",\"isPartOf\":{\"@id\":\"https:\/\/crfmv.com\/fr\/#website\"},\"datePublished\":\"2021-08-12T17:07:44+00:00\",\"breadcrumb\":{\"@id\":\"https:\/\/crfmv.com\/fr\/event\/rendez-vous-de-lemploi\/#breadcrumb\"},\"inLanguage\":\"fr-FR\",\"potentialAction\":[{\"@type\":\"ReadAction\",\"target\":[\"https:\/\/crfmv.com\/fr\/event\/rendez-vous-de-lemploi\/\"]}]},{\"@type\":\"BreadcrumbList\",\"@id\":\"https:\/\/crfmv.com\/fr\/event\/rendez-vous-de-lemploi\/#breadcrumb\",\"itemListElement\":[{\"@type\":\"ListItem\",\"position\":1,\"name\":\"Accueil\",\"item\":\"https:\/\/crfmv.com\/fr\/\"},{\"@type\":\"ListItem\",\"position\":2,\"name\":\"\u00c9v\u00e8nements\",\"item\":\"https:\/\/crfmv.com\/fr\/calendrier\/\"},{\"@type\":\"ListItem\",\"position\":3,\"name\":\"Rendez-vous de l&#8217;emploi\"}]},{\"@type\":\"WebSite\",\"@id\":\"https:\/\/crfmv.com\/fr\/#website\",\"url\":\"https:\/\/crfmv.com\/fr\/\",\"name\":\"CRFM Valcartier\",\"description\":\"Centre de ressources pour les familles militaires Valcartier\",\"publisher\":{\"@id\":\"https:\/\/crfmv.com\/fr\/#organization\"},\"potentialAction\":[{\"@type\":\"SearchAction\",\"target\":{\"@type\":\"EntryPoint\",\"urlTemplate\":\"https:\/\/crfmv.com\/fr\/?s={search_term_string}\"},\"query-input\":{\"@type\":\"PropertyValueSpecification\",\"valueRequired\":true,\"valueName\":\"search_term_string\"}}],\"inLanguage\":\"fr-FR\"},{\"@type\":\"Organization\",\"@id\":\"https:\/\/crfmv.com\/fr\/#organization\",\"name\":\"Centre de la Famille Valcartier\",\"url\":\"https:\/\/crfmv.com\/fr\/\",\"logo\":{\"@type\":\"ImageObject\",\"inLanguage\":\"fr-FR\",\"@id\":\"https:\/\/crfmv.com\/fr\/#\/schema\/logo\/image\/\",\"url\":\"https:\/\/crfmv.com\/wp-content\/uploads\/2019\/08\/logo-CFV-2010-01.png\",\"contentUrl\":\"https:\/\/crfmv.com\/wp-content\/uploads\/2019\/08\/logo-CFV-2010-01.png\",\"width\":376,\"height\":376,\"caption\":\"Centre de la Famille Valcartier\"},\"image\":{\"@id\":\"https:\/\/crfmv.com\/fr\/#\/schema\/logo\/image\/\"},\"sameAs\":[\"https:\/\/www.facebook.com\/CFvalcartier\",\"https:\/\/www.instagram.com\/agent_info_cfv\",\"https:\/\/www.linkedin.com\/company\/centre-de-la-famille-valcartier\/\",\"https:\/\/www.pinterest.ca\/agenteliaisoncf\/pins\/\",\"https:\/\/www.youtube.com\/channel\/UCdLAsxyb6wN-q7bDaZYzuZw?view_as=subscriber\"]}]}<\/script>\n<!-- \/ Yoast SEO plugin. -->","yoast_head_json":{"title":"Rendez-vous de l'emploi - CRFM Valcartier","robots":{"index":"index","follow":"follow","max-snippet":"max-snippet:-1","max-image-preview":"max-image-preview:large","max-video-preview":"max-video-preview:-1"},"canonical":"https:\/\/crfmv.com\/fr\/event\/rendez-vous-de-lemploi\/","og_locale":"fr_FR","og_type":"article","og_title":"Rendez-vous de l'emploi - CRFM Valcartier","og_description":"La 9e \u00e9dition du Rendez-vous de l\u2019emploi se fera en mode virtuel cette ann\u00e9e le 14 septembre prochain de 15h \u00e0 19h. C\u2019est une chance unique d\u2019\u00e9tablir des contacts privil\u00e9gi\u00e9s [&hellip;]","og_url":"https:\/\/crfmv.com\/fr\/event\/rendez-vous-de-lemploi\/","og_site_name":"CRFM Valcartier","article_publisher":"https:\/\/www.facebook.com\/CFvalcartier","twitter_card":"summary_large_image","twitter_misc":{"Dur\u00e9e de lecture estim\u00e9e":"1 minute"},"schema":{"@context":"https:\/\/schema.org","@graph":[{"@type":"WebPage","@id":"https:\/\/crfmv.com\/fr\/event\/rendez-vous-de-lemploi\/","url":"https:\/\/crfmv.com\/fr\/event\/rendez-vous-de-lemploi\/","name":"Rendez-vous de l'emploi - CRFM Valcartier","isPartOf":{"@id":"https:\/\/crfmv.com\/fr\/#website"},"datePublished":"2021-08-12T17:07:44+00:00","breadcrumb":{"@id":"https:\/\/crfmv.com\/fr\/event\/rendez-vous-de-lemploi\/#breadcrumb"},"inLanguage":"fr-FR","potentialAction":[{"@type":"ReadAction","target":["https:\/\/crfmv.com\/fr\/event\/rendez-vous-de-lemploi\/"]}]},{"@type":"BreadcrumbList","@id":"https:\/\/crfmv.com\/fr\/event\/rendez-vous-de-lemploi\/#breadcrumb","itemListElement":[{"@type":"ListItem","position":1,"name":"Accueil","item":"https:\/\/crfmv.com\/fr\/"},{"@type":"ListItem","position":2,"name":"\u00c9v\u00e8nements","item":"https:\/\/crfmv.com\/fr\/calendrier\/"},{"@type":"ListItem","position":3,"name":"Rendez-vous de l&#8217;emploi"}]},{"@type":"WebSite","@id":"https:\/\/crfmv.com\/fr\/#website","url":"https:\/\/crfmv.com\/fr\/","name":"CRFM Valcartier","description":"Centre de ressources pour les familles militaires Valcartier","publisher":{"@id":"https:\/\/crfmv.com\/fr\/#organization"},"potentialAction":[{"@type":"SearchAction","target":{"@type":"EntryPoint","urlTemplate":"https:\/\/crfmv.com\/fr\/?s={search_term_string}"},"query-input":{"@type":"PropertyValueSpecification","valueRequired":true,"valueName":"search_term_string"}}],"inLanguage":"fr-FR"},{"@type":"Organization","@id":"https:\/\/crfmv.com\/fr\/#organization","name":"Centre de la Famille Valcartier","url":"https:\/\/crfmv.com\/fr\/","logo":{"@type":"ImageObject","inLanguage":"fr-FR","@id":"https:\/\/crfmv.com\/fr\/#\/schema\/logo\/image\/","url":"https:\/\/crfmv.com\/wp-content\/uploads\/2019\/08\/logo-CFV-2010-01.png","contentUrl":"https:\/\/crfmv.com\/wp-content\/uploads\/2019\/08\/logo-CFV-2010-01.png","width":376,"height":376,"caption":"Centre de la Famille Valcartier"},"image":{"@id":"https:\/\/crfmv.com\/fr\/#\/schema\/logo\/image\/"},"sameAs":["https:\/\/www.facebook.com\/CFvalcartier","https:\/\/www.instagram.com\/agent_info_cfv","https:\/\/www.linkedin.com\/company\/centre-de-la-famille-valcartier\/","https:\/\/www.pinterest.ca\/agenteliaisoncf\/pins\/","https:\/\/www.youtube.com\/channel\/UCdLAsxyb6wN-q7bDaZYzuZw?view_as=subscriber"]}]}},"ticketed":false,"_links":{"self":[{"href":"https:\/\/crfmv.com\/fr\/wp-json\/wp\/v2\/tribe_events\/6566","targetHints":{"allow":["GET"]}}],"collection":[{"href":"https:\/\/crfmv.com\/fr\/wp-json\/wp\/v2\/tribe_events"}],"about":[{"href":"https:\/\/crfmv.com\/fr\/wp-json\/wp\/v2\/types\/tribe_events"}],"author":[{"embeddable":true,"href":"https:\/\/crfmv.com\/fr\/wp-json\/wp\/v2\/users\/48"}],"version-history":[{"count":1,"href":"https:\/\/crfmv.com\/fr\/wp-json\/wp\/v2\/tribe_events\/6566\/revisions"}],"predecessor-version":[{"id":6569,"href":"https:\/\/crfmv.com\/fr\/wp-json\/wp\/v2\/tribe_events\/6566\/revisions\/6569"}],"wp:attachment":[{"href":"https:\/\/crfmv.com\/fr\/wp-json\/wp\/v2\/media?parent=6566"}],"wp:term":[{"taxonomy":"post_tag","embeddable":true,"href":"https:\/\/crfmv.com\/fr\/wp-json\/wp\/v2\/tags?post=6566"},{"taxonomy":"tribe_events_cat","embeddable":true,"href":"https:\/\/crfmv.com\/fr\/wp-json\/wp\/v2\/tribe_events_cat?post=6566"}],"curies":[{"name":"wp","href":"https:\/\/api.w.org\/{rel}","templated":true}]}}

<div class="kvgmc6g5 cxmmr5t8 oygrvhab hcukyx3x c1et5uql">La 9e édition du Rendez-vous de l’emploi se fera en mode virtuel cette année le 14 septembre prochain de 15h à 19h. C’est une chance unique d’établir des contacts privilégiés avec plusieurs employeurs de la région de Québec. Psst…C’est gratuit et ouvert à tous!Vous n’êtes pas à l’aise avec l’informatique? Pas de problème, nous installerons des postes informatiques à votre disposition directement au CRFMV et une personne-ressource sera disponible pour vous accompagner. Nous n’avez qu’à nous contacter pour réserver votre place.</div>
<div></div>
<div>_____________________________________________________</div>
<div></div>
<div class="o9v6fnle cxmmr5t8 oygrvhab hcukyx3x c1et5uql">The 9th edition of the Rendez-Vous de l&rsquo;Emploi will be held virtually this year on September 14th from 3pm to 7pm. This is a unique opportunity to establish privileged contacts with several employers in the Quebec City area. Psst&#8230; It&rsquo;s free and open to all!<br />
Not at ease with computers? No problem, we will provide you with computer stations on site at the MFRC and a member of our team will be available to assist you. Just contact us to reserve your place.</div>

<p>La 9e édition du Rendez-vous de l’emploi se fera en mode virtuel cette année le 14 septembre prochain de 15h à 19h. C’est une chance unique d’établir des contacts privilégiés [&hellip;]</p>

<!-- This site is optimized with the Yoast SEO plugin v26.8 - https://yoast.com/product/yoast-seo-wordpress/ -->
<title>Rendez-vous de l&#039;emploi - CRFM Valcartier</title>
<meta name="robots" content="index, follow, max-snippet:-1, max-image-preview:large, max-video-preview:-1" />
<link rel="canonical" href="https://crfmv.com/fr/event/rendez-vous-de-lemploi/" />
<meta property="og:locale" content="fr_FR" />
<meta property="og:type" content="article" />
<meta property="og:title" content="Rendez-vous de l&#039;emploi - CRFM Valcartier" />
<meta property="og:description" content="La 9e édition du Rendez-vous de l’emploi se fera en mode virtuel cette année le 14 septembre prochain de 15h à 19h. C’est une chance unique d’établir des contacts privilégiés [&hellip;]" />
<meta property="og:url" content="https://crfmv.com/fr/event/rendez-vous-de-lemploi/" />
<meta property="og:site_name" content="CRFM Valcartier" />
<meta property="article:publisher" content="https://www.facebook.com/CFvalcartier" />
<meta name="twitter:card" content="summary_large_image" />
<meta name="twitter:label1" content="Durée de lecture estimée" />
	<meta name="twitter:data1" content="1 minute" />
<script type="application/ld+json" class="yoast-schema-graph">{"@context":"https://schema.org","@graph":[{"@type":"WebPage","@id":"https://crfmv.com/fr/event/rendez-vous-de-lemploi/","url":"https://crfmv.com/fr/event/rendez-vous-de-lemploi/","name":"Rendez-vous de l'emploi - CRFM Valcartier","isPartOf":{"@id":"https://crfmv.com/fr/#website"},"datePublished":"2021-08-12T17:07:44+00:00","breadcrumb":{"@id":"https://crfmv.com/fr/event/rendez-vous-de-lemploi/#breadcrumb"},"inLanguage":"fr-FR","potentialAction":[{"@type":"ReadAction","target":["https://crfmv.com/fr/event/rendez-vous-de-lemploi/"]}]},{"@type":"BreadcrumbList","@id":"https://crfmv.com/fr/event/rendez-vous-de-lemploi/#breadcrumb","itemListElement":[{"@type":"ListItem","position":1,"name":"Accueil","item":"https://crfmv.com/fr/"},{"@type":"ListItem","position":2,"name":"Évènements","item":"https://crfmv.com/fr/calendrier/"},{"@type":"ListItem","position":3,"name":"Rendez-vous de l&#8217;emploi"}]},{"@type":"WebSite","@id":"https://crfmv.com/fr/#website","url":"https://crfmv.com/fr/","name":"CRFM Valcartier","description":"Centre de ressources pour les familles militaires Valcartier","publisher":{"@id":"https://crfmv.com/fr/#organization"},"potentialAction":[{"@type":"SearchAction","target":{"@type":"EntryPoint","urlTemplate":"https://crfmv.com/fr/?s={search_term_string}"},"query-input":{"@type":"PropertyValueSpecification","valueRequired":true,"valueName":"search_term_string"}}],"inLanguage":"fr-FR"},{"@type":"Organization","@id":"https://crfmv.com/fr/#organization","name":"Centre de la Famille Valcartier","url":"https://crfmv.com/fr/","logo":{"@type":"ImageObject","inLanguage":"fr-FR","@id":"https://crfmv.com/fr/#/schema/logo/image/","url":"https://crfmv.com/wp-content/uploads/2019/08/logo-CFV-2010-01.png","contentUrl":"https://crfmv.com/wp-content/uploads/2019/08/logo-CFV-2010-01.png","width":376,"height":376,"caption":"Centre de la Famille Valcartier"},"image":{"@id":"https://crfmv.com/fr/#/schema/logo/image/"},"sameAs":["https://www.facebook.com/CFvalcartier","https://www.instagram.com/agent_info_cfv","https://www.linkedin.com/company/centre-de-la-famille-valcartier/","https://www.pinterest.ca/agenteliaisoncf/pins/","https://www.youtube.com/channel/UCdLAsxyb6wN-q7bDaZYzuZw?view_as=subscriber"]}]}</script>
<!-- / Yoast SEO plugin. -->

La 9e édition du Rendez-vous de l’emploi se fera en mode virtuel cette année le 14 septembre prochain de 15h à 19h. C’est une chance unique d’établir des contacts privilégiés [&hellip;]

Évènements
