{"id":6663,"date":"2021-08-31T15:00:51","date_gmt":"2021-08-31T19:00:51","guid":{"rendered":"https:\/\/crfmv.com\/?post_type=tribe_events&#038;p=6663"},"modified":"2021-08-31T15:00:51","modified_gmt":"2021-08-31T19:00:51","slug":"couronne-dautomne-autumn-wreath","status":"publish","type":"tribe_events","link":"https:\/\/crfmv.com\/fr\/event\/couronne-dautomne-autumn-wreath\/","title":{"rendered":"Couronne d&rsquo;automne &#8211; Autumn Wreath"},"content":{"rendered":"<p>Le caf\u00e9 d\u00e9couverte est l&rsquo;endroit id\u00e9al pour rencontrer des gens de la communaut\u00e9 et briser l&rsquo;isolement. Venez \u00e9changer avec des gens comprenant votre r\u00e9alit\u00e9, tout en cr\u00e9ant votre couronne d&rsquo;automne.<\/p>\n<p>Co\u00fbt: 10$<\/p>\n<p>15 septembre de jour: 9H30 \u00c0 11H30 &#8211; de soir: 18H30 \u00c0 20H30<\/p>\n<p>Inscription avant le 14 septembre. Inscription obligatoire. Activit\u00e9 r\u00e9serv\u00e9e aux adultes.<\/p>\n<p>Inscription en ligne de jour: https:\/\/www.eventbrite.ca\/e\/168485285023<\/p>\n<p>Inscription en ligne de soir: https:\/\/eventbrite.ca\/e\/168486201765<\/p>\n<p>Information: julie.chamberland@crfmv.com 418 844-6060<\/p>\n<p>_______________________________________________<\/p>\n<p>The Caf\u00e9 D\u00e9couverte is the perfect place to meet people from the community and break through isolation. Come and talk to people who understand your reality while creating your fall wreath.<\/p>\n<p>Cost: $10<\/p>\n<p>September 15 day: 9:30 am to 11:30 am &#8211; night: 6:30 pm to 8:30 pm<\/p>\n<p>Registration is mandatory before September 14. Activity reserved for adults.<\/p>\n<p>Online registration DAY: https:\/\/www.eventbrite.ca\/e\/168485285023<\/p>\n<p>Online registration NIGHT: https:\/\/eventbrite.ca\/e\/168486201765<\/p>\n<p>Information: julie.chamberland@crfmv.com 418 844-6060<\/p>\n<p>&nbsp;<\/p>\n","protected":false},"excerpt":{"rendered":"<p>Le caf\u00e9 d\u00e9couverte est l&rsquo;endroit id\u00e9al pour rencontrer des gens de la communaut\u00e9 et briser l&rsquo;isolement. Venez \u00e9changer avec des gens comprenant votre r\u00e9alit\u00e9, tout en cr\u00e9ant votre couronne d&rsquo;automne. [&hellip;]<\/p>\n","protected":false},"author":48,"featured_media":0,"template":"","meta":{"_et_pb_use_builder":"","_et_pb_old_content":"","_et_gb_content_width":"","_price":"","_stock":"","_tribe_ticket_header":"","_tribe_default_ticket_provider":"","_tribe_ticket_capacity":"0","_ticket_start_date":"","_ticket_end_date":"","_tribe_ticket_show_description":"","_tribe_ticket_show_not_going":false,"_tribe_ticket_use_global_stock":"","_tribe_ticket_global_stock_level":"","_global_stock_mode":"","_global_stock_cap":"","_tribe_rsvp_for_event":"","_tribe_ticket_going_count":"","_tribe_ticket_not_going_count":"","_tribe_tickets_list":"[]","_tribe_ticket_has_attendee_info_fields":false,"_tribe_events_status":"","_tribe_events_status_reason":"","footnotes":"","_tec_slr_enabled":"","_tec_slr_layout":""},"tags":[],"tribe_events_cat":[],"class_list":["post-6663","tribe_events","type-tribe_events","status-publish","hentry"],"yoast_head":"<!-- This site is optimized with the Yoast SEO plugin v26.8 - https:\/\/yoast.com\/product\/yoast-seo-wordpress\/ -->\n<title>Couronne d&#039;automne - Autumn Wreath - CRFM Valcartier<\/title>\n<meta name=\"robots\" content=\"index, follow, max-snippet:-1, max-image-preview:large, max-video-preview:-1\" \/>\n<link rel=\"canonical\" href=\"https:\/\/crfmv.com\/fr\/event\/couronne-dautomne-autumn-wreath\/\" \/>\n<meta property=\"og:locale\" content=\"fr_FR\" \/>\n<meta property=\"og:type\" content=\"article\" \/>\n<meta property=\"og:title\" content=\"Couronne d&#039;automne - Autumn Wreath - CRFM Valcartier\" \/>\n<meta property=\"og:description\" content=\"Le caf\u00e9 d\u00e9couverte est l&rsquo;endroit id\u00e9al pour rencontrer des gens de la communaut\u00e9 et briser l&rsquo;isolement. Venez \u00e9changer avec des gens comprenant votre r\u00e9alit\u00e9, tout en cr\u00e9ant votre couronne d&rsquo;automne. [&hellip;]\" \/>\n<meta property=\"og:url\" content=\"https:\/\/crfmv.com\/fr\/event\/couronne-dautomne-autumn-wreath\/\" \/>\n<meta property=\"og:site_name\" content=\"CRFM Valcartier\" \/>\n<meta property=\"article:publisher\" content=\"https:\/\/www.facebook.com\/CFvalcartier\" \/>\n<meta name=\"twitter:card\" content=\"summary_large_image\" \/>\n<meta name=\"twitter:label1\" content=\"Dur\u00e9e de lecture estim\u00e9e\" \/>\n\t<meta name=\"twitter:data1\" content=\"1 minute\" \/>\n<script type=\"application\/ld+json\" class=\"yoast-schema-graph\">{\"@context\":\"https:\/\/schema.org\",\"@graph\":[{\"@type\":\"WebPage\",\"@id\":\"https:\/\/crfmv.com\/fr\/event\/couronne-dautomne-autumn-wreath\/\",\"url\":\"https:\/\/crfmv.com\/fr\/event\/couronne-dautomne-autumn-wreath\/\",\"name\":\"Couronne d'automne - Autumn Wreath - CRFM Valcartier\",\"isPartOf\":{\"@id\":\"https:\/\/crfmv.com\/fr\/#website\"},\"datePublished\":\"2021-08-31T19:00:51+00:00\",\"breadcrumb\":{\"@id\":\"https:\/\/crfmv.com\/fr\/event\/couronne-dautomne-autumn-wreath\/#breadcrumb\"},\"inLanguage\":\"fr-FR\",\"potentialAction\":[{\"@type\":\"ReadAction\",\"target\":[\"https:\/\/crfmv.com\/fr\/event\/couronne-dautomne-autumn-wreath\/\"]}]},{\"@type\":\"BreadcrumbList\",\"@id\":\"https:\/\/crfmv.com\/fr\/event\/couronne-dautomne-autumn-wreath\/#breadcrumb\",\"itemListElement\":[{\"@type\":\"ListItem\",\"position\":1,\"name\":\"Accueil\",\"item\":\"https:\/\/crfmv.com\/fr\/\"},{\"@type\":\"ListItem\",\"position\":2,\"name\":\"\u00c9v\u00e8nements\",\"item\":\"https:\/\/crfmv.com\/fr\/calendrier\/\"},{\"@type\":\"ListItem\",\"position\":3,\"name\":\"Couronne d&rsquo;automne &#8211; Autumn Wreath\"}]},{\"@type\":\"WebSite\",\"@id\":\"https:\/\/crfmv.com\/fr\/#website\",\"url\":\"https:\/\/crfmv.com\/fr\/\",\"name\":\"CRFM Valcartier\",\"description\":\"Centre de ressources pour les familles militaires Valcartier\",\"publisher\":{\"@id\":\"https:\/\/crfmv.com\/fr\/#organization\"},\"potentialAction\":[{\"@type\":\"SearchAction\",\"target\":{\"@type\":\"EntryPoint\",\"urlTemplate\":\"https:\/\/crfmv.com\/fr\/?s={search_term_string}\"},\"query-input\":{\"@type\":\"PropertyValueSpecification\",\"valueRequired\":true,\"valueName\":\"search_term_string\"}}],\"inLanguage\":\"fr-FR\"},{\"@type\":\"Organization\",\"@id\":\"https:\/\/crfmv.com\/fr\/#organization\",\"name\":\"Centre de la Famille Valcartier\",\"url\":\"https:\/\/crfmv.com\/fr\/\",\"logo\":{\"@type\":\"ImageObject\",\"inLanguage\":\"fr-FR\",\"@id\":\"https:\/\/crfmv.com\/fr\/#\/schema\/logo\/image\/\",\"url\":\"https:\/\/crfmv.com\/wp-content\/uploads\/2019\/08\/logo-CFV-2010-01.png\",\"contentUrl\":\"https:\/\/crfmv.com\/wp-content\/uploads\/2019\/08\/logo-CFV-2010-01.png\",\"width\":376,\"height\":376,\"caption\":\"Centre de la Famille Valcartier\"},\"image\":{\"@id\":\"https:\/\/crfmv.com\/fr\/#\/schema\/logo\/image\/\"},\"sameAs\":[\"https:\/\/www.facebook.com\/CFvalcartier\",\"https:\/\/www.instagram.com\/agent_info_cfv\",\"https:\/\/www.linkedin.com\/company\/centre-de-la-famille-valcartier\/\",\"https:\/\/www.pinterest.ca\/agenteliaisoncf\/pins\/\",\"https:\/\/www.youtube.com\/channel\/UCdLAsxyb6wN-q7bDaZYzuZw?view_as=subscriber\"]}]}<\/script>\n<!-- \/ Yoast SEO plugin. -->","yoast_head_json":{"title":"Couronne d'automne - Autumn Wreath - CRFM Valcartier","robots":{"index":"index","follow":"follow","max-snippet":"max-snippet:-1","max-image-preview":"max-image-preview:large","max-video-preview":"max-video-preview:-1"},"canonical":"https:\/\/crfmv.com\/fr\/event\/couronne-dautomne-autumn-wreath\/","og_locale":"fr_FR","og_type":"article","og_title":"Couronne d'automne - Autumn Wreath - CRFM Valcartier","og_description":"Le caf\u00e9 d\u00e9couverte est l&rsquo;endroit id\u00e9al pour rencontrer des gens de la communaut\u00e9 et briser l&rsquo;isolement. Venez \u00e9changer avec des gens comprenant votre r\u00e9alit\u00e9, tout en cr\u00e9ant votre couronne d&rsquo;automne. [&hellip;]","og_url":"https:\/\/crfmv.com\/fr\/event\/couronne-dautomne-autumn-wreath\/","og_site_name":"CRFM Valcartier","article_publisher":"https:\/\/www.facebook.com\/CFvalcartier","twitter_card":"summary_large_image","twitter_misc":{"Dur\u00e9e de lecture estim\u00e9e":"1 minute"},"schema":{"@context":"https:\/\/schema.org","@graph":[{"@type":"WebPage","@id":"https:\/\/crfmv.com\/fr\/event\/couronne-dautomne-autumn-wreath\/","url":"https:\/\/crfmv.com\/fr\/event\/couronne-dautomne-autumn-wreath\/","name":"Couronne d'automne - Autumn Wreath - CRFM Valcartier","isPartOf":{"@id":"https:\/\/crfmv.com\/fr\/#website"},"datePublished":"2021-08-31T19:00:51+00:00","breadcrumb":{"@id":"https:\/\/crfmv.com\/fr\/event\/couronne-dautomne-autumn-wreath\/#breadcrumb"},"inLanguage":"fr-FR","potentialAction":[{"@type":"ReadAction","target":["https:\/\/crfmv.com\/fr\/event\/couronne-dautomne-autumn-wreath\/"]}]},{"@type":"BreadcrumbList","@id":"https:\/\/crfmv.com\/fr\/event\/couronne-dautomne-autumn-wreath\/#breadcrumb","itemListElement":[{"@type":"ListItem","position":1,"name":"Accueil","item":"https:\/\/crfmv.com\/fr\/"},{"@type":"ListItem","position":2,"name":"\u00c9v\u00e8nements","item":"https:\/\/crfmv.com\/fr\/calendrier\/"},{"@type":"ListItem","position":3,"name":"Couronne d&rsquo;automne &#8211; Autumn Wreath"}]},{"@type":"WebSite","@id":"https:\/\/crfmv.com\/fr\/#website","url":"https:\/\/crfmv.com\/fr\/","name":"CRFM Valcartier","description":"Centre de ressources pour les familles militaires Valcartier","publisher":{"@id":"https:\/\/crfmv.com\/fr\/#organization"},"potentialAction":[{"@type":"SearchAction","target":{"@type":"EntryPoint","urlTemplate":"https:\/\/crfmv.com\/fr\/?s={search_term_string}"},"query-input":{"@type":"PropertyValueSpecification","valueRequired":true,"valueName":"search_term_string"}}],"inLanguage":"fr-FR"},{"@type":"Organization","@id":"https:\/\/crfmv.com\/fr\/#organization","name":"Centre de la Famille Valcartier","url":"https:\/\/crfmv.com\/fr\/","logo":{"@type":"ImageObject","inLanguage":"fr-FR","@id":"https:\/\/crfmv.com\/fr\/#\/schema\/logo\/image\/","url":"https:\/\/crfmv.com\/wp-content\/uploads\/2019\/08\/logo-CFV-2010-01.png","contentUrl":"https:\/\/crfmv.com\/wp-content\/uploads\/2019\/08\/logo-CFV-2010-01.png","width":376,"height":376,"caption":"Centre de la Famille Valcartier"},"image":{"@id":"https:\/\/crfmv.com\/fr\/#\/schema\/logo\/image\/"},"sameAs":["https:\/\/www.facebook.com\/CFvalcartier","https:\/\/www.instagram.com\/agent_info_cfv","https:\/\/www.linkedin.com\/company\/centre-de-la-famille-valcartier\/","https:\/\/www.pinterest.ca\/agenteliaisoncf\/pins\/","https:\/\/www.youtube.com\/channel\/UCdLAsxyb6wN-q7bDaZYzuZw?view_as=subscriber"]}]}},"ticketed":false,"_links":{"self":[{"href":"https:\/\/crfmv.com\/fr\/wp-json\/wp\/v2\/tribe_events\/6663","targetHints":{"allow":["GET"]}}],"collection":[{"href":"https:\/\/crfmv.com\/fr\/wp-json\/wp\/v2\/tribe_events"}],"about":[{"href":"https:\/\/crfmv.com\/fr\/wp-json\/wp\/v2\/types\/tribe_events"}],"author":[{"embeddable":true,"href":"https:\/\/crfmv.com\/fr\/wp-json\/wp\/v2\/users\/48"}],"version-history":[{"count":1,"href":"https:\/\/crfmv.com\/fr\/wp-json\/wp\/v2\/tribe_events\/6663\/revisions"}],"predecessor-version":[{"id":6666,"href":"https:\/\/crfmv.com\/fr\/wp-json\/wp\/v2\/tribe_events\/6663\/revisions\/6666"}],"wp:attachment":[{"href":"https:\/\/crfmv.com\/fr\/wp-json\/wp\/v2\/media?parent=6663"}],"wp:term":[{"taxonomy":"post_tag","embeddable":true,"href":"https:\/\/crfmv.com\/fr\/wp-json\/wp\/v2\/tags?post=6663"},{"taxonomy":"tribe_events_cat","embeddable":true,"href":"https:\/\/crfmv.com\/fr\/wp-json\/wp\/v2\/tribe_events_cat?post=6663"}],"curies":[{"name":"wp","href":"https:\/\/api.w.org\/{rel}","templated":true}]}}

<p>Le café découverte est l&rsquo;endroit idéal pour rencontrer des gens de la communauté et briser l&rsquo;isolement. Venez échanger avec des gens comprenant votre réalité, tout en créant votre couronne d&rsquo;automne.</p>
<p>Coût: 10$</p>
<p>15 septembre de jour: 9H30 À 11H30 &#8211; de soir: 18H30 À 20H30</p>
<p>Inscription avant le 14 septembre. Inscription obligatoire. Activité réservée aux adultes.</p>
<p>Inscription en ligne de jour: https://www.eventbrite.ca/e/168485285023</p>
<p>Inscription en ligne de soir: https://eventbrite.ca/e/168486201765</p>
<p>Information: julie.chamberland@crfmv.com 418 844-6060</p>
<p>_______________________________________________</p>
<p>The Café Découverte is the perfect place to meet people from the community and break through isolation. Come and talk to people who understand your reality while creating your fall wreath.</p>
<p>Cost: $10</p>
<p>September 15 day: 9:30 am to 11:30 am &#8211; night: 6:30 pm to 8:30 pm</p>
<p>Registration is mandatory before September 14. Activity reserved for adults.</p>
<p>Online registration DAY: https://www.eventbrite.ca/e/168485285023</p>
<p>Online registration NIGHT: https://eventbrite.ca/e/168486201765</p>
<p>Information: julie.chamberland@crfmv.com 418 844-6060</p>
<p>&nbsp;</p>

<p>Le café découverte est l&rsquo;endroit idéal pour rencontrer des gens de la communauté et briser l&rsquo;isolement. Venez échanger avec des gens comprenant votre réalité, tout en créant votre couronne d&rsquo;automne. [&hellip;]</p>

<!-- This site is optimized with the Yoast SEO plugin v26.8 - https://yoast.com/product/yoast-seo-wordpress/ -->
<title>Couronne d&#039;automne - Autumn Wreath - CRFM Valcartier</title>
<meta name="robots" content="index, follow, max-snippet:-1, max-image-preview:large, max-video-preview:-1" />
<link rel="canonical" href="https://crfmv.com/fr/event/couronne-dautomne-autumn-wreath/" />
<meta property="og:locale" content="fr_FR" />
<meta property="og:type" content="article" />
<meta property="og:title" content="Couronne d&#039;automne - Autumn Wreath - CRFM Valcartier" />
<meta property="og:description" content="Le café découverte est l&rsquo;endroit idéal pour rencontrer des gens de la communauté et briser l&rsquo;isolement. Venez échanger avec des gens comprenant votre réalité, tout en créant votre couronne d&rsquo;automne. [&hellip;]" />
<meta property="og:url" content="https://crfmv.com/fr/event/couronne-dautomne-autumn-wreath/" />
<meta property="og:site_name" content="CRFM Valcartier" />
<meta property="article:publisher" content="https://www.facebook.com/CFvalcartier" />
<meta name="twitter:card" content="summary_large_image" />
<meta name="twitter:label1" content="Durée de lecture estimée" />
	<meta name="twitter:data1" content="1 minute" />
<script type="application/ld+json" class="yoast-schema-graph">{"@context":"https://schema.org","@graph":[{"@type":"WebPage","@id":"https://crfmv.com/fr/event/couronne-dautomne-autumn-wreath/","url":"https://crfmv.com/fr/event/couronne-dautomne-autumn-wreath/","name":"Couronne d'automne - Autumn Wreath - CRFM Valcartier","isPartOf":{"@id":"https://crfmv.com/fr/#website"},"datePublished":"2021-08-31T19:00:51+00:00","breadcrumb":{"@id":"https://crfmv.com/fr/event/couronne-dautomne-autumn-wreath/#breadcrumb"},"inLanguage":"fr-FR","potentialAction":[{"@type":"ReadAction","target":["https://crfmv.com/fr/event/couronne-dautomne-autumn-wreath/"]}]},{"@type":"BreadcrumbList","@id":"https://crfmv.com/fr/event/couronne-dautomne-autumn-wreath/#breadcrumb","itemListElement":[{"@type":"ListItem","position":1,"name":"Accueil","item":"https://crfmv.com/fr/"},{"@type":"ListItem","position":2,"name":"Évènements","item":"https://crfmv.com/fr/calendrier/"},{"@type":"ListItem","position":3,"name":"Couronne d&rsquo;automne &#8211; Autumn Wreath"}]},{"@type":"WebSite","@id":"https://crfmv.com/fr/#website","url":"https://crfmv.com/fr/","name":"CRFM Valcartier","description":"Centre de ressources pour les familles militaires Valcartier","publisher":{"@id":"https://crfmv.com/fr/#organization"},"potentialAction":[{"@type":"SearchAction","target":{"@type":"EntryPoint","urlTemplate":"https://crfmv.com/fr/?s={search_term_string}"},"query-input":{"@type":"PropertyValueSpecification","valueRequired":true,"valueName":"search_term_string"}}],"inLanguage":"fr-FR"},{"@type":"Organization","@id":"https://crfmv.com/fr/#organization","name":"Centre de la Famille Valcartier","url":"https://crfmv.com/fr/","logo":{"@type":"ImageObject","inLanguage":"fr-FR","@id":"https://crfmv.com/fr/#/schema/logo/image/","url":"https://crfmv.com/wp-content/uploads/2019/08/logo-CFV-2010-01.png","contentUrl":"https://crfmv.com/wp-content/uploads/2019/08/logo-CFV-2010-01.png","width":376,"height":376,"caption":"Centre de la Famille Valcartier"},"image":{"@id":"https://crfmv.com/fr/#/schema/logo/image/"},"sameAs":["https://www.facebook.com/CFvalcartier","https://www.instagram.com/agent_info_cfv","https://www.linkedin.com/company/centre-de-la-famille-valcartier/","https://www.pinterest.ca/agenteliaisoncf/pins/","https://www.youtube.com/channel/UCdLAsxyb6wN-q7bDaZYzuZw?view_as=subscriber"]}]}</script>
<!-- / Yoast SEO plugin. -->

Le café découverte est l&rsquo;endroit idéal pour rencontrer des gens de la communauté et briser l&rsquo;isolement. Venez échanger avec des gens comprenant votre réalité, tout en créant votre couronne d&rsquo;automne. [&hellip;]

Évènements
