{"id":7612,"date":"2022-04-13T14:01:05","date_gmt":"2022-04-13T18:01:05","guid":{"rendered":"https:\/\/crfmv.com\/?post_type=tribe_events&#038;p=7612"},"modified":"2022-04-13T14:01:05","modified_gmt":"2022-04-13T18:01:05","slug":"pause-creative-cafe-glacee-creative-ice-coffee-break","status":"publish","type":"tribe_events","link":"https:\/\/crfmv.com\/fr\/event\/pause-creative-cafe-glacee-creative-ice-coffee-break\/","title":{"rendered":"Pause cr\u00e9ative : Caf\u00e9 glac\u00e9e &#8211; Creative \u00a0\u00bbice coffee\u00a0\u00bb break"},"content":{"rendered":"<p>Caf\u00e9 D\u00e9couverte. Activit\u00e9s \u00e0 th\u00e9matiques vari\u00e9es visant l\u2019accueil et l\u2019int\u00e9gration des familles \u00e0 la communaut\u00e9 militaire.<\/p>\n<p>Venez d\u00e9guster un caf\u00e9 gla\u00e7\u00e9 maison. Faite votre propre recette! Repartez avec un verre d\u00e9cor\u00e9 \u00e0 votre go\u00fbt.<\/p>\n<p>Tout le mat\u00e9riel vous sera fourni.<\/p>\n<p>Quand? Le 4 mai. Inscription en ligne.<br \/>\nMatin : 9h30 &#8211; <a href=\"https:\/\/bit.ly\/3uIjz4i\">https:\/\/bit.ly\/3uIjz4i<\/a><br \/>\nOU<br \/>\nSoir : 18h30 &#8211; <a href=\"https:\/\/bit.ly\/3uIjGge\">https:\/\/bit.ly\/3uIjGge<\/a><\/p>\n<p>Au Centre communautaire, \u00c9difice 93. 5$ par personne.<\/p>\n<p>INSCRIPTION OBLIGATOIRE avant le 2 mai. Places limit\u00e9es. Pour maximiser l\u2019exp\u00e9rience, les enfants ne seront malheureusement pas admis.<\/p>\n<p>INFORMATION<br \/>\njulie.chamberland@crfmv.com<br \/>\n418 844-6060<\/p>\n<p>________________________________________________________________________________________________________________________<\/p>\n<p>Caf\u00e9 D\u00e9couverte. Theme-based activities that bring people together by integrating newcomers and reinforcing the military family community.<\/p>\n<p>Come and enjoy a homemade iced coffee. Make your own recipe! Leave with a decorated glass to your taste.<\/p>\n<p>All materials will be provided.<\/p>\n<p>When? May 4th. Online registration.<br \/>\nMorning : 9:30 am &#8211; <a href=\"https:\/\/bit.ly\/3uIjz4i\">https:\/\/bit.ly\/3uIjz4i<\/a><br \/>\nOR<br \/>\nEvening : 6:30 pm &#8211; <a href=\"https:\/\/bit.ly\/3uIjGge\">https:\/\/bit.ly\/3uIjGge<\/a><\/p>\n<p>At the community Centre, Building 93. $5 per person.<\/p>\n<p>REGISTRATION IS MANDATORY before May 2. Please note the places are limited. To maximise the experience, kids will unfortunately not be admitted.<\/p>\n<p>INFORMATION<br \/>\njulie.chamberland@crfmv.com<br \/>\n418 844-6060<\/p>\n","protected":false},"excerpt":{"rendered":"<p>Caf\u00e9 D\u00e9couverte. Activit\u00e9s \u00e0 th\u00e9matiques vari\u00e9es visant l\u2019accueil et l\u2019int\u00e9gration des familles \u00e0 la communaut\u00e9 militaire. Venez d\u00e9guster un caf\u00e9 gla\u00e7\u00e9 maison. Faite votre propre recette! Repartez avec un verre [&hellip;]<\/p>\n","protected":false},"author":48,"featured_media":0,"template":"","meta":{"_et_pb_use_builder":"","_et_pb_old_content":"","_et_gb_content_width":"","_price":"","_stock":"","_tribe_ticket_header":"","_tribe_default_ticket_provider":"","_tribe_ticket_capacity":"0","_ticket_start_date":"","_ticket_end_date":"","_tribe_ticket_show_description":"","_tribe_ticket_show_not_going":false,"_tribe_ticket_use_global_stock":"","_tribe_ticket_global_stock_level":"","_global_stock_mode":"","_global_stock_cap":"","_tribe_rsvp_for_event":"","_tribe_ticket_going_count":"","_tribe_ticket_not_going_count":"","_tribe_tickets_list":"[]","_tribe_ticket_has_attendee_info_fields":false,"_tribe_events_status":"","_tribe_events_status_reason":"","footnotes":"","_tec_slr_enabled":"","_tec_slr_layout":""},"tags":[],"tribe_events_cat":[],"class_list":["post-7612","tribe_events","type-tribe_events","status-publish","hentry"],"yoast_head":"<!-- This site is optimized with the Yoast SEO plugin v26.8 - https:\/\/yoast.com\/product\/yoast-seo-wordpress\/ -->\n<title>Pause cr\u00e9ative : Caf\u00e9 glac\u00e9e - Creative &#039;&#039;ice coffee&#039;&#039; break - CRFM Valcartier<\/title>\n<meta name=\"robots\" content=\"index, follow, max-snippet:-1, max-image-preview:large, max-video-preview:-1\" \/>\n<link rel=\"canonical\" href=\"https:\/\/crfmv.com\/fr\/event\/pause-creative-cafe-glacee-creative-ice-coffee-break\/\" \/>\n<meta property=\"og:locale\" content=\"fr_FR\" \/>\n<meta property=\"og:type\" content=\"article\" \/>\n<meta property=\"og:title\" content=\"Pause cr\u00e9ative : Caf\u00e9 glac\u00e9e - Creative &#039;&#039;ice coffee&#039;&#039; break - CRFM Valcartier\" \/>\n<meta property=\"og:description\" content=\"Caf\u00e9 D\u00e9couverte. Activit\u00e9s \u00e0 th\u00e9matiques vari\u00e9es visant l\u2019accueil et l\u2019int\u00e9gration des familles \u00e0 la communaut\u00e9 militaire. Venez d\u00e9guster un caf\u00e9 gla\u00e7\u00e9 maison. Faite votre propre recette! Repartez avec un verre [&hellip;]\" \/>\n<meta property=\"og:url\" content=\"https:\/\/crfmv.com\/fr\/event\/pause-creative-cafe-glacee-creative-ice-coffee-break\/\" \/>\n<meta property=\"og:site_name\" content=\"CRFM Valcartier\" \/>\n<meta property=\"article:publisher\" content=\"https:\/\/www.facebook.com\/CFvalcartier\" \/>\n<meta property=\"og:image\" content=\"https:\/\/crfmv.com\/wp-content\/uploads\/2022\/04\/mai_cafe.png\" \/>\n\t<meta property=\"og:image:width\" content=\"1200\" \/>\n\t<meta property=\"og:image:height\" content=\"630\" \/>\n\t<meta property=\"og:image:type\" content=\"image\/png\" \/>\n<meta name=\"twitter:card\" content=\"summary_large_image\" \/>\n<meta name=\"twitter:label1\" content=\"Dur\u00e9e de lecture estim\u00e9e\" \/>\n\t<meta name=\"twitter:data1\" content=\"1 minute\" \/>\n<script type=\"application\/ld+json\" class=\"yoast-schema-graph\">{\"@context\":\"https:\/\/schema.org\",\"@graph\":[{\"@type\":\"WebPage\",\"@id\":\"https:\/\/crfmv.com\/fr\/event\/pause-creative-cafe-glacee-creative-ice-coffee-break\/\",\"url\":\"https:\/\/crfmv.com\/fr\/event\/pause-creative-cafe-glacee-creative-ice-coffee-break\/\",\"name\":\"Pause cr\u00e9ative : Caf\u00e9 glac\u00e9e - Creative ''ice coffee'' break - CRFM Valcartier\",\"isPartOf\":{\"@id\":\"https:\/\/crfmv.com\/fr\/#website\"},\"datePublished\":\"2022-04-13T18:01:05+00:00\",\"breadcrumb\":{\"@id\":\"https:\/\/crfmv.com\/fr\/event\/pause-creative-cafe-glacee-creative-ice-coffee-break\/#breadcrumb\"},\"inLanguage\":\"fr-FR\",\"potentialAction\":[{\"@type\":\"ReadAction\",\"target\":[\"https:\/\/crfmv.com\/fr\/event\/pause-creative-cafe-glacee-creative-ice-coffee-break\/\"]}]},{\"@type\":\"BreadcrumbList\",\"@id\":\"https:\/\/crfmv.com\/fr\/event\/pause-creative-cafe-glacee-creative-ice-coffee-break\/#breadcrumb\",\"itemListElement\":[{\"@type\":\"ListItem\",\"position\":1,\"name\":\"Accueil\",\"item\":\"https:\/\/crfmv.com\/fr\/\"},{\"@type\":\"ListItem\",\"position\":2,\"name\":\"\u00c9v\u00e8nements\",\"item\":\"https:\/\/crfmv.com\/fr\/calendrier\/\"},{\"@type\":\"ListItem\",\"position\":3,\"name\":\"Pause cr\u00e9ative : Caf\u00e9 glac\u00e9e &#8211; Creative \u00a0\u00bbice coffee\u00a0\u00bb break\"}]},{\"@type\":\"WebSite\",\"@id\":\"https:\/\/crfmv.com\/fr\/#website\",\"url\":\"https:\/\/crfmv.com\/fr\/\",\"name\":\"CRFM Valcartier\",\"description\":\"Centre de ressources pour les familles militaires Valcartier\",\"publisher\":{\"@id\":\"https:\/\/crfmv.com\/fr\/#organization\"},\"potentialAction\":[{\"@type\":\"SearchAction\",\"target\":{\"@type\":\"EntryPoint\",\"urlTemplate\":\"https:\/\/crfmv.com\/fr\/?s={search_term_string}\"},\"query-input\":{\"@type\":\"PropertyValueSpecification\",\"valueRequired\":true,\"valueName\":\"search_term_string\"}}],\"inLanguage\":\"fr-FR\"},{\"@type\":\"Organization\",\"@id\":\"https:\/\/crfmv.com\/fr\/#organization\",\"name\":\"Centre de la Famille Valcartier\",\"url\":\"https:\/\/crfmv.com\/fr\/\",\"logo\":{\"@type\":\"ImageObject\",\"inLanguage\":\"fr-FR\",\"@id\":\"https:\/\/crfmv.com\/fr\/#\/schema\/logo\/image\/\",\"url\":\"https:\/\/crfmv.com\/wp-content\/uploads\/2019\/08\/logo-CFV-2010-01.png\",\"contentUrl\":\"https:\/\/crfmv.com\/wp-content\/uploads\/2019\/08\/logo-CFV-2010-01.png\",\"width\":376,\"height\":376,\"caption\":\"Centre de la Famille Valcartier\"},\"image\":{\"@id\":\"https:\/\/crfmv.com\/fr\/#\/schema\/logo\/image\/\"},\"sameAs\":[\"https:\/\/www.facebook.com\/CFvalcartier\",\"https:\/\/www.instagram.com\/agent_info_cfv\",\"https:\/\/www.linkedin.com\/company\/centre-de-la-famille-valcartier\/\",\"https:\/\/www.pinterest.ca\/agenteliaisoncf\/pins\/\",\"https:\/\/www.youtube.com\/channel\/UCdLAsxyb6wN-q7bDaZYzuZw?view_as=subscriber\"]}]}<\/script>\n<!-- \/ Yoast SEO plugin. -->","yoast_head_json":{"title":"Pause cr\u00e9ative : Caf\u00e9 glac\u00e9e - Creative ''ice coffee'' break - CRFM Valcartier","robots":{"index":"index","follow":"follow","max-snippet":"max-snippet:-1","max-image-preview":"max-image-preview:large","max-video-preview":"max-video-preview:-1"},"canonical":"https:\/\/crfmv.com\/fr\/event\/pause-creative-cafe-glacee-creative-ice-coffee-break\/","og_locale":"fr_FR","og_type":"article","og_title":"Pause cr\u00e9ative : Caf\u00e9 glac\u00e9e - Creative ''ice coffee'' break - CRFM Valcartier","og_description":"Caf\u00e9 D\u00e9couverte. Activit\u00e9s \u00e0 th\u00e9matiques vari\u00e9es visant l\u2019accueil et l\u2019int\u00e9gration des familles \u00e0 la communaut\u00e9 militaire. Venez d\u00e9guster un caf\u00e9 gla\u00e7\u00e9 maison. Faite votre propre recette! Repartez avec un verre [&hellip;]","og_url":"https:\/\/crfmv.com\/fr\/event\/pause-creative-cafe-glacee-creative-ice-coffee-break\/","og_site_name":"CRFM Valcartier","article_publisher":"https:\/\/www.facebook.com\/CFvalcartier","og_image":[{"width":1200,"height":630,"url":"https:\/\/crfmv.com\/wp-content\/uploads\/2022\/04\/mai_cafe.png","type":"image\/png"}],"twitter_card":"summary_large_image","twitter_misc":{"Dur\u00e9e de lecture estim\u00e9e":"1 minute"},"schema":{"@context":"https:\/\/schema.org","@graph":[{"@type":"WebPage","@id":"https:\/\/crfmv.com\/fr\/event\/pause-creative-cafe-glacee-creative-ice-coffee-break\/","url":"https:\/\/crfmv.com\/fr\/event\/pause-creative-cafe-glacee-creative-ice-coffee-break\/","name":"Pause cr\u00e9ative : Caf\u00e9 glac\u00e9e - Creative ''ice coffee'' break - CRFM Valcartier","isPartOf":{"@id":"https:\/\/crfmv.com\/fr\/#website"},"datePublished":"2022-04-13T18:01:05+00:00","breadcrumb":{"@id":"https:\/\/crfmv.com\/fr\/event\/pause-creative-cafe-glacee-creative-ice-coffee-break\/#breadcrumb"},"inLanguage":"fr-FR","potentialAction":[{"@type":"ReadAction","target":["https:\/\/crfmv.com\/fr\/event\/pause-creative-cafe-glacee-creative-ice-coffee-break\/"]}]},{"@type":"BreadcrumbList","@id":"https:\/\/crfmv.com\/fr\/event\/pause-creative-cafe-glacee-creative-ice-coffee-break\/#breadcrumb","itemListElement":[{"@type":"ListItem","position":1,"name":"Accueil","item":"https:\/\/crfmv.com\/fr\/"},{"@type":"ListItem","position":2,"name":"\u00c9v\u00e8nements","item":"https:\/\/crfmv.com\/fr\/calendrier\/"},{"@type":"ListItem","position":3,"name":"Pause cr\u00e9ative : Caf\u00e9 glac\u00e9e &#8211; Creative \u00a0\u00bbice coffee\u00a0\u00bb break"}]},{"@type":"WebSite","@id":"https:\/\/crfmv.com\/fr\/#website","url":"https:\/\/crfmv.com\/fr\/","name":"CRFM Valcartier","description":"Centre de ressources pour les familles militaires Valcartier","publisher":{"@id":"https:\/\/crfmv.com\/fr\/#organization"},"potentialAction":[{"@type":"SearchAction","target":{"@type":"EntryPoint","urlTemplate":"https:\/\/crfmv.com\/fr\/?s={search_term_string}"},"query-input":{"@type":"PropertyValueSpecification","valueRequired":true,"valueName":"search_term_string"}}],"inLanguage":"fr-FR"},{"@type":"Organization","@id":"https:\/\/crfmv.com\/fr\/#organization","name":"Centre de la Famille Valcartier","url":"https:\/\/crfmv.com\/fr\/","logo":{"@type":"ImageObject","inLanguage":"fr-FR","@id":"https:\/\/crfmv.com\/fr\/#\/schema\/logo\/image\/","url":"https:\/\/crfmv.com\/wp-content\/uploads\/2019\/08\/logo-CFV-2010-01.png","contentUrl":"https:\/\/crfmv.com\/wp-content\/uploads\/2019\/08\/logo-CFV-2010-01.png","width":376,"height":376,"caption":"Centre de la Famille Valcartier"},"image":{"@id":"https:\/\/crfmv.com\/fr\/#\/schema\/logo\/image\/"},"sameAs":["https:\/\/www.facebook.com\/CFvalcartier","https:\/\/www.instagram.com\/agent_info_cfv","https:\/\/www.linkedin.com\/company\/centre-de-la-famille-valcartier\/","https:\/\/www.pinterest.ca\/agenteliaisoncf\/pins\/","https:\/\/www.youtube.com\/channel\/UCdLAsxyb6wN-q7bDaZYzuZw?view_as=subscriber"]}]}},"ticketed":false,"_links":{"self":[{"href":"https:\/\/crfmv.com\/fr\/wp-json\/wp\/v2\/tribe_events\/7612","targetHints":{"allow":["GET"]}}],"collection":[{"href":"https:\/\/crfmv.com\/fr\/wp-json\/wp\/v2\/tribe_events"}],"about":[{"href":"https:\/\/crfmv.com\/fr\/wp-json\/wp\/v2\/types\/tribe_events"}],"author":[{"embeddable":true,"href":"https:\/\/crfmv.com\/fr\/wp-json\/wp\/v2\/users\/48"}],"version-history":[{"count":1,"href":"https:\/\/crfmv.com\/fr\/wp-json\/wp\/v2\/tribe_events\/7612\/revisions"}],"predecessor-version":[{"id":7615,"href":"https:\/\/crfmv.com\/fr\/wp-json\/wp\/v2\/tribe_events\/7612\/revisions\/7615"}],"wp:attachment":[{"href":"https:\/\/crfmv.com\/fr\/wp-json\/wp\/v2\/media?parent=7612"}],"wp:term":[{"taxonomy":"post_tag","embeddable":true,"href":"https:\/\/crfmv.com\/fr\/wp-json\/wp\/v2\/tags?post=7612"},{"taxonomy":"tribe_events_cat","embeddable":true,"href":"https:\/\/crfmv.com\/fr\/wp-json\/wp\/v2\/tribe_events_cat?post=7612"}],"curies":[{"name":"wp","href":"https:\/\/api.w.org\/{rel}","templated":true}]}}

Pause créative : Café glacée &#8211; Creative  »ice coffee » break

<p>Café Découverte. Activités à thématiques variées visant l’accueil et l’intégration des familles à la communauté militaire.</p>
<p>Venez déguster un café glaçé maison. Faite votre propre recette! Repartez avec un verre décoré à votre goût.</p>
<p>Tout le matériel vous sera fourni.</p>
<p>Quand? Le 4 mai. Inscription en ligne.<br />
Matin : 9h30 &#8211; <a href="https://bit.ly/3uIjz4i">https://bit.ly/3uIjz4i</a><br />
OU<br />
Soir : 18h30 &#8211; <a href="https://bit.ly/3uIjGge">https://bit.ly/3uIjGge</a></p>
<p>Au Centre communautaire, Édifice 93. 5$ par personne.</p>
<p>INSCRIPTION OBLIGATOIRE avant le 2 mai. Places limitées. Pour maximiser l’expérience, les enfants ne seront malheureusement pas admis.</p>
<p>INFORMATION<br />
julie.chamberland@crfmv.com<br />
418 844-6060</p>
<p>________________________________________________________________________________________________________________________</p>
<p>Café Découverte. Theme-based activities that bring people together by integrating newcomers and reinforcing the military family community.</p>
<p>Come and enjoy a homemade iced coffee. Make your own recipe! Leave with a decorated glass to your taste.</p>
<p>All materials will be provided.</p>
<p>When? May 4th. Online registration.<br />
Morning : 9:30 am &#8211; <a href="https://bit.ly/3uIjz4i">https://bit.ly/3uIjz4i</a><br />
OR<br />
Evening : 6:30 pm &#8211; <a href="https://bit.ly/3uIjGge">https://bit.ly/3uIjGge</a></p>
<p>At the community Centre, Building 93. $5 per person.</p>
<p>REGISTRATION IS MANDATORY before May 2. Please note the places are limited. To maximise the experience, kids will unfortunately not be admitted.</p>
<p>INFORMATION<br />
julie.chamberland@crfmv.com<br />
418 844-6060</p>

<p>Café Découverte. Activités à thématiques variées visant l’accueil et l’intégration des familles à la communauté militaire. Venez déguster un café glaçé maison. Faite votre propre recette! Repartez avec un verre [&hellip;]</p>

<!-- This site is optimized with the Yoast SEO plugin v26.8 - https://yoast.com/product/yoast-seo-wordpress/ -->
<title>Pause créative : Café glacée - Creative &#039;&#039;ice coffee&#039;&#039; break - CRFM Valcartier</title>
<meta name="robots" content="index, follow, max-snippet:-1, max-image-preview:large, max-video-preview:-1" />
<link rel="canonical" href="https://crfmv.com/fr/event/pause-creative-cafe-glacee-creative-ice-coffee-break/" />
<meta property="og:locale" content="fr_FR" />
<meta property="og:type" content="article" />
<meta property="og:title" content="Pause créative : Café glacée - Creative &#039;&#039;ice coffee&#039;&#039; break - CRFM Valcartier" />
<meta property="og:description" content="Café Découverte. Activités à thématiques variées visant l’accueil et l’intégration des familles à la communauté militaire. Venez déguster un café glaçé maison. Faite votre propre recette! Repartez avec un verre [&hellip;]" />
<meta property="og:url" content="https://crfmv.com/fr/event/pause-creative-cafe-glacee-creative-ice-coffee-break/" />
<meta property="og:site_name" content="CRFM Valcartier" />
<meta property="article:publisher" content="https://www.facebook.com/CFvalcartier" />
<meta property="og:image" content="https://crfmv.com/wp-content/uploads/2022/04/mai_cafe.png" />
	<meta property="og:image:width" content="1200" />
	<meta property="og:image:height" content="630" />
	<meta property="og:image:type" content="image/png" />
<meta name="twitter:card" content="summary_large_image" />
<meta name="twitter:label1" content="Durée de lecture estimée" />
	<meta name="twitter:data1" content="1 minute" />
<script type="application/ld+json" class="yoast-schema-graph">{"@context":"https://schema.org","@graph":[{"@type":"WebPage","@id":"https://crfmv.com/fr/event/pause-creative-cafe-glacee-creative-ice-coffee-break/","url":"https://crfmv.com/fr/event/pause-creative-cafe-glacee-creative-ice-coffee-break/","name":"Pause créative : Café glacée - Creative ''ice coffee'' break - CRFM Valcartier","isPartOf":{"@id":"https://crfmv.com/fr/#website"},"datePublished":"2022-04-13T18:01:05+00:00","breadcrumb":{"@id":"https://crfmv.com/fr/event/pause-creative-cafe-glacee-creative-ice-coffee-break/#breadcrumb"},"inLanguage":"fr-FR","potentialAction":[{"@type":"ReadAction","target":["https://crfmv.com/fr/event/pause-creative-cafe-glacee-creative-ice-coffee-break/"]}]},{"@type":"BreadcrumbList","@id":"https://crfmv.com/fr/event/pause-creative-cafe-glacee-creative-ice-coffee-break/#breadcrumb","itemListElement":[{"@type":"ListItem","position":1,"name":"Accueil","item":"https://crfmv.com/fr/"},{"@type":"ListItem","position":2,"name":"Évènements","item":"https://crfmv.com/fr/calendrier/"},{"@type":"ListItem","position":3,"name":"Pause créative : Café glacée &#8211; Creative  »ice coffee » break"}]},{"@type":"WebSite","@id":"https://crfmv.com/fr/#website","url":"https://crfmv.com/fr/","name":"CRFM Valcartier","description":"Centre de ressources pour les familles militaires Valcartier","publisher":{"@id":"https://crfmv.com/fr/#organization"},"potentialAction":[{"@type":"SearchAction","target":{"@type":"EntryPoint","urlTemplate":"https://crfmv.com/fr/?s={search_term_string}"},"query-input":{"@type":"PropertyValueSpecification","valueRequired":true,"valueName":"search_term_string"}}],"inLanguage":"fr-FR"},{"@type":"Organization","@id":"https://crfmv.com/fr/#organization","name":"Centre de la Famille Valcartier","url":"https://crfmv.com/fr/","logo":{"@type":"ImageObject","inLanguage":"fr-FR","@id":"https://crfmv.com/fr/#/schema/logo/image/","url":"https://crfmv.com/wp-content/uploads/2019/08/logo-CFV-2010-01.png","contentUrl":"https://crfmv.com/wp-content/uploads/2019/08/logo-CFV-2010-01.png","width":376,"height":376,"caption":"Centre de la Famille Valcartier"},"image":{"@id":"https://crfmv.com/fr/#/schema/logo/image/"},"sameAs":["https://www.facebook.com/CFvalcartier","https://www.instagram.com/agent_info_cfv","https://www.linkedin.com/company/centre-de-la-famille-valcartier/","https://www.pinterest.ca/agenteliaisoncf/pins/","https://www.youtube.com/channel/UCdLAsxyb6wN-q7bDaZYzuZw?view_as=subscriber"]}]}</script>
<!-- / Yoast SEO plugin. -->

Pause créative : Café glacée - Creative ''ice coffee'' break - CRFM Valcartier

Café Découverte. Activités à thématiques variées visant l’accueil et l’intégration des familles à la communauté militaire. Venez déguster un café glaçé maison. Faite votre propre recette! Repartez avec un verre [&hellip;]

Évènements
