{"id":7772,"date":"2022-05-10T16:05:16","date_gmt":"2022-05-10T20:05:16","guid":{"rendered":"https:\/\/crfmv.com\/?post_type=tribe_events&#038;p=7772"},"modified":"2022-05-10T16:05:16","modified_gmt":"2022-05-10T20:05:16","slug":"dad-fest","status":"publish","type":"tribe_events","link":"https:\/\/crfmv.com\/fr\/event\/dad-fest\/","title":{"rendered":"DAD FEST"},"content":{"rendered":"<p><strong>Pour souligner la Semaine Qu\u00e9b\u00e9coise de la Paternit\u00e9.<\/strong><\/p>\n<ul>\n<li>BEAU TEMPS, MAUVAIS TEMPS.<\/li>\n<li>DERRI\u00c8RE LE CENTRE COMMUNAUTAIRE (\u00c9DIFICE 93).<\/li>\n<li>TOUTE LA FAMILLE EST INVIT\u00caE.<\/li>\n<\/ul>\n<p>Quand? Dimanche 19 juin, de 10h \u00e0 16h. Gratuit. BBQ hot-dog et friandises ($).<\/p>\n<ul>\n<li>Kermesses Fermette<\/li>\n<li>Spectacle du duo \u00ab New Wave \u00bb<\/li>\n<li>Jeux gonflables<\/li>\n<li>Zumba<br \/>\nEt plus encore!<\/li>\n<\/ul>\n<p>Inscription obligatoire avant le 15 juin : <a href=\"https:\/\/dadfest2022.eventbrite.ca\">https:\/\/dadfest2022.eventbrite.ca<\/a><\/p>\n<p>INFORMATION<br \/>\nMathieu Bouchard et Tanya Langlois<br \/>\n418 844-6060<br \/>\nservicesenfance@crfmv.com<\/p>\n<p>________________________________________________________________________________________________________________________<\/p>\n<p><strong>To highlight Quebec&rsquo;s paternity week.<\/strong><\/p>\n<ul>\n<li>RAIN OR SHINE.<\/li>\n<li>BEHIND THE COMMUNITY CENTRE (BUILDING 93).<\/li>\n<li>THE WHOLE FAMILY IS INVITED.<\/li>\n<\/ul>\n<p>When? Sunday june 19, from 10:00 am to 4:00 pm. Free. BBQ hot-dog and candies ($).<\/p>\n<ul>\n<li>Fairs Small farm<\/li>\n<li>Performance by the \u201cNew Wave\u201d duo<\/li>\n<li>Inflatable games<\/li>\n<li>Zumba<br \/>\nAnd more!<\/li>\n<\/ul>\n<p>Mandatory registration before June 15 : <a href=\"https:\/\/dadfest2022.eventbrite.ca\">https:\/\/dadfest2022.eventbrite.ca<\/a><\/p>\n<p>INFORMATION<br \/>\nMathieu Bouchard et Tanya Langlois<br \/>\n418 844-6060<br \/>\nservicesenfance@crfmv.com<\/p>\n","protected":false},"excerpt":{"rendered":"<p>Pour souligner la Semaine Qu\u00e9b\u00e9coise de la Paternit\u00e9. BEAU TEMPS, MAUVAIS TEMPS. DERRI\u00c8RE LE CENTRE COMMUNAUTAIRE (\u00c9DIFICE 93). TOUTE LA FAMILLE EST INVIT\u00caE. Quand? Dimanche 19 juin, de 10h \u00e0 [&hellip;]<\/p>\n","protected":false},"author":48,"featured_media":0,"template":"","meta":{"_et_pb_use_builder":"","_et_pb_old_content":"","_et_gb_content_width":"","_price":"","_stock":"","_tribe_ticket_header":"","_tribe_default_ticket_provider":"","_tribe_ticket_capacity":"0","_ticket_start_date":"","_ticket_end_date":"","_tribe_ticket_show_description":"","_tribe_ticket_show_not_going":false,"_tribe_ticket_use_global_stock":"","_tribe_ticket_global_stock_level":"","_global_stock_mode":"","_global_stock_cap":"","_tribe_rsvp_for_event":"","_tribe_ticket_going_count":"","_tribe_ticket_not_going_count":"","_tribe_tickets_list":"[]","_tribe_ticket_has_attendee_info_fields":false,"_tribe_events_status":"","_tribe_events_status_reason":"","footnotes":"","_tec_slr_enabled":"","_tec_slr_layout":""},"tags":[],"tribe_events_cat":[],"class_list":["post-7772","tribe_events","type-tribe_events","status-publish","hentry"],"yoast_head":"<!-- This site is optimized with the Yoast SEO plugin v26.8 - https:\/\/yoast.com\/product\/yoast-seo-wordpress\/ -->\n<title>DAD FEST - CRFM Valcartier<\/title>\n<meta name=\"robots\" content=\"index, follow, max-snippet:-1, max-image-preview:large, max-video-preview:-1\" \/>\n<link rel=\"canonical\" href=\"https:\/\/crfmv.com\/fr\/event\/dad-fest\/\" \/>\n<meta property=\"og:locale\" content=\"fr_FR\" \/>\n<meta property=\"og:type\" content=\"article\" \/>\n<meta property=\"og:title\" content=\"DAD FEST - CRFM Valcartier\" \/>\n<meta property=\"og:description\" content=\"Pour souligner la Semaine Qu\u00e9b\u00e9coise de la Paternit\u00e9. BEAU TEMPS, MAUVAIS TEMPS. DERRI\u00c8RE LE CENTRE COMMUNAUTAIRE (\u00c9DIFICE 93). TOUTE LA FAMILLE EST INVIT\u00caE. Quand? Dimanche 19 juin, de 10h \u00e0 [&hellip;]\" \/>\n<meta property=\"og:url\" content=\"https:\/\/crfmv.com\/fr\/event\/dad-fest\/\" \/>\n<meta property=\"og:site_name\" content=\"CRFM Valcartier\" \/>\n<meta property=\"article:publisher\" content=\"https:\/\/www.facebook.com\/CFvalcartier\" \/>\n<meta property=\"og:image\" content=\"https:\/\/crfmv.com\/wp-content\/uploads\/2022\/05\/bandeau_FB.png\" \/>\n\t<meta property=\"og:image:width\" content=\"1200\" \/>\n\t<meta property=\"og:image:height\" content=\"630\" \/>\n\t<meta property=\"og:image:type\" content=\"image\/png\" \/>\n<meta name=\"twitter:card\" content=\"summary_large_image\" \/>\n<meta name=\"twitter:label1\" content=\"Dur\u00e9e de lecture estim\u00e9e\" \/>\n\t<meta name=\"twitter:data1\" content=\"1 minute\" \/>\n<script type=\"application\/ld+json\" class=\"yoast-schema-graph\">{\"@context\":\"https:\/\/schema.org\",\"@graph\":[{\"@type\":\"WebPage\",\"@id\":\"https:\/\/crfmv.com\/fr\/event\/dad-fest\/\",\"url\":\"https:\/\/crfmv.com\/fr\/event\/dad-fest\/\",\"name\":\"DAD FEST - CRFM Valcartier\",\"isPartOf\":{\"@id\":\"https:\/\/crfmv.com\/fr\/#website\"},\"datePublished\":\"2022-05-10T20:05:16+00:00\",\"breadcrumb\":{\"@id\":\"https:\/\/crfmv.com\/fr\/event\/dad-fest\/#breadcrumb\"},\"inLanguage\":\"fr-FR\",\"potentialAction\":[{\"@type\":\"ReadAction\",\"target\":[\"https:\/\/crfmv.com\/fr\/event\/dad-fest\/\"]}]},{\"@type\":\"BreadcrumbList\",\"@id\":\"https:\/\/crfmv.com\/fr\/event\/dad-fest\/#breadcrumb\",\"itemListElement\":[{\"@type\":\"ListItem\",\"position\":1,\"name\":\"Accueil\",\"item\":\"https:\/\/crfmv.com\/fr\/\"},{\"@type\":\"ListItem\",\"position\":2,\"name\":\"\u00c9v\u00e8nements\",\"item\":\"https:\/\/crfmv.com\/fr\/calendrier\/\"},{\"@type\":\"ListItem\",\"position\":3,\"name\":\"DAD FEST\"}]},{\"@type\":\"WebSite\",\"@id\":\"https:\/\/crfmv.com\/fr\/#website\",\"url\":\"https:\/\/crfmv.com\/fr\/\",\"name\":\"CRFM Valcartier\",\"description\":\"Centre de ressources pour les familles militaires Valcartier\",\"publisher\":{\"@id\":\"https:\/\/crfmv.com\/fr\/#organization\"},\"potentialAction\":[{\"@type\":\"SearchAction\",\"target\":{\"@type\":\"EntryPoint\",\"urlTemplate\":\"https:\/\/crfmv.com\/fr\/?s={search_term_string}\"},\"query-input\":{\"@type\":\"PropertyValueSpecification\",\"valueRequired\":true,\"valueName\":\"search_term_string\"}}],\"inLanguage\":\"fr-FR\"},{\"@type\":\"Organization\",\"@id\":\"https:\/\/crfmv.com\/fr\/#organization\",\"name\":\"Centre de la Famille Valcartier\",\"url\":\"https:\/\/crfmv.com\/fr\/\",\"logo\":{\"@type\":\"ImageObject\",\"inLanguage\":\"fr-FR\",\"@id\":\"https:\/\/crfmv.com\/fr\/#\/schema\/logo\/image\/\",\"url\":\"https:\/\/crfmv.com\/wp-content\/uploads\/2019\/08\/logo-CFV-2010-01.png\",\"contentUrl\":\"https:\/\/crfmv.com\/wp-content\/uploads\/2019\/08\/logo-CFV-2010-01.png\",\"width\":376,\"height\":376,\"caption\":\"Centre de la Famille Valcartier\"},\"image\":{\"@id\":\"https:\/\/crfmv.com\/fr\/#\/schema\/logo\/image\/\"},\"sameAs\":[\"https:\/\/www.facebook.com\/CFvalcartier\",\"https:\/\/www.instagram.com\/agent_info_cfv\",\"https:\/\/www.linkedin.com\/company\/centre-de-la-famille-valcartier\/\",\"https:\/\/www.pinterest.ca\/agenteliaisoncf\/pins\/\",\"https:\/\/www.youtube.com\/channel\/UCdLAsxyb6wN-q7bDaZYzuZw?view_as=subscriber\"]}]}<\/script>\n<!-- \/ Yoast SEO plugin. -->","yoast_head_json":{"title":"DAD FEST - CRFM Valcartier","robots":{"index":"index","follow":"follow","max-snippet":"max-snippet:-1","max-image-preview":"max-image-preview:large","max-video-preview":"max-video-preview:-1"},"canonical":"https:\/\/crfmv.com\/fr\/event\/dad-fest\/","og_locale":"fr_FR","og_type":"article","og_title":"DAD FEST - CRFM Valcartier","og_description":"Pour souligner la Semaine Qu\u00e9b\u00e9coise de la Paternit\u00e9. BEAU TEMPS, MAUVAIS TEMPS. DERRI\u00c8RE LE CENTRE COMMUNAUTAIRE (\u00c9DIFICE 93). TOUTE LA FAMILLE EST INVIT\u00caE. Quand? Dimanche 19 juin, de 10h \u00e0 [&hellip;]","og_url":"https:\/\/crfmv.com\/fr\/event\/dad-fest\/","og_site_name":"CRFM Valcartier","article_publisher":"https:\/\/www.facebook.com\/CFvalcartier","og_image":[{"width":1200,"height":630,"url":"https:\/\/crfmv.com\/wp-content\/uploads\/2022\/05\/bandeau_FB.png","type":"image\/png"}],"twitter_card":"summary_large_image","twitter_misc":{"Dur\u00e9e de lecture estim\u00e9e":"1 minute"},"schema":{"@context":"https:\/\/schema.org","@graph":[{"@type":"WebPage","@id":"https:\/\/crfmv.com\/fr\/event\/dad-fest\/","url":"https:\/\/crfmv.com\/fr\/event\/dad-fest\/","name":"DAD FEST - CRFM Valcartier","isPartOf":{"@id":"https:\/\/crfmv.com\/fr\/#website"},"datePublished":"2022-05-10T20:05:16+00:00","breadcrumb":{"@id":"https:\/\/crfmv.com\/fr\/event\/dad-fest\/#breadcrumb"},"inLanguage":"fr-FR","potentialAction":[{"@type":"ReadAction","target":["https:\/\/crfmv.com\/fr\/event\/dad-fest\/"]}]},{"@type":"BreadcrumbList","@id":"https:\/\/crfmv.com\/fr\/event\/dad-fest\/#breadcrumb","itemListElement":[{"@type":"ListItem","position":1,"name":"Accueil","item":"https:\/\/crfmv.com\/fr\/"},{"@type":"ListItem","position":2,"name":"\u00c9v\u00e8nements","item":"https:\/\/crfmv.com\/fr\/calendrier\/"},{"@type":"ListItem","position":3,"name":"DAD FEST"}]},{"@type":"WebSite","@id":"https:\/\/crfmv.com\/fr\/#website","url":"https:\/\/crfmv.com\/fr\/","name":"CRFM Valcartier","description":"Centre de ressources pour les familles militaires Valcartier","publisher":{"@id":"https:\/\/crfmv.com\/fr\/#organization"},"potentialAction":[{"@type":"SearchAction","target":{"@type":"EntryPoint","urlTemplate":"https:\/\/crfmv.com\/fr\/?s={search_term_string}"},"query-input":{"@type":"PropertyValueSpecification","valueRequired":true,"valueName":"search_term_string"}}],"inLanguage":"fr-FR"},{"@type":"Organization","@id":"https:\/\/crfmv.com\/fr\/#organization","name":"Centre de la Famille Valcartier","url":"https:\/\/crfmv.com\/fr\/","logo":{"@type":"ImageObject","inLanguage":"fr-FR","@id":"https:\/\/crfmv.com\/fr\/#\/schema\/logo\/image\/","url":"https:\/\/crfmv.com\/wp-content\/uploads\/2019\/08\/logo-CFV-2010-01.png","contentUrl":"https:\/\/crfmv.com\/wp-content\/uploads\/2019\/08\/logo-CFV-2010-01.png","width":376,"height":376,"caption":"Centre de la Famille Valcartier"},"image":{"@id":"https:\/\/crfmv.com\/fr\/#\/schema\/logo\/image\/"},"sameAs":["https:\/\/www.facebook.com\/CFvalcartier","https:\/\/www.instagram.com\/agent_info_cfv","https:\/\/www.linkedin.com\/company\/centre-de-la-famille-valcartier\/","https:\/\/www.pinterest.ca\/agenteliaisoncf\/pins\/","https:\/\/www.youtube.com\/channel\/UCdLAsxyb6wN-q7bDaZYzuZw?view_as=subscriber"]}]}},"ticketed":false,"_links":{"self":[{"href":"https:\/\/crfmv.com\/fr\/wp-json\/wp\/v2\/tribe_events\/7772","targetHints":{"allow":["GET"]}}],"collection":[{"href":"https:\/\/crfmv.com\/fr\/wp-json\/wp\/v2\/tribe_events"}],"about":[{"href":"https:\/\/crfmv.com\/fr\/wp-json\/wp\/v2\/types\/tribe_events"}],"author":[{"embeddable":true,"href":"https:\/\/crfmv.com\/fr\/wp-json\/wp\/v2\/users\/48"}],"version-history":[{"count":1,"href":"https:\/\/crfmv.com\/fr\/wp-json\/wp\/v2\/tribe_events\/7772\/revisions"}],"predecessor-version":[{"id":7775,"href":"https:\/\/crfmv.com\/fr\/wp-json\/wp\/v2\/tribe_events\/7772\/revisions\/7775"}],"wp:attachment":[{"href":"https:\/\/crfmv.com\/fr\/wp-json\/wp\/v2\/media?parent=7772"}],"wp:term":[{"taxonomy":"post_tag","embeddable":true,"href":"https:\/\/crfmv.com\/fr\/wp-json\/wp\/v2\/tags?post=7772"},{"taxonomy":"tribe_events_cat","embeddable":true,"href":"https:\/\/crfmv.com\/fr\/wp-json\/wp\/v2\/tribe_events_cat?post=7772"}],"curies":[{"name":"wp","href":"https:\/\/api.w.org\/{rel}","templated":true}]}}

<p><strong>Pour souligner la Semaine Québécoise de la Paternité.</strong></p>
<ul>
<li>BEAU TEMPS, MAUVAIS TEMPS.</li>
<li>DERRIÈRE LE CENTRE COMMUNAUTAIRE (ÉDIFICE 93).</li>
<li>TOUTE LA FAMILLE EST INVITÊE.</li>
</ul>
<p>Quand? Dimanche 19 juin, de 10h à 16h. Gratuit. BBQ hot-dog et friandises ($).</p>
<ul>
<li>Kermesses Fermette</li>
<li>Spectacle du duo « New Wave »</li>
<li>Jeux gonflables</li>
<li>Zumba<br />
Et plus encore!</li>
</ul>
<p>Inscription obligatoire avant le 15 juin : <a href="https://dadfest2022.eventbrite.ca">https://dadfest2022.eventbrite.ca</a></p>
<p>INFORMATION<br />
Mathieu Bouchard et Tanya Langlois<br />
418 844-6060<br />
servicesenfance@crfmv.com</p>
<p>________________________________________________________________________________________________________________________</p>
<p><strong>To highlight Quebec&rsquo;s paternity week.</strong></p>
<ul>
<li>RAIN OR SHINE.</li>
<li>BEHIND THE COMMUNITY CENTRE (BUILDING 93).</li>
<li>THE WHOLE FAMILY IS INVITED.</li>
</ul>
<p>When? Sunday june 19, from 10:00 am to 4:00 pm. Free. BBQ hot-dog and candies ($).</p>
<ul>
<li>Fairs Small farm</li>
<li>Performance by the “New Wave” duo</li>
<li>Inflatable games</li>
<li>Zumba<br />
And more!</li>
</ul>
<p>Mandatory registration before June 15 : <a href="https://dadfest2022.eventbrite.ca">https://dadfest2022.eventbrite.ca</a></p>
<p>INFORMATION<br />
Mathieu Bouchard et Tanya Langlois<br />
418 844-6060<br />
servicesenfance@crfmv.com</p>

<p>Pour souligner la Semaine Québécoise de la Paternité. BEAU TEMPS, MAUVAIS TEMPS. DERRIÈRE LE CENTRE COMMUNAUTAIRE (ÉDIFICE 93). TOUTE LA FAMILLE EST INVITÊE. Quand? Dimanche 19 juin, de 10h à [&hellip;]</p>

<!-- This site is optimized with the Yoast SEO plugin v26.8 - https://yoast.com/product/yoast-seo-wordpress/ -->
<title>DAD FEST - CRFM Valcartier</title>
<meta name="robots" content="index, follow, max-snippet:-1, max-image-preview:large, max-video-preview:-1" />
<link rel="canonical" href="https://crfmv.com/fr/event/dad-fest/" />
<meta property="og:locale" content="fr_FR" />
<meta property="og:type" content="article" />
<meta property="og:title" content="DAD FEST - CRFM Valcartier" />
<meta property="og:description" content="Pour souligner la Semaine Québécoise de la Paternité. BEAU TEMPS, MAUVAIS TEMPS. DERRIÈRE LE CENTRE COMMUNAUTAIRE (ÉDIFICE 93). TOUTE LA FAMILLE EST INVITÊE. Quand? Dimanche 19 juin, de 10h à [&hellip;]" />
<meta property="og:url" content="https://crfmv.com/fr/event/dad-fest/" />
<meta property="og:site_name" content="CRFM Valcartier" />
<meta property="article:publisher" content="https://www.facebook.com/CFvalcartier" />
<meta property="og:image" content="https://crfmv.com/wp-content/uploads/2022/05/bandeau_FB.png" />
	<meta property="og:image:width" content="1200" />
	<meta property="og:image:height" content="630" />
	<meta property="og:image:type" content="image/png" />
<meta name="twitter:card" content="summary_large_image" />
<meta name="twitter:label1" content="Durée de lecture estimée" />
	<meta name="twitter:data1" content="1 minute" />
<script type="application/ld+json" class="yoast-schema-graph">{"@context":"https://schema.org","@graph":[{"@type":"WebPage","@id":"https://crfmv.com/fr/event/dad-fest/","url":"https://crfmv.com/fr/event/dad-fest/","name":"DAD FEST - CRFM Valcartier","isPartOf":{"@id":"https://crfmv.com/fr/#website"},"datePublished":"2022-05-10T20:05:16+00:00","breadcrumb":{"@id":"https://crfmv.com/fr/event/dad-fest/#breadcrumb"},"inLanguage":"fr-FR","potentialAction":[{"@type":"ReadAction","target":["https://crfmv.com/fr/event/dad-fest/"]}]},{"@type":"BreadcrumbList","@id":"https://crfmv.com/fr/event/dad-fest/#breadcrumb","itemListElement":[{"@type":"ListItem","position":1,"name":"Accueil","item":"https://crfmv.com/fr/"},{"@type":"ListItem","position":2,"name":"Évènements","item":"https://crfmv.com/fr/calendrier/"},{"@type":"ListItem","position":3,"name":"DAD FEST"}]},{"@type":"WebSite","@id":"https://crfmv.com/fr/#website","url":"https://crfmv.com/fr/","name":"CRFM Valcartier","description":"Centre de ressources pour les familles militaires Valcartier","publisher":{"@id":"https://crfmv.com/fr/#organization"},"potentialAction":[{"@type":"SearchAction","target":{"@type":"EntryPoint","urlTemplate":"https://crfmv.com/fr/?s={search_term_string}"},"query-input":{"@type":"PropertyValueSpecification","valueRequired":true,"valueName":"search_term_string"}}],"inLanguage":"fr-FR"},{"@type":"Organization","@id":"https://crfmv.com/fr/#organization","name":"Centre de la Famille Valcartier","url":"https://crfmv.com/fr/","logo":{"@type":"ImageObject","inLanguage":"fr-FR","@id":"https://crfmv.com/fr/#/schema/logo/image/","url":"https://crfmv.com/wp-content/uploads/2019/08/logo-CFV-2010-01.png","contentUrl":"https://crfmv.com/wp-content/uploads/2019/08/logo-CFV-2010-01.png","width":376,"height":376,"caption":"Centre de la Famille Valcartier"},"image":{"@id":"https://crfmv.com/fr/#/schema/logo/image/"},"sameAs":["https://www.facebook.com/CFvalcartier","https://www.instagram.com/agent_info_cfv","https://www.linkedin.com/company/centre-de-la-famille-valcartier/","https://www.pinterest.ca/agenteliaisoncf/pins/","https://www.youtube.com/channel/UCdLAsxyb6wN-q7bDaZYzuZw?view_as=subscriber"]}]}</script>
<!-- / Yoast SEO plugin. -->

Pour souligner la Semaine Québécoise de la Paternité. BEAU TEMPS, MAUVAIS TEMPS. DERRIÈRE LE CENTRE COMMUNAUTAIRE (ÉDIFICE 93). TOUTE LA FAMILLE EST INVITÊE. Quand? Dimanche 19 juin, de 10h à [&hellip;]

Évènements
