{"id":8089,"date":"2022-06-16T13:31:23","date_gmt":"2022-06-16T17:31:23","guid":{"rendered":"https:\/\/crfmv.com\/?post_type=tribe_events&#038;p=8089"},"modified":"2022-06-16T13:31:23","modified_gmt":"2022-06-16T17:31:23","slug":"lave-auto-car-wash","status":"publish","type":"tribe_events","link":"https:\/\/crfmv.com\/fr\/event\/lave-auto-car-wash\/","title":{"rendered":"LAVE AUTO &#8211; CAR WASH"},"content":{"rendered":"<p><strong>Lave auto <\/strong><br \/>\n<strong>English will follow <\/strong><\/p>\n<p><strong>Afin de financer les activit\u00e9s des jeunes de la communaut\u00e9, le Club jeunesse le Repaire vous invite \u00e0 son lave auto. Mardi 28 juin (remis au 29 juin en cas de pluie) <\/strong><\/p>\n<p><strong>11h \u00e0 18h <\/strong><\/p>\n<p><strong>10$ par voiture. <\/strong><\/p>\n<p><strong>Dans le stationnement du Centre communautaire <\/strong><\/p>\n<p><strong>Hot-dogs, breuvages et friandises au cout de 1.50 $ chaque sur place <\/strong><\/p>\n<p><strong>Nous avons aussi besoin de b\u00e9n\u00e9voles (12-17 ans) Pour plus d\u2019informations<\/strong>\u00a0<strong><a href=\"mailto:servicesjeunesse@crfm.com\">servicesjeunesse@crfm.com<\/a><\/strong>\u00a0<strong>418-844-6060 Facebook : Club jeunesse Le Repaire<\/strong><\/p>\n<p>________________________________________________________________________________________________________________________<\/p>\n<p><strong>Car Wash<\/strong><br \/>\n<strong>In order to finance the activities of the youth of the community, the Club jeunesse le Repaire invites you to its car wash. Tuesday June 28th (<\/strong>Postponed to June 29 in case of rain<strong>) <\/strong><\/p>\n<p><strong>11am to 6pm <\/strong><\/p>\n<p><strong>10$ per car<\/strong><\/p>\n<p><strong>In the parking lot of the Community Center <\/strong><\/p>\n<p><strong>Hot dogs, drinks and treats for $1.50 each on site <\/strong><\/p>\n<p><strong>We also need volunteers (12-17 years old) For more information<\/strong>\u00a0<strong><a href=\"mailto:servicesjeunesse@crfm.com\">servicesjeunesse@crfm.com<\/a><\/strong>\u00a0<strong>418-844-6060 Facebook : Club jeunesse Le Repaire<\/strong><\/p>\n","protected":false},"excerpt":{"rendered":"<p>Lave auto English will follow Afin de financer les activit\u00e9s des jeunes de la communaut\u00e9, le Club jeunesse le Repaire vous invite \u00e0 son lave auto. Mardi 28 juin (remis [&hellip;]<\/p>\n","protected":false},"author":48,"featured_media":0,"template":"","meta":{"_et_pb_use_builder":"","_et_pb_old_content":"","_et_gb_content_width":"","_price":"","_stock":"","_tribe_ticket_header":"","_tribe_default_ticket_provider":"","_tribe_ticket_capacity":"0","_ticket_start_date":"","_ticket_end_date":"","_tribe_ticket_show_description":"","_tribe_ticket_show_not_going":false,"_tribe_ticket_use_global_stock":"","_tribe_ticket_global_stock_level":"","_global_stock_mode":"","_global_stock_cap":"","_tribe_rsvp_for_event":"","_tribe_ticket_going_count":"","_tribe_ticket_not_going_count":"","_tribe_tickets_list":"[]","_tribe_ticket_has_attendee_info_fields":false,"_tribe_events_status":"","_tribe_events_status_reason":"","footnotes":"","_tec_slr_enabled":"","_tec_slr_layout":""},"tags":[],"tribe_events_cat":[],"class_list":["post-8089","tribe_events","type-tribe_events","status-publish","hentry"],"yoast_head":"<!-- This site is optimized with the Yoast SEO plugin v26.8 - https:\/\/yoast.com\/product\/yoast-seo-wordpress\/ -->\n<title>LAVE AUTO - CAR WASH - CRFM Valcartier<\/title>\n<meta name=\"robots\" content=\"index, follow, max-snippet:-1, max-image-preview:large, max-video-preview:-1\" \/>\n<link rel=\"canonical\" href=\"https:\/\/crfmv.com\/fr\/event\/lave-auto-car-wash\/\" \/>\n<meta property=\"og:locale\" content=\"fr_FR\" \/>\n<meta property=\"og:type\" content=\"article\" \/>\n<meta property=\"og:title\" content=\"LAVE AUTO - CAR WASH - CRFM Valcartier\" \/>\n<meta property=\"og:description\" content=\"Lave auto English will follow Afin de financer les activit\u00e9s des jeunes de la communaut\u00e9, le Club jeunesse le Repaire vous invite \u00e0 son lave auto. Mardi 28 juin (remis [&hellip;]\" \/>\n<meta property=\"og:url\" content=\"https:\/\/crfmv.com\/fr\/event\/lave-auto-car-wash\/\" \/>\n<meta property=\"og:site_name\" content=\"CRFM Valcartier\" \/>\n<meta property=\"article:publisher\" content=\"https:\/\/www.facebook.com\/CFvalcartier\" \/>\n<meta property=\"og:image\" content=\"https:\/\/crfmv.com\/wp-content\/uploads\/2022\/06\/photo_post.png\" \/>\n\t<meta property=\"og:image:width\" content=\"1200\" \/>\n\t<meta property=\"og:image:height\" content=\"630\" \/>\n\t<meta property=\"og:image:type\" content=\"image\/png\" \/>\n<meta name=\"twitter:card\" content=\"summary_large_image\" \/>\n<meta name=\"twitter:label1\" content=\"Dur\u00e9e de lecture estim\u00e9e\" \/>\n\t<meta name=\"twitter:data1\" content=\"1 minute\" \/>\n<script type=\"application\/ld+json\" class=\"yoast-schema-graph\">{\"@context\":\"https:\/\/schema.org\",\"@graph\":[{\"@type\":\"WebPage\",\"@id\":\"https:\/\/crfmv.com\/fr\/event\/lave-auto-car-wash\/\",\"url\":\"https:\/\/crfmv.com\/fr\/event\/lave-auto-car-wash\/\",\"name\":\"LAVE AUTO - CAR WASH - CRFM Valcartier\",\"isPartOf\":{\"@id\":\"https:\/\/crfmv.com\/fr\/#website\"},\"datePublished\":\"2022-06-16T17:31:23+00:00\",\"breadcrumb\":{\"@id\":\"https:\/\/crfmv.com\/fr\/event\/lave-auto-car-wash\/#breadcrumb\"},\"inLanguage\":\"fr-FR\",\"potentialAction\":[{\"@type\":\"ReadAction\",\"target\":[\"https:\/\/crfmv.com\/fr\/event\/lave-auto-car-wash\/\"]}]},{\"@type\":\"BreadcrumbList\",\"@id\":\"https:\/\/crfmv.com\/fr\/event\/lave-auto-car-wash\/#breadcrumb\",\"itemListElement\":[{\"@type\":\"ListItem\",\"position\":1,\"name\":\"Accueil\",\"item\":\"https:\/\/crfmv.com\/fr\/\"},{\"@type\":\"ListItem\",\"position\":2,\"name\":\"\u00c9v\u00e8nements\",\"item\":\"https:\/\/crfmv.com\/fr\/calendrier\/\"},{\"@type\":\"ListItem\",\"position\":3,\"name\":\"LAVE AUTO &#8211; CAR WASH\"}]},{\"@type\":\"WebSite\",\"@id\":\"https:\/\/crfmv.com\/fr\/#website\",\"url\":\"https:\/\/crfmv.com\/fr\/\",\"name\":\"CRFM Valcartier\",\"description\":\"Centre de ressources pour les familles militaires Valcartier\",\"publisher\":{\"@id\":\"https:\/\/crfmv.com\/fr\/#organization\"},\"potentialAction\":[{\"@type\":\"SearchAction\",\"target\":{\"@type\":\"EntryPoint\",\"urlTemplate\":\"https:\/\/crfmv.com\/fr\/?s={search_term_string}\"},\"query-input\":{\"@type\":\"PropertyValueSpecification\",\"valueRequired\":true,\"valueName\":\"search_term_string\"}}],\"inLanguage\":\"fr-FR\"},{\"@type\":\"Organization\",\"@id\":\"https:\/\/crfmv.com\/fr\/#organization\",\"name\":\"Centre de la Famille Valcartier\",\"url\":\"https:\/\/crfmv.com\/fr\/\",\"logo\":{\"@type\":\"ImageObject\",\"inLanguage\":\"fr-FR\",\"@id\":\"https:\/\/crfmv.com\/fr\/#\/schema\/logo\/image\/\",\"url\":\"https:\/\/crfmv.com\/wp-content\/uploads\/2019\/08\/logo-CFV-2010-01.png\",\"contentUrl\":\"https:\/\/crfmv.com\/wp-content\/uploads\/2019\/08\/logo-CFV-2010-01.png\",\"width\":376,\"height\":376,\"caption\":\"Centre de la Famille Valcartier\"},\"image\":{\"@id\":\"https:\/\/crfmv.com\/fr\/#\/schema\/logo\/image\/\"},\"sameAs\":[\"https:\/\/www.facebook.com\/CFvalcartier\",\"https:\/\/www.instagram.com\/agent_info_cfv\",\"https:\/\/www.linkedin.com\/company\/centre-de-la-famille-valcartier\/\",\"https:\/\/www.pinterest.ca\/agenteliaisoncf\/pins\/\",\"https:\/\/www.youtube.com\/channel\/UCdLAsxyb6wN-q7bDaZYzuZw?view_as=subscriber\"]}]}<\/script>\n<!-- \/ Yoast SEO plugin. -->","yoast_head_json":{"title":"LAVE AUTO - CAR WASH - CRFM Valcartier","robots":{"index":"index","follow":"follow","max-snippet":"max-snippet:-1","max-image-preview":"max-image-preview:large","max-video-preview":"max-video-preview:-1"},"canonical":"https:\/\/crfmv.com\/fr\/event\/lave-auto-car-wash\/","og_locale":"fr_FR","og_type":"article","og_title":"LAVE AUTO - CAR WASH - CRFM Valcartier","og_description":"Lave auto English will follow Afin de financer les activit\u00e9s des jeunes de la communaut\u00e9, le Club jeunesse le Repaire vous invite \u00e0 son lave auto. Mardi 28 juin (remis [&hellip;]","og_url":"https:\/\/crfmv.com\/fr\/event\/lave-auto-car-wash\/","og_site_name":"CRFM Valcartier","article_publisher":"https:\/\/www.facebook.com\/CFvalcartier","og_image":[{"width":1200,"height":630,"url":"https:\/\/crfmv.com\/wp-content\/uploads\/2022\/06\/photo_post.png","type":"image\/png"}],"twitter_card":"summary_large_image","twitter_misc":{"Dur\u00e9e de lecture estim\u00e9e":"1 minute"},"schema":{"@context":"https:\/\/schema.org","@graph":[{"@type":"WebPage","@id":"https:\/\/crfmv.com\/fr\/event\/lave-auto-car-wash\/","url":"https:\/\/crfmv.com\/fr\/event\/lave-auto-car-wash\/","name":"LAVE AUTO - CAR WASH - CRFM Valcartier","isPartOf":{"@id":"https:\/\/crfmv.com\/fr\/#website"},"datePublished":"2022-06-16T17:31:23+00:00","breadcrumb":{"@id":"https:\/\/crfmv.com\/fr\/event\/lave-auto-car-wash\/#breadcrumb"},"inLanguage":"fr-FR","potentialAction":[{"@type":"ReadAction","target":["https:\/\/crfmv.com\/fr\/event\/lave-auto-car-wash\/"]}]},{"@type":"BreadcrumbList","@id":"https:\/\/crfmv.com\/fr\/event\/lave-auto-car-wash\/#breadcrumb","itemListElement":[{"@type":"ListItem","position":1,"name":"Accueil","item":"https:\/\/crfmv.com\/fr\/"},{"@type":"ListItem","position":2,"name":"\u00c9v\u00e8nements","item":"https:\/\/crfmv.com\/fr\/calendrier\/"},{"@type":"ListItem","position":3,"name":"LAVE AUTO &#8211; CAR WASH"}]},{"@type":"WebSite","@id":"https:\/\/crfmv.com\/fr\/#website","url":"https:\/\/crfmv.com\/fr\/","name":"CRFM Valcartier","description":"Centre de ressources pour les familles militaires Valcartier","publisher":{"@id":"https:\/\/crfmv.com\/fr\/#organization"},"potentialAction":[{"@type":"SearchAction","target":{"@type":"EntryPoint","urlTemplate":"https:\/\/crfmv.com\/fr\/?s={search_term_string}"},"query-input":{"@type":"PropertyValueSpecification","valueRequired":true,"valueName":"search_term_string"}}],"inLanguage":"fr-FR"},{"@type":"Organization","@id":"https:\/\/crfmv.com\/fr\/#organization","name":"Centre de la Famille Valcartier","url":"https:\/\/crfmv.com\/fr\/","logo":{"@type":"ImageObject","inLanguage":"fr-FR","@id":"https:\/\/crfmv.com\/fr\/#\/schema\/logo\/image\/","url":"https:\/\/crfmv.com\/wp-content\/uploads\/2019\/08\/logo-CFV-2010-01.png","contentUrl":"https:\/\/crfmv.com\/wp-content\/uploads\/2019\/08\/logo-CFV-2010-01.png","width":376,"height":376,"caption":"Centre de la Famille Valcartier"},"image":{"@id":"https:\/\/crfmv.com\/fr\/#\/schema\/logo\/image\/"},"sameAs":["https:\/\/www.facebook.com\/CFvalcartier","https:\/\/www.instagram.com\/agent_info_cfv","https:\/\/www.linkedin.com\/company\/centre-de-la-famille-valcartier\/","https:\/\/www.pinterest.ca\/agenteliaisoncf\/pins\/","https:\/\/www.youtube.com\/channel\/UCdLAsxyb6wN-q7bDaZYzuZw?view_as=subscriber"]}]}},"ticketed":false,"_links":{"self":[{"href":"https:\/\/crfmv.com\/fr\/wp-json\/wp\/v2\/tribe_events\/8089","targetHints":{"allow":["GET"]}}],"collection":[{"href":"https:\/\/crfmv.com\/fr\/wp-json\/wp\/v2\/tribe_events"}],"about":[{"href":"https:\/\/crfmv.com\/fr\/wp-json\/wp\/v2\/types\/tribe_events"}],"author":[{"embeddable":true,"href":"https:\/\/crfmv.com\/fr\/wp-json\/wp\/v2\/users\/48"}],"version-history":[{"count":1,"href":"https:\/\/crfmv.com\/fr\/wp-json\/wp\/v2\/tribe_events\/8089\/revisions"}],"predecessor-version":[{"id":8092,"href":"https:\/\/crfmv.com\/fr\/wp-json\/wp\/v2\/tribe_events\/8089\/revisions\/8092"}],"wp:attachment":[{"href":"https:\/\/crfmv.com\/fr\/wp-json\/wp\/v2\/media?parent=8089"}],"wp:term":[{"taxonomy":"post_tag","embeddable":true,"href":"https:\/\/crfmv.com\/fr\/wp-json\/wp\/v2\/tags?post=8089"},{"taxonomy":"tribe_events_cat","embeddable":true,"href":"https:\/\/crfmv.com\/fr\/wp-json\/wp\/v2\/tribe_events_cat?post=8089"}],"curies":[{"name":"wp","href":"https:\/\/api.w.org\/{rel}","templated":true}]}}

<p><strong>Lave auto </strong><br />
<strong>English will follow </strong></p>
<p><strong>Afin de financer les activités des jeunes de la communauté, le Club jeunesse le Repaire vous invite à son lave auto. Mardi 28 juin (remis au 29 juin en cas de pluie) </strong></p>
<p><strong>11h à 18h </strong></p>
<p><strong>10$ par voiture. </strong></p>
<p><strong>Dans le stationnement du Centre communautaire </strong></p>
<p><strong>Hot-dogs, breuvages et friandises au cout de 1.50 $ chaque sur place </strong></p>
<p><strong>Nous avons aussi besoin de bénévoles (12-17 ans) Pour plus d’informations</strong> <strong><a href="mailto:servicesjeunesse@crfm.com">servicesjeunesse@crfm.com</a></strong> <strong>418-844-6060 Facebook : Club jeunesse Le Repaire</strong></p>
<p>________________________________________________________________________________________________________________________</p>
<p><strong>Car Wash</strong><br />
<strong>In order to finance the activities of the youth of the community, the Club jeunesse le Repaire invites you to its car wash. Tuesday June 28th (</strong>Postponed to June 29 in case of rain<strong>) </strong></p>
<p><strong>11am to 6pm </strong></p>
<p><strong>10$ per car</strong></p>
<p><strong>In the parking lot of the Community Center </strong></p>
<p><strong>Hot dogs, drinks and treats for $1.50 each on site </strong></p>
<p><strong>We also need volunteers (12-17 years old) For more information</strong> <strong><a href="mailto:servicesjeunesse@crfm.com">servicesjeunesse@crfm.com</a></strong> <strong>418-844-6060 Facebook : Club jeunesse Le Repaire</strong></p>

<p>Lave auto English will follow Afin de financer les activités des jeunes de la communauté, le Club jeunesse le Repaire vous invite à son lave auto. Mardi 28 juin (remis [&hellip;]</p>

<!-- This site is optimized with the Yoast SEO plugin v26.8 - https://yoast.com/product/yoast-seo-wordpress/ -->
<title>LAVE AUTO - CAR WASH - CRFM Valcartier</title>
<meta name="robots" content="index, follow, max-snippet:-1, max-image-preview:large, max-video-preview:-1" />
<link rel="canonical" href="https://crfmv.com/fr/event/lave-auto-car-wash/" />
<meta property="og:locale" content="fr_FR" />
<meta property="og:type" content="article" />
<meta property="og:title" content="LAVE AUTO - CAR WASH - CRFM Valcartier" />
<meta property="og:description" content="Lave auto English will follow Afin de financer les activités des jeunes de la communauté, le Club jeunesse le Repaire vous invite à son lave auto. Mardi 28 juin (remis [&hellip;]" />
<meta property="og:url" content="https://crfmv.com/fr/event/lave-auto-car-wash/" />
<meta property="og:site_name" content="CRFM Valcartier" />
<meta property="article:publisher" content="https://www.facebook.com/CFvalcartier" />
<meta property="og:image" content="https://crfmv.com/wp-content/uploads/2022/06/photo_post.png" />
	<meta property="og:image:width" content="1200" />
	<meta property="og:image:height" content="630" />
	<meta property="og:image:type" content="image/png" />
<meta name="twitter:card" content="summary_large_image" />
<meta name="twitter:label1" content="Durée de lecture estimée" />
	<meta name="twitter:data1" content="1 minute" />
<script type="application/ld+json" class="yoast-schema-graph">{"@context":"https://schema.org","@graph":[{"@type":"WebPage","@id":"https://crfmv.com/fr/event/lave-auto-car-wash/","url":"https://crfmv.com/fr/event/lave-auto-car-wash/","name":"LAVE AUTO - CAR WASH - CRFM Valcartier","isPartOf":{"@id":"https://crfmv.com/fr/#website"},"datePublished":"2022-06-16T17:31:23+00:00","breadcrumb":{"@id":"https://crfmv.com/fr/event/lave-auto-car-wash/#breadcrumb"},"inLanguage":"fr-FR","potentialAction":[{"@type":"ReadAction","target":["https://crfmv.com/fr/event/lave-auto-car-wash/"]}]},{"@type":"BreadcrumbList","@id":"https://crfmv.com/fr/event/lave-auto-car-wash/#breadcrumb","itemListElement":[{"@type":"ListItem","position":1,"name":"Accueil","item":"https://crfmv.com/fr/"},{"@type":"ListItem","position":2,"name":"Évènements","item":"https://crfmv.com/fr/calendrier/"},{"@type":"ListItem","position":3,"name":"LAVE AUTO &#8211; CAR WASH"}]},{"@type":"WebSite","@id":"https://crfmv.com/fr/#website","url":"https://crfmv.com/fr/","name":"CRFM Valcartier","description":"Centre de ressources pour les familles militaires Valcartier","publisher":{"@id":"https://crfmv.com/fr/#organization"},"potentialAction":[{"@type":"SearchAction","target":{"@type":"EntryPoint","urlTemplate":"https://crfmv.com/fr/?s={search_term_string}"},"query-input":{"@type":"PropertyValueSpecification","valueRequired":true,"valueName":"search_term_string"}}],"inLanguage":"fr-FR"},{"@type":"Organization","@id":"https://crfmv.com/fr/#organization","name":"Centre de la Famille Valcartier","url":"https://crfmv.com/fr/","logo":{"@type":"ImageObject","inLanguage":"fr-FR","@id":"https://crfmv.com/fr/#/schema/logo/image/","url":"https://crfmv.com/wp-content/uploads/2019/08/logo-CFV-2010-01.png","contentUrl":"https://crfmv.com/wp-content/uploads/2019/08/logo-CFV-2010-01.png","width":376,"height":376,"caption":"Centre de la Famille Valcartier"},"image":{"@id":"https://crfmv.com/fr/#/schema/logo/image/"},"sameAs":["https://www.facebook.com/CFvalcartier","https://www.instagram.com/agent_info_cfv","https://www.linkedin.com/company/centre-de-la-famille-valcartier/","https://www.pinterest.ca/agenteliaisoncf/pins/","https://www.youtube.com/channel/UCdLAsxyb6wN-q7bDaZYzuZw?view_as=subscriber"]}]}</script>
<!-- / Yoast SEO plugin. -->

Lave auto English will follow Afin de financer les activités des jeunes de la communauté, le Club jeunesse le Repaire vous invite à son lave auto. Mardi 28 juin (remis [&hellip;]

Évènements
