{"id":8261,"date":"2022-07-19T13:34:48","date_gmt":"2022-07-19T17:34:48","guid":{"rendered":"https:\/\/crfmv.com\/?post_type=tribe_events&#038;p=8261"},"modified":"2022-08-24T13:32:27","modified_gmt":"2022-08-24T17:32:27","slug":"cafe-decouverte-3","status":"publish","type":"tribe_events","link":"https:\/\/crfmv.com\/fr\/event\/cafe-decouverte-3\/","title":{"rendered":"Caf\u00e9 D\u00e9couverte"},"content":{"rendered":"<p>Viens fabriquer ton support \u00e0 plante en macram\u00e9 une plante artificielle vous sera fournie.<\/p>\n<p>Quand? Le 14 septembre \u00e0 18h30. Au Centre communautaire, \u00c9difice 93.<\/p>\n<p>Activit\u00e9 r\u00e9serv\u00e9e aux adultes. Besoin d\u2019option pour la garde d&rsquo;enfants? Contactez : julie.chamberland@crfmv.com<\/p>\n<p><strong>INSCRIPTION<\/strong><\/p>\n<p>Apr\u00e8s-midi : <a href=\"http:\/\/crfmv.info\/CafeD_PM\">crfmv.info\/CafeD_PM<\/a><\/p>\n<p>Soir : <a href=\"http:\/\/crfmv.info\/CafeD_soir-evening\">crfmv.info\/CafeD_soir-evening<\/a><\/p>\n<p><em><br \/>\nCaf\u00e9 D\u00e9couverte<\/em><br \/>\n<em>Activit\u00e9s \u00e0 th\u00e9matiques vari\u00e9es visant l\u2019accueil et l\u2019int\u00e9gration des familles \u00e0 la communaut\u00e9 militaire.<\/em><\/p>\n<p>INFORMATION<br \/>\njulie.chamberland@crfmv.com<br \/>\n418-844-6060<\/p>\n<p>________________________________________________________________________________________________________________________<\/p>\n<p>Come and make your own macrame\u00a0plant\u00a0stand an artificial plant will be provided.<\/p>\n<p>When? September 14th at 6:30 pm. At the community Centre, Building 93.<\/p>\n<p>Activity reserved for adults. Need childcare options? Contact : julie.chamberland@crfmv.com<\/p>\n<p><strong>REGISTRATION<\/strong><\/p>\n<p>Afternoon : <a href=\"http:\/\/crfmv.info\/CafeD_PM\">crfmv.info\/CafeD_PM<\/a><\/p>\n<p>Evening : <a href=\"http:\/\/crfmv.info\/CafeD_soir-evening\">crfmv.info\/CafeD_soir-evening<\/a><\/p>\n<p><em>Caf\u00e9 D\u00e9couverte<br \/>\nTheme-based activities that bring people together by integrating newcomers and reinforcing the military family community.<\/em><\/p>\n<p>INFORMATION<br \/>\njulie.chamberland@crfmv.com<br \/>\n418-844-6060<\/p>\n","protected":false},"excerpt":{"rendered":"<p>Viens fabriquer ton support \u00e0 plante en macram\u00e9 une plante artificielle vous sera fournie. Quand? Le 14 septembre \u00e0 18h30. Au Centre communautaire, \u00c9difice 93. Activit\u00e9 r\u00e9serv\u00e9e aux adultes. Besoin [&hellip;]<\/p>\n","protected":false},"author":48,"featured_media":0,"template":"","meta":{"_et_pb_use_builder":"","_et_pb_old_content":"","_et_gb_content_width":"","_price":"","_stock":"","_tribe_ticket_header":"","_tribe_default_ticket_provider":"","_tribe_ticket_capacity":"0","_ticket_start_date":"","_ticket_end_date":"","_tribe_ticket_show_description":"","_tribe_ticket_show_not_going":false,"_tribe_ticket_use_global_stock":"","_tribe_ticket_global_stock_level":"","_global_stock_mode":"","_global_stock_cap":"","_tribe_rsvp_for_event":"","_tribe_ticket_going_count":"","_tribe_ticket_not_going_count":"","_tribe_tickets_list":"[]","_tribe_ticket_has_attendee_info_fields":false,"_tribe_events_status":"","_tribe_events_status_reason":"","footnotes":"","_tec_slr_enabled":"","_tec_slr_layout":""},"tags":[],"tribe_events_cat":[],"class_list":["post-8261","tribe_events","type-tribe_events","status-publish","hentry"],"yoast_head":"<!-- This site is optimized with the Yoast SEO plugin v26.8 - https:\/\/yoast.com\/product\/yoast-seo-wordpress\/ -->\n<title>Caf\u00e9 D\u00e9couverte - CRFM Valcartier<\/title>\n<meta name=\"robots\" content=\"index, follow, max-snippet:-1, max-image-preview:large, max-video-preview:-1\" \/>\n<link rel=\"canonical\" href=\"https:\/\/crfmv.com\/fr\/event\/cafe-decouverte-3\/\" \/>\n<meta property=\"og:locale\" content=\"fr_FR\" \/>\n<meta property=\"og:type\" content=\"article\" \/>\n<meta property=\"og:title\" content=\"Caf\u00e9 D\u00e9couverte - CRFM Valcartier\" \/>\n<meta property=\"og:description\" content=\"Viens fabriquer ton support \u00e0 plante en macram\u00e9 une plante artificielle vous sera fournie. Quand? Le 14 septembre \u00e0 18h30. Au Centre communautaire, \u00c9difice 93. Activit\u00e9 r\u00e9serv\u00e9e aux adultes. Besoin [&hellip;]\" \/>\n<meta property=\"og:url\" content=\"https:\/\/crfmv.com\/fr\/event\/cafe-decouverte-3\/\" \/>\n<meta property=\"og:site_name\" content=\"CRFM Valcartier\" \/>\n<meta property=\"article:publisher\" content=\"https:\/\/www.facebook.com\/CFvalcartier\" \/>\n<meta property=\"article:modified_time\" content=\"2022-08-24T17:32:27+00:00\" \/>\n<meta property=\"og:image\" content=\"https:\/\/crfmv.com\/wp-content\/uploads\/2022\/07\/cafeD_macrame_sept22-02.png\" \/>\n\t<meta property=\"og:image:width\" content=\"1201\" \/>\n\t<meta property=\"og:image:height\" content=\"631\" \/>\n\t<meta property=\"og:image:type\" content=\"image\/png\" \/>\n<meta name=\"twitter:card\" content=\"summary_large_image\" \/>\n<meta name=\"twitter:label1\" content=\"Dur\u00e9e de lecture estim\u00e9e\" \/>\n\t<meta name=\"twitter:data1\" content=\"1 minute\" \/>\n<script type=\"application\/ld+json\" class=\"yoast-schema-graph\">{\"@context\":\"https:\/\/schema.org\",\"@graph\":[{\"@type\":\"WebPage\",\"@id\":\"https:\/\/crfmv.com\/fr\/event\/cafe-decouverte-3\/\",\"url\":\"https:\/\/crfmv.com\/fr\/event\/cafe-decouverte-3\/\",\"name\":\"Caf\u00e9 D\u00e9couverte - CRFM Valcartier\",\"isPartOf\":{\"@id\":\"https:\/\/crfmv.com\/fr\/#website\"},\"datePublished\":\"2022-07-19T17:34:48+00:00\",\"dateModified\":\"2022-08-24T17:32:27+00:00\",\"breadcrumb\":{\"@id\":\"https:\/\/crfmv.com\/fr\/event\/cafe-decouverte-3\/#breadcrumb\"},\"inLanguage\":\"fr-FR\",\"potentialAction\":[{\"@type\":\"ReadAction\",\"target\":[\"https:\/\/crfmv.com\/fr\/event\/cafe-decouverte-3\/\"]}]},{\"@type\":\"BreadcrumbList\",\"@id\":\"https:\/\/crfmv.com\/fr\/event\/cafe-decouverte-3\/#breadcrumb\",\"itemListElement\":[{\"@type\":\"ListItem\",\"position\":1,\"name\":\"Accueil\",\"item\":\"https:\/\/crfmv.com\/fr\/\"},{\"@type\":\"ListItem\",\"position\":2,\"name\":\"\u00c9v\u00e8nements\",\"item\":\"https:\/\/crfmv.com\/fr\/calendrier\/\"},{\"@type\":\"ListItem\",\"position\":3,\"name\":\"Caf\u00e9 D\u00e9couverte\"}]},{\"@type\":\"WebSite\",\"@id\":\"https:\/\/crfmv.com\/fr\/#website\",\"url\":\"https:\/\/crfmv.com\/fr\/\",\"name\":\"CRFM Valcartier\",\"description\":\"Centre de ressources pour les familles militaires Valcartier\",\"publisher\":{\"@id\":\"https:\/\/crfmv.com\/fr\/#organization\"},\"potentialAction\":[{\"@type\":\"SearchAction\",\"target\":{\"@type\":\"EntryPoint\",\"urlTemplate\":\"https:\/\/crfmv.com\/fr\/?s={search_term_string}\"},\"query-input\":{\"@type\":\"PropertyValueSpecification\",\"valueRequired\":true,\"valueName\":\"search_term_string\"}}],\"inLanguage\":\"fr-FR\"},{\"@type\":\"Organization\",\"@id\":\"https:\/\/crfmv.com\/fr\/#organization\",\"name\":\"Centre de la Famille Valcartier\",\"url\":\"https:\/\/crfmv.com\/fr\/\",\"logo\":{\"@type\":\"ImageObject\",\"inLanguage\":\"fr-FR\",\"@id\":\"https:\/\/crfmv.com\/fr\/#\/schema\/logo\/image\/\",\"url\":\"https:\/\/crfmv.com\/wp-content\/uploads\/2019\/08\/logo-CFV-2010-01.png\",\"contentUrl\":\"https:\/\/crfmv.com\/wp-content\/uploads\/2019\/08\/logo-CFV-2010-01.png\",\"width\":376,\"height\":376,\"caption\":\"Centre de la Famille Valcartier\"},\"image\":{\"@id\":\"https:\/\/crfmv.com\/fr\/#\/schema\/logo\/image\/\"},\"sameAs\":[\"https:\/\/www.facebook.com\/CFvalcartier\",\"https:\/\/www.instagram.com\/agent_info_cfv\",\"https:\/\/www.linkedin.com\/company\/centre-de-la-famille-valcartier\/\",\"https:\/\/www.pinterest.ca\/agenteliaisoncf\/pins\/\",\"https:\/\/www.youtube.com\/channel\/UCdLAsxyb6wN-q7bDaZYzuZw?view_as=subscriber\"]}]}<\/script>\n<!-- \/ Yoast SEO plugin. -->","yoast_head_json":{"title":"Caf\u00e9 D\u00e9couverte - CRFM Valcartier","robots":{"index":"index","follow":"follow","max-snippet":"max-snippet:-1","max-image-preview":"max-image-preview:large","max-video-preview":"max-video-preview:-1"},"canonical":"https:\/\/crfmv.com\/fr\/event\/cafe-decouverte-3\/","og_locale":"fr_FR","og_type":"article","og_title":"Caf\u00e9 D\u00e9couverte - CRFM Valcartier","og_description":"Viens fabriquer ton support \u00e0 plante en macram\u00e9 une plante artificielle vous sera fournie. Quand? Le 14 septembre \u00e0 18h30. Au Centre communautaire, \u00c9difice 93. Activit\u00e9 r\u00e9serv\u00e9e aux adultes. Besoin [&hellip;]","og_url":"https:\/\/crfmv.com\/fr\/event\/cafe-decouverte-3\/","og_site_name":"CRFM Valcartier","article_publisher":"https:\/\/www.facebook.com\/CFvalcartier","article_modified_time":"2022-08-24T17:32:27+00:00","og_image":[{"width":1201,"height":631,"url":"https:\/\/crfmv.com\/wp-content\/uploads\/2022\/07\/cafeD_macrame_sept22-02.png","type":"image\/png"}],"twitter_card":"summary_large_image","twitter_misc":{"Dur\u00e9e de lecture estim\u00e9e":"1 minute"},"schema":{"@context":"https:\/\/schema.org","@graph":[{"@type":"WebPage","@id":"https:\/\/crfmv.com\/fr\/event\/cafe-decouverte-3\/","url":"https:\/\/crfmv.com\/fr\/event\/cafe-decouverte-3\/","name":"Caf\u00e9 D\u00e9couverte - CRFM Valcartier","isPartOf":{"@id":"https:\/\/crfmv.com\/fr\/#website"},"datePublished":"2022-07-19T17:34:48+00:00","dateModified":"2022-08-24T17:32:27+00:00","breadcrumb":{"@id":"https:\/\/crfmv.com\/fr\/event\/cafe-decouverte-3\/#breadcrumb"},"inLanguage":"fr-FR","potentialAction":[{"@type":"ReadAction","target":["https:\/\/crfmv.com\/fr\/event\/cafe-decouverte-3\/"]}]},{"@type":"BreadcrumbList","@id":"https:\/\/crfmv.com\/fr\/event\/cafe-decouverte-3\/#breadcrumb","itemListElement":[{"@type":"ListItem","position":1,"name":"Accueil","item":"https:\/\/crfmv.com\/fr\/"},{"@type":"ListItem","position":2,"name":"\u00c9v\u00e8nements","item":"https:\/\/crfmv.com\/fr\/calendrier\/"},{"@type":"ListItem","position":3,"name":"Caf\u00e9 D\u00e9couverte"}]},{"@type":"WebSite","@id":"https:\/\/crfmv.com\/fr\/#website","url":"https:\/\/crfmv.com\/fr\/","name":"CRFM Valcartier","description":"Centre de ressources pour les familles militaires Valcartier","publisher":{"@id":"https:\/\/crfmv.com\/fr\/#organization"},"potentialAction":[{"@type":"SearchAction","target":{"@type":"EntryPoint","urlTemplate":"https:\/\/crfmv.com\/fr\/?s={search_term_string}"},"query-input":{"@type":"PropertyValueSpecification","valueRequired":true,"valueName":"search_term_string"}}],"inLanguage":"fr-FR"},{"@type":"Organization","@id":"https:\/\/crfmv.com\/fr\/#organization","name":"Centre de la Famille Valcartier","url":"https:\/\/crfmv.com\/fr\/","logo":{"@type":"ImageObject","inLanguage":"fr-FR","@id":"https:\/\/crfmv.com\/fr\/#\/schema\/logo\/image\/","url":"https:\/\/crfmv.com\/wp-content\/uploads\/2019\/08\/logo-CFV-2010-01.png","contentUrl":"https:\/\/crfmv.com\/wp-content\/uploads\/2019\/08\/logo-CFV-2010-01.png","width":376,"height":376,"caption":"Centre de la Famille Valcartier"},"image":{"@id":"https:\/\/crfmv.com\/fr\/#\/schema\/logo\/image\/"},"sameAs":["https:\/\/www.facebook.com\/CFvalcartier","https:\/\/www.instagram.com\/agent_info_cfv","https:\/\/www.linkedin.com\/company\/centre-de-la-famille-valcartier\/","https:\/\/www.pinterest.ca\/agenteliaisoncf\/pins\/","https:\/\/www.youtube.com\/channel\/UCdLAsxyb6wN-q7bDaZYzuZw?view_as=subscriber"]}]}},"ticketed":false,"_links":{"self":[{"href":"https:\/\/crfmv.com\/fr\/wp-json\/wp\/v2\/tribe_events\/8261","targetHints":{"allow":["GET"]}}],"collection":[{"href":"https:\/\/crfmv.com\/fr\/wp-json\/wp\/v2\/tribe_events"}],"about":[{"href":"https:\/\/crfmv.com\/fr\/wp-json\/wp\/v2\/types\/tribe_events"}],"author":[{"embeddable":true,"href":"https:\/\/crfmv.com\/fr\/wp-json\/wp\/v2\/users\/48"}],"version-history":[{"count":3,"href":"https:\/\/crfmv.com\/fr\/wp-json\/wp\/v2\/tribe_events\/8261\/revisions"}],"predecessor-version":[{"id":8371,"href":"https:\/\/crfmv.com\/fr\/wp-json\/wp\/v2\/tribe_events\/8261\/revisions\/8371"}],"wp:attachment":[{"href":"https:\/\/crfmv.com\/fr\/wp-json\/wp\/v2\/media?parent=8261"}],"wp:term":[{"taxonomy":"post_tag","embeddable":true,"href":"https:\/\/crfmv.com\/fr\/wp-json\/wp\/v2\/tags?post=8261"},{"taxonomy":"tribe_events_cat","embeddable":true,"href":"https:\/\/crfmv.com\/fr\/wp-json\/wp\/v2\/tribe_events_cat?post=8261"}],"curies":[{"name":"wp","href":"https:\/\/api.w.org\/{rel}","templated":true}]}}

Café Découverte

<p>Viens fabriquer ton support à plante en macramé une plante artificielle vous sera fournie.</p>
<p>Quand? Le 14 septembre à 18h30. Au Centre communautaire, Édifice 93.</p>
<p>Activité réservée aux adultes. Besoin d’option pour la garde d&rsquo;enfants? Contactez : julie.chamberland@crfmv.com</p>
<p><strong>INSCRIPTION</strong></p>
<p>Après-midi : <a href="http://crfmv.info/CafeD_PM">crfmv.info/CafeD_PM</a></p>
<p>Soir : <a href="http://crfmv.info/CafeD_soir-evening">crfmv.info/CafeD_soir-evening</a></p>
<p><em><br />
Café Découverte</em><br />
<em>Activités à thématiques variées visant l’accueil et l’intégration des familles à la communauté militaire.</em></p>
<p>INFORMATION<br />
julie.chamberland@crfmv.com<br />
418-844-6060</p>
<p>________________________________________________________________________________________________________________________</p>
<p>Come and make your own macrame plant stand an artificial plant will be provided.</p>
<p>When? September 14th at 6:30 pm. At the community Centre, Building 93.</p>
<p>Activity reserved for adults. Need childcare options? Contact : julie.chamberland@crfmv.com</p>
<p><strong>REGISTRATION</strong></p>
<p>Afternoon : <a href="http://crfmv.info/CafeD_PM">crfmv.info/CafeD_PM</a></p>
<p>Evening : <a href="http://crfmv.info/CafeD_soir-evening">crfmv.info/CafeD_soir-evening</a></p>
<p><em>Café Découverte<br />
Theme-based activities that bring people together by integrating newcomers and reinforcing the military family community.</em></p>
<p>INFORMATION<br />
julie.chamberland@crfmv.com<br />
418-844-6060</p>

<p>Viens fabriquer ton support à plante en macramé une plante artificielle vous sera fournie. Quand? Le 14 septembre à 18h30. Au Centre communautaire, Édifice 93. Activité réservée aux adultes. Besoin [&hellip;]</p>

<!-- This site is optimized with the Yoast SEO plugin v26.8 - https://yoast.com/product/yoast-seo-wordpress/ -->
<title>Café Découverte - CRFM Valcartier</title>
<meta name="robots" content="index, follow, max-snippet:-1, max-image-preview:large, max-video-preview:-1" />
<link rel="canonical" href="https://crfmv.com/fr/event/cafe-decouverte-3/" />
<meta property="og:locale" content="fr_FR" />
<meta property="og:type" content="article" />
<meta property="og:title" content="Café Découverte - CRFM Valcartier" />
<meta property="og:description" content="Viens fabriquer ton support à plante en macramé une plante artificielle vous sera fournie. Quand? Le 14 septembre à 18h30. Au Centre communautaire, Édifice 93. Activité réservée aux adultes. Besoin [&hellip;]" />
<meta property="og:url" content="https://crfmv.com/fr/event/cafe-decouverte-3/" />
<meta property="og:site_name" content="CRFM Valcartier" />
<meta property="article:publisher" content="https://www.facebook.com/CFvalcartier" />
<meta property="article:modified_time" content="2022-08-24T17:32:27+00:00" />
<meta property="og:image" content="https://crfmv.com/wp-content/uploads/2022/07/cafeD_macrame_sept22-02.png" />
	<meta property="og:image:width" content="1201" />
	<meta property="og:image:height" content="631" />
	<meta property="og:image:type" content="image/png" />
<meta name="twitter:card" content="summary_large_image" />
<meta name="twitter:label1" content="Durée de lecture estimée" />
	<meta name="twitter:data1" content="1 minute" />
<script type="application/ld+json" class="yoast-schema-graph">{"@context":"https://schema.org","@graph":[{"@type":"WebPage","@id":"https://crfmv.com/fr/event/cafe-decouverte-3/","url":"https://crfmv.com/fr/event/cafe-decouverte-3/","name":"Café Découverte - CRFM Valcartier","isPartOf":{"@id":"https://crfmv.com/fr/#website"},"datePublished":"2022-07-19T17:34:48+00:00","dateModified":"2022-08-24T17:32:27+00:00","breadcrumb":{"@id":"https://crfmv.com/fr/event/cafe-decouverte-3/#breadcrumb"},"inLanguage":"fr-FR","potentialAction":[{"@type":"ReadAction","target":["https://crfmv.com/fr/event/cafe-decouverte-3/"]}]},{"@type":"BreadcrumbList","@id":"https://crfmv.com/fr/event/cafe-decouverte-3/#breadcrumb","itemListElement":[{"@type":"ListItem","position":1,"name":"Accueil","item":"https://crfmv.com/fr/"},{"@type":"ListItem","position":2,"name":"Évènements","item":"https://crfmv.com/fr/calendrier/"},{"@type":"ListItem","position":3,"name":"Café Découverte"}]},{"@type":"WebSite","@id":"https://crfmv.com/fr/#website","url":"https://crfmv.com/fr/","name":"CRFM Valcartier","description":"Centre de ressources pour les familles militaires Valcartier","publisher":{"@id":"https://crfmv.com/fr/#organization"},"potentialAction":[{"@type":"SearchAction","target":{"@type":"EntryPoint","urlTemplate":"https://crfmv.com/fr/?s={search_term_string}"},"query-input":{"@type":"PropertyValueSpecification","valueRequired":true,"valueName":"search_term_string"}}],"inLanguage":"fr-FR"},{"@type":"Organization","@id":"https://crfmv.com/fr/#organization","name":"Centre de la Famille Valcartier","url":"https://crfmv.com/fr/","logo":{"@type":"ImageObject","inLanguage":"fr-FR","@id":"https://crfmv.com/fr/#/schema/logo/image/","url":"https://crfmv.com/wp-content/uploads/2019/08/logo-CFV-2010-01.png","contentUrl":"https://crfmv.com/wp-content/uploads/2019/08/logo-CFV-2010-01.png","width":376,"height":376,"caption":"Centre de la Famille Valcartier"},"image":{"@id":"https://crfmv.com/fr/#/schema/logo/image/"},"sameAs":["https://www.facebook.com/CFvalcartier","https://www.instagram.com/agent_info_cfv","https://www.linkedin.com/company/centre-de-la-famille-valcartier/","https://www.pinterest.ca/agenteliaisoncf/pins/","https://www.youtube.com/channel/UCdLAsxyb6wN-q7bDaZYzuZw?view_as=subscriber"]}]}</script>
<!-- / Yoast SEO plugin. -->

Café Découverte - CRFM Valcartier

Viens fabriquer ton support à plante en macramé une plante artificielle vous sera fournie. Quand? Le 14 septembre à 18h30. Au Centre communautaire, Édifice 93. Activité réservée aux adultes. Besoin [&hellip;]

Évènements
