{"id":8372,"date":"2022-08-25T10:27:26","date_gmt":"2022-08-25T14:27:26","guid":{"rendered":"https:\/\/crfmv.com\/?post_type=tribe_events&#038;p=8372"},"modified":"2022-08-25T10:29:34","modified_gmt":"2022-08-25T14:29:34","slug":"journee-de-reconnaissance-des-familles-militaires-military-family-appreciation-day-2","status":"publish","type":"tribe_events","link":"https:\/\/crfmv.com\/fr\/event\/journee-de-reconnaissance-des-familles-militaires-military-family-appreciation-day-2\/","title":{"rendered":"Journ\u00e9e de reconnaissance des familles militaires &#8211; Military family appreciation day"},"content":{"rendered":"<p>C\u2019est la journ\u00e9e de reconnaissance des familles de militaires au Centre de ressources pour les familles militaires Valcartier. L\u2019activit\u00e9 est offerte \u00e0 la communaut\u00e9 militaire et v\u00e9t\u00e9rane. Une bienvenue sp\u00e9ciale aux nouveaux-arrivants. Que vous soyez seuls ou accompagn\u00e9s, joignez-vous \u00e0 nous pour<br \/>\nc\u00e9l\u00e9brer, on a h\u00e2te de vous rencontrer!<\/p>\n<ul>\n<li>Spectacle de magie<\/li>\n<li>Barbe \u00e0 papa<\/li>\n<li>Popcorn<\/li>\n<li>Visite d\u2019un v\u00e9hicule militaire<\/li>\n<li>Informations sur nos services<\/li>\n<\/ul>\n<p>Quand? Samedi 17 septembre, \u00e0 13h30. Terrain du Centre communautaire (\u00c9difice 93). Apportez une couverture ou vos chaises. 5$ par famille.<\/p>\n<p>*<strong>En cas de pluie, l&rsquo;activit\u00e9 sera remise au lendemain.<\/strong><\/p>\n<p>Inscription obligatoire avant le 12 septembre :\u00a0<a href=\"https:\/\/crfmv.info\/JRFM2022\">https:\/\/crfmv.info\/JRFM2022<\/a><\/p>\n<p>INFORMATION<br \/>\n418 844-6060<\/p>\n<p>________________________________________________________________________________________________________________________<\/p>\n<p>It\u2019s Military Family Appreciation Day at the Valcartier Military Family Resource Centre. This activity is offered to the military and veteran community. A special welcome to newcomers. Come and celebrate with us whether you are alone or accompanied, we look forward to see you!<\/p>\n<ul>\n<li>Magic show<\/li>\n<li>Cotton candy<\/li>\n<li>Popcorn<\/li>\n<li>Visit of a military vehicule<\/li>\n<li>Information on our services<\/li>\n<\/ul>\n<p>When? Saturday september 17, at 1:30 pm. On the Community Centre grounds (Building 93). Bring a blanket or your chairs. $5 per family.<\/p>\n<p>*<strong>In case of rain, the activity will be postponed to the next day.<\/strong><\/p>\n<p>Mandatory registration before September 12 :\u00a0<a href=\"https:\/\/crfmv.info\/JRFM2022\">https:\/\/crfmv.info\/JRFM2022<\/a><\/p>\n<p>INFORMATION<br \/>\n418 844-6060<\/p>\n","protected":false},"excerpt":{"rendered":"<p>C\u2019est la journ\u00e9e de reconnaissance des familles de militaires au Centre de ressources pour les familles militaires Valcartier. L\u2019activit\u00e9 est offerte \u00e0 la communaut\u00e9 militaire et v\u00e9t\u00e9rane. Une bienvenue sp\u00e9ciale [&hellip;]<\/p>\n","protected":false},"author":48,"featured_media":0,"template":"","meta":{"_et_pb_use_builder":"","_et_pb_old_content":"","_et_gb_content_width":"","_price":"","_stock":"","_tribe_ticket_header":"","_tribe_default_ticket_provider":"","_tribe_ticket_capacity":"0","_ticket_start_date":"","_ticket_end_date":"","_tribe_ticket_show_description":"","_tribe_ticket_show_not_going":false,"_tribe_ticket_use_global_stock":"","_tribe_ticket_global_stock_level":"","_global_stock_mode":"","_global_stock_cap":"","_tribe_rsvp_for_event":"","_tribe_ticket_going_count":"","_tribe_ticket_not_going_count":"","_tribe_tickets_list":"[]","_tribe_ticket_has_attendee_info_fields":false,"_tribe_events_status":"","_tribe_events_status_reason":"","footnotes":"","_tec_slr_enabled":"","_tec_slr_layout":""},"tags":[],"tribe_events_cat":[],"class_list":["post-8372","tribe_events","type-tribe_events","status-publish","hentry"],"yoast_head":"<!-- This site is optimized with the Yoast SEO plugin v26.8 - https:\/\/yoast.com\/product\/yoast-seo-wordpress\/ -->\n<title>Journ\u00e9e de reconnaissance des familles militaires - Military family appreciation day - CRFM Valcartier<\/title>\n<meta name=\"robots\" content=\"index, follow, max-snippet:-1, max-image-preview:large, max-video-preview:-1\" \/>\n<link rel=\"canonical\" href=\"https:\/\/crfmv.com\/fr\/event\/journee-de-reconnaissance-des-familles-militaires-military-family-appreciation-day-2\/\" \/>\n<meta property=\"og:locale\" content=\"fr_FR\" \/>\n<meta property=\"og:type\" content=\"article\" \/>\n<meta property=\"og:title\" content=\"Journ\u00e9e de reconnaissance des familles militaires - Military family appreciation day - CRFM Valcartier\" \/>\n<meta property=\"og:description\" content=\"C\u2019est la journ\u00e9e de reconnaissance des familles de militaires au Centre de ressources pour les familles militaires Valcartier. L\u2019activit\u00e9 est offerte \u00e0 la communaut\u00e9 militaire et v\u00e9t\u00e9rane. Une bienvenue sp\u00e9ciale [&hellip;]\" \/>\n<meta property=\"og:url\" content=\"https:\/\/crfmv.com\/fr\/event\/journee-de-reconnaissance-des-familles-militaires-military-family-appreciation-day-2\/\" \/>\n<meta property=\"og:site_name\" content=\"CRFM Valcartier\" \/>\n<meta property=\"article:publisher\" content=\"https:\/\/www.facebook.com\/CFvalcartier\" \/>\n<meta property=\"article:modified_time\" content=\"2022-08-25T14:29:34+00:00\" \/>\n<meta property=\"og:image\" content=\"https:\/\/crfmv.com\/wp-content\/uploads\/2022\/08\/jour_famille_militaire.png\" \/>\n\t<meta property=\"og:image:width\" content=\"1201\" \/>\n\t<meta property=\"og:image:height\" content=\"631\" \/>\n\t<meta property=\"og:image:type\" content=\"image\/png\" \/>\n<meta name=\"twitter:card\" content=\"summary_large_image\" \/>\n<meta name=\"twitter:label1\" content=\"Dur\u00e9e de lecture estim\u00e9e\" \/>\n\t<meta name=\"twitter:data1\" content=\"2 minutes\" \/>\n<script type=\"application\/ld+json\" class=\"yoast-schema-graph\">{\"@context\":\"https:\/\/schema.org\",\"@graph\":[{\"@type\":\"WebPage\",\"@id\":\"https:\/\/crfmv.com\/fr\/event\/journee-de-reconnaissance-des-familles-militaires-military-family-appreciation-day-2\/\",\"url\":\"https:\/\/crfmv.com\/fr\/event\/journee-de-reconnaissance-des-familles-militaires-military-family-appreciation-day-2\/\",\"name\":\"Journ\u00e9e de reconnaissance des familles militaires - Military family appreciation day - CRFM Valcartier\",\"isPartOf\":{\"@id\":\"https:\/\/crfmv.com\/fr\/#website\"},\"datePublished\":\"2022-08-25T14:27:26+00:00\",\"dateModified\":\"2022-08-25T14:29:34+00:00\",\"breadcrumb\":{\"@id\":\"https:\/\/crfmv.com\/fr\/event\/journee-de-reconnaissance-des-familles-militaires-military-family-appreciation-day-2\/#breadcrumb\"},\"inLanguage\":\"fr-FR\",\"potentialAction\":[{\"@type\":\"ReadAction\",\"target\":[\"https:\/\/crfmv.com\/fr\/event\/journee-de-reconnaissance-des-familles-militaires-military-family-appreciation-day-2\/\"]}]},{\"@type\":\"BreadcrumbList\",\"@id\":\"https:\/\/crfmv.com\/fr\/event\/journee-de-reconnaissance-des-familles-militaires-military-family-appreciation-day-2\/#breadcrumb\",\"itemListElement\":[{\"@type\":\"ListItem\",\"position\":1,\"name\":\"Accueil\",\"item\":\"https:\/\/crfmv.com\/fr\/\"},{\"@type\":\"ListItem\",\"position\":2,\"name\":\"\u00c9v\u00e8nements\",\"item\":\"https:\/\/crfmv.com\/fr\/calendrier\/\"},{\"@type\":\"ListItem\",\"position\":3,\"name\":\"Journ\u00e9e de reconnaissance des familles militaires &#8211; Military family appreciation day\"}]},{\"@type\":\"WebSite\",\"@id\":\"https:\/\/crfmv.com\/fr\/#website\",\"url\":\"https:\/\/crfmv.com\/fr\/\",\"name\":\"CRFM Valcartier\",\"description\":\"Centre de ressources pour les familles militaires Valcartier\",\"publisher\":{\"@id\":\"https:\/\/crfmv.com\/fr\/#organization\"},\"potentialAction\":[{\"@type\":\"SearchAction\",\"target\":{\"@type\":\"EntryPoint\",\"urlTemplate\":\"https:\/\/crfmv.com\/fr\/?s={search_term_string}\"},\"query-input\":{\"@type\":\"PropertyValueSpecification\",\"valueRequired\":true,\"valueName\":\"search_term_string\"}}],\"inLanguage\":\"fr-FR\"},{\"@type\":\"Organization\",\"@id\":\"https:\/\/crfmv.com\/fr\/#organization\",\"name\":\"Centre de la Famille Valcartier\",\"url\":\"https:\/\/crfmv.com\/fr\/\",\"logo\":{\"@type\":\"ImageObject\",\"inLanguage\":\"fr-FR\",\"@id\":\"https:\/\/crfmv.com\/fr\/#\/schema\/logo\/image\/\",\"url\":\"https:\/\/crfmv.com\/wp-content\/uploads\/2019\/08\/logo-CFV-2010-01.png\",\"contentUrl\":\"https:\/\/crfmv.com\/wp-content\/uploads\/2019\/08\/logo-CFV-2010-01.png\",\"width\":376,\"height\":376,\"caption\":\"Centre de la Famille Valcartier\"},\"image\":{\"@id\":\"https:\/\/crfmv.com\/fr\/#\/schema\/logo\/image\/\"},\"sameAs\":[\"https:\/\/www.facebook.com\/CFvalcartier\",\"https:\/\/www.instagram.com\/agent_info_cfv\",\"https:\/\/www.linkedin.com\/company\/centre-de-la-famille-valcartier\/\",\"https:\/\/www.pinterest.ca\/agenteliaisoncf\/pins\/\",\"https:\/\/www.youtube.com\/channel\/UCdLAsxyb6wN-q7bDaZYzuZw?view_as=subscriber\"]}]}<\/script>\n<!-- \/ Yoast SEO plugin. -->","yoast_head_json":{"title":"Journ\u00e9e de reconnaissance des familles militaires - Military family appreciation day - CRFM Valcartier","robots":{"index":"index","follow":"follow","max-snippet":"max-snippet:-1","max-image-preview":"max-image-preview:large","max-video-preview":"max-video-preview:-1"},"canonical":"https:\/\/crfmv.com\/fr\/event\/journee-de-reconnaissance-des-familles-militaires-military-family-appreciation-day-2\/","og_locale":"fr_FR","og_type":"article","og_title":"Journ\u00e9e de reconnaissance des familles militaires - Military family appreciation day - CRFM Valcartier","og_description":"C\u2019est la journ\u00e9e de reconnaissance des familles de militaires au Centre de ressources pour les familles militaires Valcartier. L\u2019activit\u00e9 est offerte \u00e0 la communaut\u00e9 militaire et v\u00e9t\u00e9rane. Une bienvenue sp\u00e9ciale [&hellip;]","og_url":"https:\/\/crfmv.com\/fr\/event\/journee-de-reconnaissance-des-familles-militaires-military-family-appreciation-day-2\/","og_site_name":"CRFM Valcartier","article_publisher":"https:\/\/www.facebook.com\/CFvalcartier","article_modified_time":"2022-08-25T14:29:34+00:00","og_image":[{"width":1201,"height":631,"url":"https:\/\/crfmv.com\/wp-content\/uploads\/2022\/08\/jour_famille_militaire.png","type":"image\/png"}],"twitter_card":"summary_large_image","twitter_misc":{"Dur\u00e9e de lecture estim\u00e9e":"2 minutes"},"schema":{"@context":"https:\/\/schema.org","@graph":[{"@type":"WebPage","@id":"https:\/\/crfmv.com\/fr\/event\/journee-de-reconnaissance-des-familles-militaires-military-family-appreciation-day-2\/","url":"https:\/\/crfmv.com\/fr\/event\/journee-de-reconnaissance-des-familles-militaires-military-family-appreciation-day-2\/","name":"Journ\u00e9e de reconnaissance des familles militaires - Military family appreciation day - CRFM Valcartier","isPartOf":{"@id":"https:\/\/crfmv.com\/fr\/#website"},"datePublished":"2022-08-25T14:27:26+00:00","dateModified":"2022-08-25T14:29:34+00:00","breadcrumb":{"@id":"https:\/\/crfmv.com\/fr\/event\/journee-de-reconnaissance-des-familles-militaires-military-family-appreciation-day-2\/#breadcrumb"},"inLanguage":"fr-FR","potentialAction":[{"@type":"ReadAction","target":["https:\/\/crfmv.com\/fr\/event\/journee-de-reconnaissance-des-familles-militaires-military-family-appreciation-day-2\/"]}]},{"@type":"BreadcrumbList","@id":"https:\/\/crfmv.com\/fr\/event\/journee-de-reconnaissance-des-familles-militaires-military-family-appreciation-day-2\/#breadcrumb","itemListElement":[{"@type":"ListItem","position":1,"name":"Accueil","item":"https:\/\/crfmv.com\/fr\/"},{"@type":"ListItem","position":2,"name":"\u00c9v\u00e8nements","item":"https:\/\/crfmv.com\/fr\/calendrier\/"},{"@type":"ListItem","position":3,"name":"Journ\u00e9e de reconnaissance des familles militaires &#8211; Military family appreciation day"}]},{"@type":"WebSite","@id":"https:\/\/crfmv.com\/fr\/#website","url":"https:\/\/crfmv.com\/fr\/","name":"CRFM Valcartier","description":"Centre de ressources pour les familles militaires Valcartier","publisher":{"@id":"https:\/\/crfmv.com\/fr\/#organization"},"potentialAction":[{"@type":"SearchAction","target":{"@type":"EntryPoint","urlTemplate":"https:\/\/crfmv.com\/fr\/?s={search_term_string}"},"query-input":{"@type":"PropertyValueSpecification","valueRequired":true,"valueName":"search_term_string"}}],"inLanguage":"fr-FR"},{"@type":"Organization","@id":"https:\/\/crfmv.com\/fr\/#organization","name":"Centre de la Famille Valcartier","url":"https:\/\/crfmv.com\/fr\/","logo":{"@type":"ImageObject","inLanguage":"fr-FR","@id":"https:\/\/crfmv.com\/fr\/#\/schema\/logo\/image\/","url":"https:\/\/crfmv.com\/wp-content\/uploads\/2019\/08\/logo-CFV-2010-01.png","contentUrl":"https:\/\/crfmv.com\/wp-content\/uploads\/2019\/08\/logo-CFV-2010-01.png","width":376,"height":376,"caption":"Centre de la Famille Valcartier"},"image":{"@id":"https:\/\/crfmv.com\/fr\/#\/schema\/logo\/image\/"},"sameAs":["https:\/\/www.facebook.com\/CFvalcartier","https:\/\/www.instagram.com\/agent_info_cfv","https:\/\/www.linkedin.com\/company\/centre-de-la-famille-valcartier\/","https:\/\/www.pinterest.ca\/agenteliaisoncf\/pins\/","https:\/\/www.youtube.com\/channel\/UCdLAsxyb6wN-q7bDaZYzuZw?view_as=subscriber"]}]}},"ticketed":false,"_links":{"self":[{"href":"https:\/\/crfmv.com\/fr\/wp-json\/wp\/v2\/tribe_events\/8372","targetHints":{"allow":["GET"]}}],"collection":[{"href":"https:\/\/crfmv.com\/fr\/wp-json\/wp\/v2\/tribe_events"}],"about":[{"href":"https:\/\/crfmv.com\/fr\/wp-json\/wp\/v2\/types\/tribe_events"}],"author":[{"embeddable":true,"href":"https:\/\/crfmv.com\/fr\/wp-json\/wp\/v2\/users\/48"}],"version-history":[{"count":2,"href":"https:\/\/crfmv.com\/fr\/wp-json\/wp\/v2\/tribe_events\/8372\/revisions"}],"predecessor-version":[{"id":8377,"href":"https:\/\/crfmv.com\/fr\/wp-json\/wp\/v2\/tribe_events\/8372\/revisions\/8377"}],"wp:attachment":[{"href":"https:\/\/crfmv.com\/fr\/wp-json\/wp\/v2\/media?parent=8372"}],"wp:term":[{"taxonomy":"post_tag","embeddable":true,"href":"https:\/\/crfmv.com\/fr\/wp-json\/wp\/v2\/tags?post=8372"},{"taxonomy":"tribe_events_cat","embeddable":true,"href":"https:\/\/crfmv.com\/fr\/wp-json\/wp\/v2\/tribe_events_cat?post=8372"}],"curies":[{"name":"wp","href":"https:\/\/api.w.org\/{rel}","templated":true}]}}

Journée de reconnaissance des familles militaires &#8211; Military family appreciation day

<p>C’est la journée de reconnaissance des familles de militaires au Centre de ressources pour les familles militaires Valcartier. L’activité est offerte à la communauté militaire et vétérane. Une bienvenue spéciale aux nouveaux-arrivants. Que vous soyez seuls ou accompagnés, joignez-vous à nous pour<br />
célébrer, on a hâte de vous rencontrer!</p>
<ul>
<li>Spectacle de magie</li>
<li>Barbe à papa</li>
<li>Popcorn</li>
<li>Visite d’un véhicule militaire</li>
<li>Informations sur nos services</li>
</ul>
<p>Quand? Samedi 17 septembre, à 13h30. Terrain du Centre communautaire (Édifice 93). Apportez une couverture ou vos chaises. 5$ par famille.</p>
<p>*<strong>En cas de pluie, l&rsquo;activité sera remise au lendemain.</strong></p>
<p>Inscription obligatoire avant le 12 septembre : <a href="https://crfmv.info/JRFM2022">https://crfmv.info/JRFM2022</a></p>
<p>INFORMATION<br />
418 844-6060</p>
<p>________________________________________________________________________________________________________________________</p>
<p>It’s Military Family Appreciation Day at the Valcartier Military Family Resource Centre. This activity is offered to the military and veteran community. A special welcome to newcomers. Come and celebrate with us whether you are alone or accompanied, we look forward to see you!</p>
<ul>
<li>Magic show</li>
<li>Cotton candy</li>
<li>Popcorn</li>
<li>Visit of a military vehicule</li>
<li>Information on our services</li>
</ul>
<p>When? Saturday september 17, at 1:30 pm. On the Community Centre grounds (Building 93). Bring a blanket or your chairs. $5 per family.</p>
<p>*<strong>In case of rain, the activity will be postponed to the next day.</strong></p>
<p>Mandatory registration before September 12 : <a href="https://crfmv.info/JRFM2022">https://crfmv.info/JRFM2022</a></p>
<p>INFORMATION<br />
418 844-6060</p>

<p>C’est la journée de reconnaissance des familles de militaires au Centre de ressources pour les familles militaires Valcartier. L’activité est offerte à la communauté militaire et vétérane. Une bienvenue spéciale [&hellip;]</p>

<!-- This site is optimized with the Yoast SEO plugin v26.8 - https://yoast.com/product/yoast-seo-wordpress/ -->
<title>Journée de reconnaissance des familles militaires - Military family appreciation day - CRFM Valcartier</title>
<meta name="robots" content="index, follow, max-snippet:-1, max-image-preview:large, max-video-preview:-1" />
<link rel="canonical" href="https://crfmv.com/fr/event/journee-de-reconnaissance-des-familles-militaires-military-family-appreciation-day-2/" />
<meta property="og:locale" content="fr_FR" />
<meta property="og:type" content="article" />
<meta property="og:title" content="Journée de reconnaissance des familles militaires - Military family appreciation day - CRFM Valcartier" />
<meta property="og:description" content="C’est la journée de reconnaissance des familles de militaires au Centre de ressources pour les familles militaires Valcartier. L’activité est offerte à la communauté militaire et vétérane. Une bienvenue spéciale [&hellip;]" />
<meta property="og:url" content="https://crfmv.com/fr/event/journee-de-reconnaissance-des-familles-militaires-military-family-appreciation-day-2/" />
<meta property="og:site_name" content="CRFM Valcartier" />
<meta property="article:publisher" content="https://www.facebook.com/CFvalcartier" />
<meta property="article:modified_time" content="2022-08-25T14:29:34+00:00" />
<meta property="og:image" content="https://crfmv.com/wp-content/uploads/2022/08/jour_famille_militaire.png" />
	<meta property="og:image:width" content="1201" />
	<meta property="og:image:height" content="631" />
	<meta property="og:image:type" content="image/png" />
<meta name="twitter:card" content="summary_large_image" />
<meta name="twitter:label1" content="Durée de lecture estimée" />
	<meta name="twitter:data1" content="2 minutes" />
<script type="application/ld+json" class="yoast-schema-graph">{"@context":"https://schema.org","@graph":[{"@type":"WebPage","@id":"https://crfmv.com/fr/event/journee-de-reconnaissance-des-familles-militaires-military-family-appreciation-day-2/","url":"https://crfmv.com/fr/event/journee-de-reconnaissance-des-familles-militaires-military-family-appreciation-day-2/","name":"Journée de reconnaissance des familles militaires - Military family appreciation day - CRFM Valcartier","isPartOf":{"@id":"https://crfmv.com/fr/#website"},"datePublished":"2022-08-25T14:27:26+00:00","dateModified":"2022-08-25T14:29:34+00:00","breadcrumb":{"@id":"https://crfmv.com/fr/event/journee-de-reconnaissance-des-familles-militaires-military-family-appreciation-day-2/#breadcrumb"},"inLanguage":"fr-FR","potentialAction":[{"@type":"ReadAction","target":["https://crfmv.com/fr/event/journee-de-reconnaissance-des-familles-militaires-military-family-appreciation-day-2/"]}]},{"@type":"BreadcrumbList","@id":"https://crfmv.com/fr/event/journee-de-reconnaissance-des-familles-militaires-military-family-appreciation-day-2/#breadcrumb","itemListElement":[{"@type":"ListItem","position":1,"name":"Accueil","item":"https://crfmv.com/fr/"},{"@type":"ListItem","position":2,"name":"Évènements","item":"https://crfmv.com/fr/calendrier/"},{"@type":"ListItem","position":3,"name":"Journée de reconnaissance des familles militaires &#8211; Military family appreciation day"}]},{"@type":"WebSite","@id":"https://crfmv.com/fr/#website","url":"https://crfmv.com/fr/","name":"CRFM Valcartier","description":"Centre de ressources pour les familles militaires Valcartier","publisher":{"@id":"https://crfmv.com/fr/#organization"},"potentialAction":[{"@type":"SearchAction","target":{"@type":"EntryPoint","urlTemplate":"https://crfmv.com/fr/?s={search_term_string}"},"query-input":{"@type":"PropertyValueSpecification","valueRequired":true,"valueName":"search_term_string"}}],"inLanguage":"fr-FR"},{"@type":"Organization","@id":"https://crfmv.com/fr/#organization","name":"Centre de la Famille Valcartier","url":"https://crfmv.com/fr/","logo":{"@type":"ImageObject","inLanguage":"fr-FR","@id":"https://crfmv.com/fr/#/schema/logo/image/","url":"https://crfmv.com/wp-content/uploads/2019/08/logo-CFV-2010-01.png","contentUrl":"https://crfmv.com/wp-content/uploads/2019/08/logo-CFV-2010-01.png","width":376,"height":376,"caption":"Centre de la Famille Valcartier"},"image":{"@id":"https://crfmv.com/fr/#/schema/logo/image/"},"sameAs":["https://www.facebook.com/CFvalcartier","https://www.instagram.com/agent_info_cfv","https://www.linkedin.com/company/centre-de-la-famille-valcartier/","https://www.pinterest.ca/agenteliaisoncf/pins/","https://www.youtube.com/channel/UCdLAsxyb6wN-q7bDaZYzuZw?view_as=subscriber"]}]}</script>
<!-- / Yoast SEO plugin. -->

Journée de reconnaissance des familles militaires - Military family appreciation day - CRFM Valcartier

C’est la journée de reconnaissance des familles de militaires au Centre de ressources pour les familles militaires Valcartier. L’activité est offerte à la communauté militaire et vétérane. Une bienvenue spéciale [&hellip;]

Évènements
