{"id":8553,"date":"2022-09-21T15:10:20","date_gmt":"2022-09-21T19:10:20","guid":{"rendered":"https:\/\/crfmv.com\/?post_type=tribe_events&#038;p=8553"},"modified":"2022-09-21T15:11:55","modified_gmt":"2022-09-21T19:11:55","slug":"vivre-sa-vie-pleinement-living-life-to-the-full-3","status":"publish","type":"tribe_events","link":"https:\/\/crfmv.com\/fr\/event\/vivre-sa-vie-pleinement-living-life-to-the-full-3\/","title":{"rendered":"Vivre sa vie pleinement &#8211; Living life to the full"},"content":{"rendered":"<p><strong>12 heures qui pourraient changer votre vie!<\/strong><\/p>\n<p>Vous voulez \u00eatre plus heureux, avoir davantage d&rsquo;\u00e9nergie, prendre confiance en vous, am\u00e9liorer vos relations et r\u00e9duire votre d\u00e9couragement? Venez apprendre des comp\u00e9tences pour surmonter les probl\u00e8mes de la vie!<\/p>\n<p><em>Heures\/Dates :\u00a0<\/em>13h \u00e0 16h. 25 octobre &#8211; 1 novembre &#8211; 15 novembre &#8211; 22 novembre<br \/>\n<em>Co\u00fbt :\u00a0<\/em>Gratuit<br \/>\n<em>Endroit :\u00a0<\/em>Centre communautaire (\u00c9difice 93)<br \/>\n<em>Inscription :\u00a0<\/em>Jusqu&rsquo;au 17 octobre via :\u00a0<a href=\"https:\/\/crfmv.info\/vivre_live\">https:\/\/crfmv.info\/vivre_live<\/a><\/p>\n<p><strong>INFORMATION<\/strong><br \/>\nveronique.morin@crfmv.com<br \/>\n418-844-6060 \/ 1 877 844-6060<\/p>\n<p>Allez sur www.LivingLifeToTheFull.ca pour en savoir plus!<\/p>\n<p>________________________________________________________________________________________________________________________<\/p>\n<p><strong>12 hours that can change your life!<\/strong><\/p>\n<p>Want to know how to feel better right now? Sleep better, feel happier, have more energy, gain confidence, get out more, enjoy better relationships, and help others!<\/p>\n<p><em>Time\/Date :\u00a0<\/em>1:00 pm to 4:00 pm. October 25 &#8211; November 1 &#8211; November 15 &#8211; November 22<br \/>\n<em>Cost :\u00a0<\/em>Free<br \/>\n<em>Location :\u00a0<\/em>Community Centre (Building 93)<br \/>\n<em>Registration :\u00a0<\/em>Until October 17 via : <a href=\"https:\/\/crfmv.info\/vivre_live\">https:\/\/crfmv.info\/vivre_live<\/a><\/p>\n<p><strong>INFORMATION<\/strong><br \/>\nveronique.morin@crfmv.com<br \/>\n418-844-6060 \/ 1 877 844-6060<\/p>\n<p>Visit www.LivingLifeToTheFull.ca to find out more!<\/p>\n","protected":false},"excerpt":{"rendered":"<p>12 heures qui pourraient changer votre vie! Vous voulez \u00eatre plus heureux, avoir davantage d&rsquo;\u00e9nergie, prendre confiance en vous, am\u00e9liorer vos relations et r\u00e9duire votre d\u00e9couragement? Venez apprendre des comp\u00e9tences [&hellip;]<\/p>\n","protected":false},"author":48,"featured_media":0,"template":"","meta":{"_et_pb_use_builder":"","_et_pb_old_content":"","_et_gb_content_width":"","_price":"","_stock":"","_tribe_ticket_header":"","_tribe_default_ticket_provider":"","_tribe_ticket_capacity":"0","_ticket_start_date":"","_ticket_end_date":"","_tribe_ticket_show_description":"","_tribe_ticket_show_not_going":false,"_tribe_ticket_use_global_stock":"","_tribe_ticket_global_stock_level":"","_global_stock_mode":"","_global_stock_cap":"","_tribe_rsvp_for_event":"","_tribe_ticket_going_count":"","_tribe_ticket_not_going_count":"","_tribe_tickets_list":"[]","_tribe_ticket_has_attendee_info_fields":false,"_tribe_events_status":"","_tribe_events_status_reason":"","footnotes":"","_tec_slr_enabled":"","_tec_slr_layout":""},"tags":[],"tribe_events_cat":[],"class_list":["post-8553","tribe_events","type-tribe_events","status-publish","hentry"],"yoast_head":"<!-- This site is optimized with the Yoast SEO plugin v26.8 - https:\/\/yoast.com\/product\/yoast-seo-wordpress\/ -->\n<title>Vivre sa vie pleinement - Living life to the full - CRFM Valcartier<\/title>\n<meta name=\"robots\" content=\"index, follow, max-snippet:-1, max-image-preview:large, max-video-preview:-1\" \/>\n<link rel=\"canonical\" href=\"https:\/\/crfmv.com\/fr\/event\/vivre-sa-vie-pleinement-living-life-to-the-full-3\/\" \/>\n<meta property=\"og:locale\" content=\"fr_FR\" \/>\n<meta property=\"og:type\" content=\"article\" \/>\n<meta property=\"og:title\" content=\"Vivre sa vie pleinement - Living life to the full - CRFM Valcartier\" \/>\n<meta property=\"og:description\" content=\"12 heures qui pourraient changer votre vie! Vous voulez \u00eatre plus heureux, avoir davantage d&rsquo;\u00e9nergie, prendre confiance en vous, am\u00e9liorer vos relations et r\u00e9duire votre d\u00e9couragement? Venez apprendre des comp\u00e9tences [&hellip;]\" \/>\n<meta property=\"og:url\" content=\"https:\/\/crfmv.com\/fr\/event\/vivre-sa-vie-pleinement-living-life-to-the-full-3\/\" \/>\n<meta property=\"og:site_name\" content=\"CRFM Valcartier\" \/>\n<meta property=\"article:publisher\" content=\"https:\/\/www.facebook.com\/CFvalcartier\" \/>\n<meta property=\"article:modified_time\" content=\"2022-09-21T19:11:55+00:00\" \/>\n<meta name=\"twitter:card\" content=\"summary_large_image\" \/>\n<meta name=\"twitter:label1\" content=\"Dur\u00e9e de lecture estim\u00e9e\" \/>\n\t<meta name=\"twitter:data1\" content=\"1 minute\" \/>\n<script type=\"application\/ld+json\" class=\"yoast-schema-graph\">{\"@context\":\"https:\/\/schema.org\",\"@graph\":[{\"@type\":\"WebPage\",\"@id\":\"https:\/\/crfmv.com\/fr\/event\/vivre-sa-vie-pleinement-living-life-to-the-full-3\/\",\"url\":\"https:\/\/crfmv.com\/fr\/event\/vivre-sa-vie-pleinement-living-life-to-the-full-3\/\",\"name\":\"Vivre sa vie pleinement - Living life to the full - CRFM Valcartier\",\"isPartOf\":{\"@id\":\"https:\/\/crfmv.com\/fr\/#website\"},\"datePublished\":\"2022-09-21T19:10:20+00:00\",\"dateModified\":\"2022-09-21T19:11:55+00:00\",\"breadcrumb\":{\"@id\":\"https:\/\/crfmv.com\/fr\/event\/vivre-sa-vie-pleinement-living-life-to-the-full-3\/#breadcrumb\"},\"inLanguage\":\"fr-FR\",\"potentialAction\":[{\"@type\":\"ReadAction\",\"target\":[\"https:\/\/crfmv.com\/fr\/event\/vivre-sa-vie-pleinement-living-life-to-the-full-3\/\"]}]},{\"@type\":\"BreadcrumbList\",\"@id\":\"https:\/\/crfmv.com\/fr\/event\/vivre-sa-vie-pleinement-living-life-to-the-full-3\/#breadcrumb\",\"itemListElement\":[{\"@type\":\"ListItem\",\"position\":1,\"name\":\"Accueil\",\"item\":\"https:\/\/crfmv.com\/fr\/\"},{\"@type\":\"ListItem\",\"position\":2,\"name\":\"\u00c9v\u00e8nements\",\"item\":\"https:\/\/crfmv.com\/fr\/calendrier\/\"},{\"@type\":\"ListItem\",\"position\":3,\"name\":\"Vivre sa vie pleinement &#8211; Living life to the full\"}]},{\"@type\":\"WebSite\",\"@id\":\"https:\/\/crfmv.com\/fr\/#website\",\"url\":\"https:\/\/crfmv.com\/fr\/\",\"name\":\"CRFM Valcartier\",\"description\":\"Centre de ressources pour les familles militaires Valcartier\",\"publisher\":{\"@id\":\"https:\/\/crfmv.com\/fr\/#organization\"},\"potentialAction\":[{\"@type\":\"SearchAction\",\"target\":{\"@type\":\"EntryPoint\",\"urlTemplate\":\"https:\/\/crfmv.com\/fr\/?s={search_term_string}\"},\"query-input\":{\"@type\":\"PropertyValueSpecification\",\"valueRequired\":true,\"valueName\":\"search_term_string\"}}],\"inLanguage\":\"fr-FR\"},{\"@type\":\"Organization\",\"@id\":\"https:\/\/crfmv.com\/fr\/#organization\",\"name\":\"Centre de la Famille Valcartier\",\"url\":\"https:\/\/crfmv.com\/fr\/\",\"logo\":{\"@type\":\"ImageObject\",\"inLanguage\":\"fr-FR\",\"@id\":\"https:\/\/crfmv.com\/fr\/#\/schema\/logo\/image\/\",\"url\":\"https:\/\/crfmv.com\/wp-content\/uploads\/2019\/08\/logo-CFV-2010-01.png\",\"contentUrl\":\"https:\/\/crfmv.com\/wp-content\/uploads\/2019\/08\/logo-CFV-2010-01.png\",\"width\":376,\"height\":376,\"caption\":\"Centre de la Famille Valcartier\"},\"image\":{\"@id\":\"https:\/\/crfmv.com\/fr\/#\/schema\/logo\/image\/\"},\"sameAs\":[\"https:\/\/www.facebook.com\/CFvalcartier\",\"https:\/\/www.instagram.com\/agent_info_cfv\",\"https:\/\/www.linkedin.com\/company\/centre-de-la-famille-valcartier\/\",\"https:\/\/www.pinterest.ca\/agenteliaisoncf\/pins\/\",\"https:\/\/www.youtube.com\/channel\/UCdLAsxyb6wN-q7bDaZYzuZw?view_as=subscriber\"]}]}<\/script>\n<!-- \/ Yoast SEO plugin. -->","yoast_head_json":{"title":"Vivre sa vie pleinement - Living life to the full - CRFM Valcartier","robots":{"index":"index","follow":"follow","max-snippet":"max-snippet:-1","max-image-preview":"max-image-preview:large","max-video-preview":"max-video-preview:-1"},"canonical":"https:\/\/crfmv.com\/fr\/event\/vivre-sa-vie-pleinement-living-life-to-the-full-3\/","og_locale":"fr_FR","og_type":"article","og_title":"Vivre sa vie pleinement - Living life to the full - CRFM Valcartier","og_description":"12 heures qui pourraient changer votre vie! Vous voulez \u00eatre plus heureux, avoir davantage d&rsquo;\u00e9nergie, prendre confiance en vous, am\u00e9liorer vos relations et r\u00e9duire votre d\u00e9couragement? Venez apprendre des comp\u00e9tences [&hellip;]","og_url":"https:\/\/crfmv.com\/fr\/event\/vivre-sa-vie-pleinement-living-life-to-the-full-3\/","og_site_name":"CRFM Valcartier","article_publisher":"https:\/\/www.facebook.com\/CFvalcartier","article_modified_time":"2022-09-21T19:11:55+00:00","twitter_card":"summary_large_image","twitter_misc":{"Dur\u00e9e de lecture estim\u00e9e":"1 minute"},"schema":{"@context":"https:\/\/schema.org","@graph":[{"@type":"WebPage","@id":"https:\/\/crfmv.com\/fr\/event\/vivre-sa-vie-pleinement-living-life-to-the-full-3\/","url":"https:\/\/crfmv.com\/fr\/event\/vivre-sa-vie-pleinement-living-life-to-the-full-3\/","name":"Vivre sa vie pleinement - Living life to the full - CRFM Valcartier","isPartOf":{"@id":"https:\/\/crfmv.com\/fr\/#website"},"datePublished":"2022-09-21T19:10:20+00:00","dateModified":"2022-09-21T19:11:55+00:00","breadcrumb":{"@id":"https:\/\/crfmv.com\/fr\/event\/vivre-sa-vie-pleinement-living-life-to-the-full-3\/#breadcrumb"},"inLanguage":"fr-FR","potentialAction":[{"@type":"ReadAction","target":["https:\/\/crfmv.com\/fr\/event\/vivre-sa-vie-pleinement-living-life-to-the-full-3\/"]}]},{"@type":"BreadcrumbList","@id":"https:\/\/crfmv.com\/fr\/event\/vivre-sa-vie-pleinement-living-life-to-the-full-3\/#breadcrumb","itemListElement":[{"@type":"ListItem","position":1,"name":"Accueil","item":"https:\/\/crfmv.com\/fr\/"},{"@type":"ListItem","position":2,"name":"\u00c9v\u00e8nements","item":"https:\/\/crfmv.com\/fr\/calendrier\/"},{"@type":"ListItem","position":3,"name":"Vivre sa vie pleinement &#8211; Living life to the full"}]},{"@type":"WebSite","@id":"https:\/\/crfmv.com\/fr\/#website","url":"https:\/\/crfmv.com\/fr\/","name":"CRFM Valcartier","description":"Centre de ressources pour les familles militaires Valcartier","publisher":{"@id":"https:\/\/crfmv.com\/fr\/#organization"},"potentialAction":[{"@type":"SearchAction","target":{"@type":"EntryPoint","urlTemplate":"https:\/\/crfmv.com\/fr\/?s={search_term_string}"},"query-input":{"@type":"PropertyValueSpecification","valueRequired":true,"valueName":"search_term_string"}}],"inLanguage":"fr-FR"},{"@type":"Organization","@id":"https:\/\/crfmv.com\/fr\/#organization","name":"Centre de la Famille Valcartier","url":"https:\/\/crfmv.com\/fr\/","logo":{"@type":"ImageObject","inLanguage":"fr-FR","@id":"https:\/\/crfmv.com\/fr\/#\/schema\/logo\/image\/","url":"https:\/\/crfmv.com\/wp-content\/uploads\/2019\/08\/logo-CFV-2010-01.png","contentUrl":"https:\/\/crfmv.com\/wp-content\/uploads\/2019\/08\/logo-CFV-2010-01.png","width":376,"height":376,"caption":"Centre de la Famille Valcartier"},"image":{"@id":"https:\/\/crfmv.com\/fr\/#\/schema\/logo\/image\/"},"sameAs":["https:\/\/www.facebook.com\/CFvalcartier","https:\/\/www.instagram.com\/agent_info_cfv","https:\/\/www.linkedin.com\/company\/centre-de-la-famille-valcartier\/","https:\/\/www.pinterest.ca\/agenteliaisoncf\/pins\/","https:\/\/www.youtube.com\/channel\/UCdLAsxyb6wN-q7bDaZYzuZw?view_as=subscriber"]}]}},"ticketed":false,"_links":{"self":[{"href":"https:\/\/crfmv.com\/fr\/wp-json\/wp\/v2\/tribe_events\/8553","targetHints":{"allow":["GET"]}}],"collection":[{"href":"https:\/\/crfmv.com\/fr\/wp-json\/wp\/v2\/tribe_events"}],"about":[{"href":"https:\/\/crfmv.com\/fr\/wp-json\/wp\/v2\/types\/tribe_events"}],"author":[{"embeddable":true,"href":"https:\/\/crfmv.com\/fr\/wp-json\/wp\/v2\/users\/48"}],"version-history":[{"count":1,"href":"https:\/\/crfmv.com\/fr\/wp-json\/wp\/v2\/tribe_events\/8553\/revisions"}],"predecessor-version":[{"id":8554,"href":"https:\/\/crfmv.com\/fr\/wp-json\/wp\/v2\/tribe_events\/8553\/revisions\/8554"}],"wp:attachment":[{"href":"https:\/\/crfmv.com\/fr\/wp-json\/wp\/v2\/media?parent=8553"}],"wp:term":[{"taxonomy":"post_tag","embeddable":true,"href":"https:\/\/crfmv.com\/fr\/wp-json\/wp\/v2\/tags?post=8553"},{"taxonomy":"tribe_events_cat","embeddable":true,"href":"https:\/\/crfmv.com\/fr\/wp-json\/wp\/v2\/tribe_events_cat?post=8553"}],"curies":[{"name":"wp","href":"https:\/\/api.w.org\/{rel}","templated":true}]}}

<p><strong>12 heures qui pourraient changer votre vie!</strong></p>
<p>Vous voulez être plus heureux, avoir davantage d&rsquo;énergie, prendre confiance en vous, améliorer vos relations et réduire votre découragement? Venez apprendre des compétences pour surmonter les problèmes de la vie!</p>
<p><em>Heures/Dates : </em>13h à 16h. 25 octobre &#8211; 1 novembre &#8211; 15 novembre &#8211; 22 novembre<br />
<em>Coût : </em>Gratuit<br />
<em>Endroit : </em>Centre communautaire (Édifice 93)<br />
<em>Inscription : </em>Jusqu&rsquo;au 17 octobre via : <a href="https://crfmv.info/vivre_live">https://crfmv.info/vivre_live</a></p>
<p><strong>INFORMATION</strong><br />
veronique.morin@crfmv.com<br />
418-844-6060 / 1 877 844-6060</p>
<p>Allez sur www.LivingLifeToTheFull.ca pour en savoir plus!</p>
<p>________________________________________________________________________________________________________________________</p>
<p><strong>12 hours that can change your life!</strong></p>
<p>Want to know how to feel better right now? Sleep better, feel happier, have more energy, gain confidence, get out more, enjoy better relationships, and help others!</p>
<p><em>Time/Date : </em>1:00 pm to 4:00 pm. October 25 &#8211; November 1 &#8211; November 15 &#8211; November 22<br />
<em>Cost : </em>Free<br />
<em>Location : </em>Community Centre (Building 93)<br />
<em>Registration : </em>Until October 17 via : <a href="https://crfmv.info/vivre_live">https://crfmv.info/vivre_live</a></p>
<p><strong>INFORMATION</strong><br />
veronique.morin@crfmv.com<br />
418-844-6060 / 1 877 844-6060</p>
<p>Visit www.LivingLifeToTheFull.ca to find out more!</p>

<p>12 heures qui pourraient changer votre vie! Vous voulez être plus heureux, avoir davantage d&rsquo;énergie, prendre confiance en vous, améliorer vos relations et réduire votre découragement? Venez apprendre des compétences [&hellip;]</p>

<!-- This site is optimized with the Yoast SEO plugin v26.8 - https://yoast.com/product/yoast-seo-wordpress/ -->
<title>Vivre sa vie pleinement - Living life to the full - CRFM Valcartier</title>
<meta name="robots" content="index, follow, max-snippet:-1, max-image-preview:large, max-video-preview:-1" />
<link rel="canonical" href="https://crfmv.com/fr/event/vivre-sa-vie-pleinement-living-life-to-the-full-3/" />
<meta property="og:locale" content="fr_FR" />
<meta property="og:type" content="article" />
<meta property="og:title" content="Vivre sa vie pleinement - Living life to the full - CRFM Valcartier" />
<meta property="og:description" content="12 heures qui pourraient changer votre vie! Vous voulez être plus heureux, avoir davantage d&rsquo;énergie, prendre confiance en vous, améliorer vos relations et réduire votre découragement? Venez apprendre des compétences [&hellip;]" />
<meta property="og:url" content="https://crfmv.com/fr/event/vivre-sa-vie-pleinement-living-life-to-the-full-3/" />
<meta property="og:site_name" content="CRFM Valcartier" />
<meta property="article:publisher" content="https://www.facebook.com/CFvalcartier" />
<meta property="article:modified_time" content="2022-09-21T19:11:55+00:00" />
<meta name="twitter:card" content="summary_large_image" />
<meta name="twitter:label1" content="Durée de lecture estimée" />
	<meta name="twitter:data1" content="1 minute" />
<script type="application/ld+json" class="yoast-schema-graph">{"@context":"https://schema.org","@graph":[{"@type":"WebPage","@id":"https://crfmv.com/fr/event/vivre-sa-vie-pleinement-living-life-to-the-full-3/","url":"https://crfmv.com/fr/event/vivre-sa-vie-pleinement-living-life-to-the-full-3/","name":"Vivre sa vie pleinement - Living life to the full - CRFM Valcartier","isPartOf":{"@id":"https://crfmv.com/fr/#website"},"datePublished":"2022-09-21T19:10:20+00:00","dateModified":"2022-09-21T19:11:55+00:00","breadcrumb":{"@id":"https://crfmv.com/fr/event/vivre-sa-vie-pleinement-living-life-to-the-full-3/#breadcrumb"},"inLanguage":"fr-FR","potentialAction":[{"@type":"ReadAction","target":["https://crfmv.com/fr/event/vivre-sa-vie-pleinement-living-life-to-the-full-3/"]}]},{"@type":"BreadcrumbList","@id":"https://crfmv.com/fr/event/vivre-sa-vie-pleinement-living-life-to-the-full-3/#breadcrumb","itemListElement":[{"@type":"ListItem","position":1,"name":"Accueil","item":"https://crfmv.com/fr/"},{"@type":"ListItem","position":2,"name":"Évènements","item":"https://crfmv.com/fr/calendrier/"},{"@type":"ListItem","position":3,"name":"Vivre sa vie pleinement &#8211; Living life to the full"}]},{"@type":"WebSite","@id":"https://crfmv.com/fr/#website","url":"https://crfmv.com/fr/","name":"CRFM Valcartier","description":"Centre de ressources pour les familles militaires Valcartier","publisher":{"@id":"https://crfmv.com/fr/#organization"},"potentialAction":[{"@type":"SearchAction","target":{"@type":"EntryPoint","urlTemplate":"https://crfmv.com/fr/?s={search_term_string}"},"query-input":{"@type":"PropertyValueSpecification","valueRequired":true,"valueName":"search_term_string"}}],"inLanguage":"fr-FR"},{"@type":"Organization","@id":"https://crfmv.com/fr/#organization","name":"Centre de la Famille Valcartier","url":"https://crfmv.com/fr/","logo":{"@type":"ImageObject","inLanguage":"fr-FR","@id":"https://crfmv.com/fr/#/schema/logo/image/","url":"https://crfmv.com/wp-content/uploads/2019/08/logo-CFV-2010-01.png","contentUrl":"https://crfmv.com/wp-content/uploads/2019/08/logo-CFV-2010-01.png","width":376,"height":376,"caption":"Centre de la Famille Valcartier"},"image":{"@id":"https://crfmv.com/fr/#/schema/logo/image/"},"sameAs":["https://www.facebook.com/CFvalcartier","https://www.instagram.com/agent_info_cfv","https://www.linkedin.com/company/centre-de-la-famille-valcartier/","https://www.pinterest.ca/agenteliaisoncf/pins/","https://www.youtube.com/channel/UCdLAsxyb6wN-q7bDaZYzuZw?view_as=subscriber"]}]}</script>
<!-- / Yoast SEO plugin. -->

12 heures qui pourraient changer votre vie! Vous voulez être plus heureux, avoir davantage d&rsquo;énergie, prendre confiance en vous, améliorer vos relations et réduire votre découragement? Venez apprendre des compétences [&hellip;]

Évènements
