{"id":8733,"date":"2022-10-12T14:08:23","date_gmt":"2022-10-12T18:08:23","guid":{"rendered":"https:\/\/crfmv.com\/?post_type=tribe_events&#038;p=8733"},"modified":"2022-10-12T14:08:23","modified_gmt":"2022-10-12T18:08:23","slug":"cours-prenataux-prenetal-courses","status":"publish","type":"tribe_events","link":"https:\/\/crfmv.com\/fr\/event\/cours-prenataux-prenetal-courses\/","title":{"rendered":"Cours pr\u00e9nataux &#8211; Prenetal courses"},"content":{"rendered":"<p>COURS PR\u00c9NATAUX<em> (english will follow) <\/em><\/p>\n<p>Le CRFMV vous pr\u00e9sente une s\u00e9rie de 2 cours pr\u00e9nataux sp\u00e9cialement con\u00e7us pour accompagner les futurs parents \u00e0 travers leurs questionnements sur la grossesse et les premi\u00e8res semaines avec b\u00e9b\u00e9. Chacune des rencontres sera coanim\u00e9e par une infirmi\u00e8re clinicienne et d\u2019un intervenant \u00e0 l\u2019enfance du CRFMV et aura comme objectif d\u2019int\u00e9grer les diff\u00e9rents d\u00e9fis reli\u00e9s \u00e0 la r\u00e9alit\u00e9 militaire.<\/p>\n<p>Quand? 5 et 6 novembre de 9 h \u00e0 14 h 30, au Centre communautaire.<\/p>\n<p><strong>INSCRIPTION 50$ par couple.<\/strong><\/p>\n<p>INSCRIPTION ET INFORMATION<br \/>\nMathieu Bouchard<br \/>\n<a href=\"mailto:mathieu.bouchard@crfmv.com\">mathieu.bouchard@crfmv.com<\/a><br \/>\n418-844-6060<\/p>\n<p>________________________________________________________________________________________________________________________<\/p>\n<p>PRENATAL COURSES<\/p>\n<p>The VMFRC is presenting a series of 2 prenatal courses, specially designed to accompany future parents with their questions about pregnancy and the first weeks with their baby. Each session will be co-presented by a nurse and a childhood counsellor from the VMFRC, and will aim to integrate the various challenges related to military reality.<\/p>\n<p>When? November 5 and 6, from 9h00 am to 2h30 pm, at the VMFRC.<\/p>\n<p><strong>REGISTRATION 50$ per couple.<\/strong><\/p>\n<p>REGISTRATION AND INFORMATION<br \/>\nMathieu Bouchard<br \/>\n<a href=\"mailto:mathieu.bouchard@crfmv.com\">mathieu.bouchard@crfmv.com<\/a><br \/>\n418-844-6060<\/p>\n","protected":false},"excerpt":{"rendered":"<p>COURS PR\u00c9NATAUX (english will follow) Le CRFMV vous pr\u00e9sente une s\u00e9rie de 2 cours pr\u00e9nataux sp\u00e9cialement con\u00e7us pour accompagner les futurs parents \u00e0 travers leurs questionnements sur la grossesse et [&hellip;]<\/p>\n","protected":false},"author":48,"featured_media":0,"template":"","meta":{"_et_pb_use_builder":"","_et_pb_old_content":"","_et_gb_content_width":"","_price":"","_stock":"","_tribe_ticket_header":"","_tribe_default_ticket_provider":"","_tribe_ticket_capacity":"0","_ticket_start_date":"","_ticket_end_date":"","_tribe_ticket_show_description":"","_tribe_ticket_show_not_going":false,"_tribe_ticket_use_global_stock":"","_tribe_ticket_global_stock_level":"","_global_stock_mode":"","_global_stock_cap":"","_tribe_rsvp_for_event":"","_tribe_ticket_going_count":"","_tribe_ticket_not_going_count":"","_tribe_tickets_list":"[]","_tribe_ticket_has_attendee_info_fields":false,"_tribe_events_status":"","_tribe_events_status_reason":"","footnotes":"","_tec_slr_enabled":"","_tec_slr_layout":""},"tags":[],"tribe_events_cat":[],"class_list":["post-8733","tribe_events","type-tribe_events","status-publish","hentry"],"yoast_head":"<!-- This site is optimized with the Yoast SEO plugin v26.8 - https:\/\/yoast.com\/product\/yoast-seo-wordpress\/ -->\n<title>Cours pr\u00e9nataux - Prenetal courses - CRFM Valcartier<\/title>\n<meta name=\"robots\" content=\"index, follow, max-snippet:-1, max-image-preview:large, max-video-preview:-1\" \/>\n<link rel=\"canonical\" href=\"https:\/\/crfmv.com\/fr\/event\/cours-prenataux-prenetal-courses\/\" \/>\n<meta property=\"og:locale\" content=\"fr_FR\" \/>\n<meta property=\"og:type\" content=\"article\" \/>\n<meta property=\"og:title\" content=\"Cours pr\u00e9nataux - Prenetal courses - CRFM Valcartier\" \/>\n<meta property=\"og:description\" content=\"COURS PR\u00c9NATAUX (english will follow) Le CRFMV vous pr\u00e9sente une s\u00e9rie de 2 cours pr\u00e9nataux sp\u00e9cialement con\u00e7us pour accompagner les futurs parents \u00e0 travers leurs questionnements sur la grossesse et [&hellip;]\" \/>\n<meta property=\"og:url\" content=\"https:\/\/crfmv.com\/fr\/event\/cours-prenataux-prenetal-courses\/\" \/>\n<meta property=\"og:site_name\" content=\"CRFM Valcartier\" \/>\n<meta property=\"article:publisher\" content=\"https:\/\/www.facebook.com\/CFvalcartier\" \/>\n<meta property=\"og:image\" content=\"https:\/\/crfmv.com\/wp-content\/uploads\/2022\/10\/cour_prenataux.png\" \/>\n\t<meta property=\"og:image:width\" content=\"1200\" \/>\n\t<meta property=\"og:image:height\" content=\"630\" \/>\n\t<meta property=\"og:image:type\" content=\"image\/png\" \/>\n<meta name=\"twitter:card\" content=\"summary_large_image\" \/>\n<meta name=\"twitter:label1\" content=\"Dur\u00e9e de lecture estim\u00e9e\" \/>\n\t<meta name=\"twitter:data1\" content=\"1 minute\" \/>\n<script type=\"application\/ld+json\" class=\"yoast-schema-graph\">{\"@context\":\"https:\/\/schema.org\",\"@graph\":[{\"@type\":\"WebPage\",\"@id\":\"https:\/\/crfmv.com\/fr\/event\/cours-prenataux-prenetal-courses\/\",\"url\":\"https:\/\/crfmv.com\/fr\/event\/cours-prenataux-prenetal-courses\/\",\"name\":\"Cours pr\u00e9nataux - Prenetal courses - CRFM Valcartier\",\"isPartOf\":{\"@id\":\"https:\/\/crfmv.com\/fr\/#website\"},\"datePublished\":\"2022-10-12T18:08:23+00:00\",\"breadcrumb\":{\"@id\":\"https:\/\/crfmv.com\/fr\/event\/cours-prenataux-prenetal-courses\/#breadcrumb\"},\"inLanguage\":\"fr-FR\",\"potentialAction\":[{\"@type\":\"ReadAction\",\"target\":[\"https:\/\/crfmv.com\/fr\/event\/cours-prenataux-prenetal-courses\/\"]}]},{\"@type\":\"BreadcrumbList\",\"@id\":\"https:\/\/crfmv.com\/fr\/event\/cours-prenataux-prenetal-courses\/#breadcrumb\",\"itemListElement\":[{\"@type\":\"ListItem\",\"position\":1,\"name\":\"Accueil\",\"item\":\"https:\/\/crfmv.com\/fr\/\"},{\"@type\":\"ListItem\",\"position\":2,\"name\":\"\u00c9v\u00e8nements\",\"item\":\"https:\/\/crfmv.com\/fr\/calendrier\/\"},{\"@type\":\"ListItem\",\"position\":3,\"name\":\"Cours pr\u00e9nataux &#8211; Prenetal courses\"}]},{\"@type\":\"WebSite\",\"@id\":\"https:\/\/crfmv.com\/fr\/#website\",\"url\":\"https:\/\/crfmv.com\/fr\/\",\"name\":\"CRFM Valcartier\",\"description\":\"Centre de ressources pour les familles militaires Valcartier\",\"publisher\":{\"@id\":\"https:\/\/crfmv.com\/fr\/#organization\"},\"potentialAction\":[{\"@type\":\"SearchAction\",\"target\":{\"@type\":\"EntryPoint\",\"urlTemplate\":\"https:\/\/crfmv.com\/fr\/?s={search_term_string}\"},\"query-input\":{\"@type\":\"PropertyValueSpecification\",\"valueRequired\":true,\"valueName\":\"search_term_string\"}}],\"inLanguage\":\"fr-FR\"},{\"@type\":\"Organization\",\"@id\":\"https:\/\/crfmv.com\/fr\/#organization\",\"name\":\"Centre de la Famille Valcartier\",\"url\":\"https:\/\/crfmv.com\/fr\/\",\"logo\":{\"@type\":\"ImageObject\",\"inLanguage\":\"fr-FR\",\"@id\":\"https:\/\/crfmv.com\/fr\/#\/schema\/logo\/image\/\",\"url\":\"https:\/\/crfmv.com\/wp-content\/uploads\/2019\/08\/logo-CFV-2010-01.png\",\"contentUrl\":\"https:\/\/crfmv.com\/wp-content\/uploads\/2019\/08\/logo-CFV-2010-01.png\",\"width\":376,\"height\":376,\"caption\":\"Centre de la Famille Valcartier\"},\"image\":{\"@id\":\"https:\/\/crfmv.com\/fr\/#\/schema\/logo\/image\/\"},\"sameAs\":[\"https:\/\/www.facebook.com\/CFvalcartier\",\"https:\/\/www.instagram.com\/agent_info_cfv\",\"https:\/\/www.linkedin.com\/company\/centre-de-la-famille-valcartier\/\",\"https:\/\/www.pinterest.ca\/agenteliaisoncf\/pins\/\",\"https:\/\/www.youtube.com\/channel\/UCdLAsxyb6wN-q7bDaZYzuZw?view_as=subscriber\"]}]}<\/script>\n<!-- \/ Yoast SEO plugin. -->","yoast_head_json":{"title":"Cours pr\u00e9nataux - Prenetal courses - CRFM Valcartier","robots":{"index":"index","follow":"follow","max-snippet":"max-snippet:-1","max-image-preview":"max-image-preview:large","max-video-preview":"max-video-preview:-1"},"canonical":"https:\/\/crfmv.com\/fr\/event\/cours-prenataux-prenetal-courses\/","og_locale":"fr_FR","og_type":"article","og_title":"Cours pr\u00e9nataux - Prenetal courses - CRFM Valcartier","og_description":"COURS PR\u00c9NATAUX (english will follow) Le CRFMV vous pr\u00e9sente une s\u00e9rie de 2 cours pr\u00e9nataux sp\u00e9cialement con\u00e7us pour accompagner les futurs parents \u00e0 travers leurs questionnements sur la grossesse et [&hellip;]","og_url":"https:\/\/crfmv.com\/fr\/event\/cours-prenataux-prenetal-courses\/","og_site_name":"CRFM Valcartier","article_publisher":"https:\/\/www.facebook.com\/CFvalcartier","og_image":[{"width":1200,"height":630,"url":"https:\/\/crfmv.com\/wp-content\/uploads\/2022\/10\/cour_prenataux.png","type":"image\/png"}],"twitter_card":"summary_large_image","twitter_misc":{"Dur\u00e9e de lecture estim\u00e9e":"1 minute"},"schema":{"@context":"https:\/\/schema.org","@graph":[{"@type":"WebPage","@id":"https:\/\/crfmv.com\/fr\/event\/cours-prenataux-prenetal-courses\/","url":"https:\/\/crfmv.com\/fr\/event\/cours-prenataux-prenetal-courses\/","name":"Cours pr\u00e9nataux - Prenetal courses - CRFM Valcartier","isPartOf":{"@id":"https:\/\/crfmv.com\/fr\/#website"},"datePublished":"2022-10-12T18:08:23+00:00","breadcrumb":{"@id":"https:\/\/crfmv.com\/fr\/event\/cours-prenataux-prenetal-courses\/#breadcrumb"},"inLanguage":"fr-FR","potentialAction":[{"@type":"ReadAction","target":["https:\/\/crfmv.com\/fr\/event\/cours-prenataux-prenetal-courses\/"]}]},{"@type":"BreadcrumbList","@id":"https:\/\/crfmv.com\/fr\/event\/cours-prenataux-prenetal-courses\/#breadcrumb","itemListElement":[{"@type":"ListItem","position":1,"name":"Accueil","item":"https:\/\/crfmv.com\/fr\/"},{"@type":"ListItem","position":2,"name":"\u00c9v\u00e8nements","item":"https:\/\/crfmv.com\/fr\/calendrier\/"},{"@type":"ListItem","position":3,"name":"Cours pr\u00e9nataux &#8211; Prenetal courses"}]},{"@type":"WebSite","@id":"https:\/\/crfmv.com\/fr\/#website","url":"https:\/\/crfmv.com\/fr\/","name":"CRFM Valcartier","description":"Centre de ressources pour les familles militaires Valcartier","publisher":{"@id":"https:\/\/crfmv.com\/fr\/#organization"},"potentialAction":[{"@type":"SearchAction","target":{"@type":"EntryPoint","urlTemplate":"https:\/\/crfmv.com\/fr\/?s={search_term_string}"},"query-input":{"@type":"PropertyValueSpecification","valueRequired":true,"valueName":"search_term_string"}}],"inLanguage":"fr-FR"},{"@type":"Organization","@id":"https:\/\/crfmv.com\/fr\/#organization","name":"Centre de la Famille Valcartier","url":"https:\/\/crfmv.com\/fr\/","logo":{"@type":"ImageObject","inLanguage":"fr-FR","@id":"https:\/\/crfmv.com\/fr\/#\/schema\/logo\/image\/","url":"https:\/\/crfmv.com\/wp-content\/uploads\/2019\/08\/logo-CFV-2010-01.png","contentUrl":"https:\/\/crfmv.com\/wp-content\/uploads\/2019\/08\/logo-CFV-2010-01.png","width":376,"height":376,"caption":"Centre de la Famille Valcartier"},"image":{"@id":"https:\/\/crfmv.com\/fr\/#\/schema\/logo\/image\/"},"sameAs":["https:\/\/www.facebook.com\/CFvalcartier","https:\/\/www.instagram.com\/agent_info_cfv","https:\/\/www.linkedin.com\/company\/centre-de-la-famille-valcartier\/","https:\/\/www.pinterest.ca\/agenteliaisoncf\/pins\/","https:\/\/www.youtube.com\/channel\/UCdLAsxyb6wN-q7bDaZYzuZw?view_as=subscriber"]}]}},"ticketed":false,"_links":{"self":[{"href":"https:\/\/crfmv.com\/fr\/wp-json\/wp\/v2\/tribe_events\/8733","targetHints":{"allow":["GET"]}}],"collection":[{"href":"https:\/\/crfmv.com\/fr\/wp-json\/wp\/v2\/tribe_events"}],"about":[{"href":"https:\/\/crfmv.com\/fr\/wp-json\/wp\/v2\/types\/tribe_events"}],"author":[{"embeddable":true,"href":"https:\/\/crfmv.com\/fr\/wp-json\/wp\/v2\/users\/48"}],"version-history":[{"count":1,"href":"https:\/\/crfmv.com\/fr\/wp-json\/wp\/v2\/tribe_events\/8733\/revisions"}],"predecessor-version":[{"id":8734,"href":"https:\/\/crfmv.com\/fr\/wp-json\/wp\/v2\/tribe_events\/8733\/revisions\/8734"}],"wp:attachment":[{"href":"https:\/\/crfmv.com\/fr\/wp-json\/wp\/v2\/media?parent=8733"}],"wp:term":[{"taxonomy":"post_tag","embeddable":true,"href":"https:\/\/crfmv.com\/fr\/wp-json\/wp\/v2\/tags?post=8733"},{"taxonomy":"tribe_events_cat","embeddable":true,"href":"https:\/\/crfmv.com\/fr\/wp-json\/wp\/v2\/tribe_events_cat?post=8733"}],"curies":[{"name":"wp","href":"https:\/\/api.w.org\/{rel}","templated":true}]}}

Cours prénataux &#8211; Prenetal courses

<p>COURS PRÉNATAUX<em> (english will follow) </em></p>
<p>Le CRFMV vous présente une série de 2 cours prénataux spécialement conçus pour accompagner les futurs parents à travers leurs questionnements sur la grossesse et les premières semaines avec bébé. Chacune des rencontres sera coanimée par une infirmière clinicienne et d’un intervenant à l’enfance du CRFMV et aura comme objectif d’intégrer les différents défis reliés à la réalité militaire.</p>
<p>Quand? 5 et 6 novembre de 9 h à 14 h 30, au Centre communautaire.</p>
<p><strong>INSCRIPTION 50$ par couple.</strong></p>
<p>INSCRIPTION ET INFORMATION<br />
Mathieu Bouchard<br />
<a href="mailto:mathieu.bouchard@crfmv.com">mathieu.bouchard@crfmv.com</a><br />
418-844-6060</p>
<p>________________________________________________________________________________________________________________________</p>
<p>PRENATAL COURSES</p>
<p>The VMFRC is presenting a series of 2 prenatal courses, specially designed to accompany future parents with their questions about pregnancy and the first weeks with their baby. Each session will be co-presented by a nurse and a childhood counsellor from the VMFRC, and will aim to integrate the various challenges related to military reality.</p>
<p>When? November 5 and 6, from 9h00 am to 2h30 pm, at the VMFRC.</p>
<p><strong>REGISTRATION 50$ per couple.</strong></p>
<p>REGISTRATION AND INFORMATION<br />
Mathieu Bouchard<br />
<a href="mailto:mathieu.bouchard@crfmv.com">mathieu.bouchard@crfmv.com</a><br />
418-844-6060</p>

<p>COURS PRÉNATAUX (english will follow) Le CRFMV vous présente une série de 2 cours prénataux spécialement conçus pour accompagner les futurs parents à travers leurs questionnements sur la grossesse et [&hellip;]</p>

<!-- This site is optimized with the Yoast SEO plugin v26.8 - https://yoast.com/product/yoast-seo-wordpress/ -->
<title>Cours prénataux - Prenetal courses - CRFM Valcartier</title>
<meta name="robots" content="index, follow, max-snippet:-1, max-image-preview:large, max-video-preview:-1" />
<link rel="canonical" href="https://crfmv.com/fr/event/cours-prenataux-prenetal-courses/" />
<meta property="og:locale" content="fr_FR" />
<meta property="og:type" content="article" />
<meta property="og:title" content="Cours prénataux - Prenetal courses - CRFM Valcartier" />
<meta property="og:description" content="COURS PRÉNATAUX (english will follow) Le CRFMV vous présente une série de 2 cours prénataux spécialement conçus pour accompagner les futurs parents à travers leurs questionnements sur la grossesse et [&hellip;]" />
<meta property="og:url" content="https://crfmv.com/fr/event/cours-prenataux-prenetal-courses/" />
<meta property="og:site_name" content="CRFM Valcartier" />
<meta property="article:publisher" content="https://www.facebook.com/CFvalcartier" />
<meta property="og:image" content="https://crfmv.com/wp-content/uploads/2022/10/cour_prenataux.png" />
	<meta property="og:image:width" content="1200" />
	<meta property="og:image:height" content="630" />
	<meta property="og:image:type" content="image/png" />
<meta name="twitter:card" content="summary_large_image" />
<meta name="twitter:label1" content="Durée de lecture estimée" />
	<meta name="twitter:data1" content="1 minute" />
<script type="application/ld+json" class="yoast-schema-graph">{"@context":"https://schema.org","@graph":[{"@type":"WebPage","@id":"https://crfmv.com/fr/event/cours-prenataux-prenetal-courses/","url":"https://crfmv.com/fr/event/cours-prenataux-prenetal-courses/","name":"Cours prénataux - Prenetal courses - CRFM Valcartier","isPartOf":{"@id":"https://crfmv.com/fr/#website"},"datePublished":"2022-10-12T18:08:23+00:00","breadcrumb":{"@id":"https://crfmv.com/fr/event/cours-prenataux-prenetal-courses/#breadcrumb"},"inLanguage":"fr-FR","potentialAction":[{"@type":"ReadAction","target":["https://crfmv.com/fr/event/cours-prenataux-prenetal-courses/"]}]},{"@type":"BreadcrumbList","@id":"https://crfmv.com/fr/event/cours-prenataux-prenetal-courses/#breadcrumb","itemListElement":[{"@type":"ListItem","position":1,"name":"Accueil","item":"https://crfmv.com/fr/"},{"@type":"ListItem","position":2,"name":"Évènements","item":"https://crfmv.com/fr/calendrier/"},{"@type":"ListItem","position":3,"name":"Cours prénataux &#8211; Prenetal courses"}]},{"@type":"WebSite","@id":"https://crfmv.com/fr/#website","url":"https://crfmv.com/fr/","name":"CRFM Valcartier","description":"Centre de ressources pour les familles militaires Valcartier","publisher":{"@id":"https://crfmv.com/fr/#organization"},"potentialAction":[{"@type":"SearchAction","target":{"@type":"EntryPoint","urlTemplate":"https://crfmv.com/fr/?s={search_term_string}"},"query-input":{"@type":"PropertyValueSpecification","valueRequired":true,"valueName":"search_term_string"}}],"inLanguage":"fr-FR"},{"@type":"Organization","@id":"https://crfmv.com/fr/#organization","name":"Centre de la Famille Valcartier","url":"https://crfmv.com/fr/","logo":{"@type":"ImageObject","inLanguage":"fr-FR","@id":"https://crfmv.com/fr/#/schema/logo/image/","url":"https://crfmv.com/wp-content/uploads/2019/08/logo-CFV-2010-01.png","contentUrl":"https://crfmv.com/wp-content/uploads/2019/08/logo-CFV-2010-01.png","width":376,"height":376,"caption":"Centre de la Famille Valcartier"},"image":{"@id":"https://crfmv.com/fr/#/schema/logo/image/"},"sameAs":["https://www.facebook.com/CFvalcartier","https://www.instagram.com/agent_info_cfv","https://www.linkedin.com/company/centre-de-la-famille-valcartier/","https://www.pinterest.ca/agenteliaisoncf/pins/","https://www.youtube.com/channel/UCdLAsxyb6wN-q7bDaZYzuZw?view_as=subscriber"]}]}</script>
<!-- / Yoast SEO plugin. -->

Cours prénataux - Prenetal courses - CRFM Valcartier

COURS PRÉNATAUX (english will follow) Le CRFMV vous présente une série de 2 cours prénataux spécialement conçus pour accompagner les futurs parents à travers leurs questionnements sur la grossesse et [&hellip;]

Évènements
